000
CXUS54 KTSA 011556
CLMFSM

CLIMATE REPORT
NATIONAL WEATHER SERVICE TULSA OK
1055 AM CDT WED JUN 1 2016

...................................

...THE FORT SMITH ARKANSAS CLIMATE SUMMARY FOR THE MONTH OF MAY 2016...

CLIMATE NORMAL PERIOD 1981 TO 2010
CLIMATE RECORD PERIOD 1882 TO 2016

WEATHER         OBSERVED          NORMAL  DEPART  LAST YEAR`S
                 VALUE   DATE(S)  VALUE   FROM    VALUE  DATE(S)
                                          NORMAL
................................................................
TEMPERATURE (F)
RECORD
 HIGH              99   05/31/1934
 LOW               34   05/01/1903
HIGHEST            90   05/11        99      -9       88
LOWEST             44   05/03        34      10       49
AVG. MAXIMUM     78.5              80.5    -2.0     78.7
AVG. MINIMUM     58.1              59.2    -1.1     61.0
MEAN             68.3              69.9    -1.6     69.8
DAYS MAX >= 90      1
DAYS MAX <= 32      0
DAYS MIN <= 32      0
DAYS MIN <= 0       0

PRECIPITATION (INCHES)
RECORD
 MAXIMUM        19.85   2015
 MINIMUM         0.38   1886
TOTALS           3.70              5.47   -1.77    19.85
DAILY AVG.       0.12              0.18   -0.06     0.64
DAYS >= .01        14              10.7     3.3       18
DAYS >= .10         4               7.7    -3.7       14
DAYS >= .50         2               3.7    -1.7       11
DAYS >= 1.00        2               1.6     0.4        6
GREATEST
 24 HR. TOTAL    1.65   05/11 TO 05/12

DEGREE_DAYS
COOLING TOTAL     136               178     -42      172
 SINCE 1/1        185               244     -59      240
.................................................................

WIND (MPH)
AVERAGE WIND SPEED              6.2
HIGHEST WIND SPEED/DIRECTION    35/220    DATE  05/09
HIGHEST GUST SPEED/DIRECTION    48/220    DATE  05/09

SKY COVER
POSSIBLE SUNSHINE (PERCENT)   MM
AVERAGE SKY COVER           0.30
NUMBER OF DAYS FAIR           18
NUMBER OF DAYS PC             10
NUMBER OF DAYS CLOUDY          3

AVERAGE RH (PERCENT)     67

WEATHER CONDITIONS. NUMBER OF DAYS WITH
THUNDERSTORM              8     MIXED PRECIP               0
HEAVY RAIN                2     RAIN                       5
LIGHT RAIN               10     FREEZING RAIN              0
LT FREEZING RAIN          0     HAIL                       0
HEAVY SNOW                0     SNOW                       0
LIGHT SNOW                0     SLEET                      0
FOG                      14     FOG W/VIS <= 1/4 MILE      0
HAZE                      4

-  INDICATES NEGATIVE NUMBERS.
R  INDICATES RECORD WAS SET OR TIED.
MM INDICATES DATA IS MISSING.
T  INDICATES TRACE AMOUNT.

&&
-------------------------------------------------------------------
 YEARLY PRECIPITATION (INCHES):
 TOTAL.....................17.21
 DEPARTURE FROM NORMAL.....-1.98
$$
