000
CXUS54 KTSA 011525
CLMFSM

CLIMATE REPORT
NATIONAL WEATHER SERVICE TULSA OK
1024 AM CDT FRI MAY 1 2015

...................................

...THE FORT SMITH ARKANSAS CLIMATE SUMMARY FOR THE MONTH OF APRIL 2015...

CLIMATE NORMAL PERIOD 1981 TO 2010
CLIMATE RECORD PERIOD 1882 TO 2015

WEATHER         OBSERVED          NORMAL  DEPART  LAST YEAR`S
                 VALUE   DATE(S)  VALUE   FROM    VALUE  DATE(S)
                                          NORMAL
................................................................
TEMPERATURE (F)
RECORD
 HIGH              96   04/18/2006
 LOW               22   04/03/1975
HIGHEST            85   04/09        95     -10       88
LOWEST             39   04/04        22      17       32
AVG. MAXIMUM     73.9              73.7     0.2     74.1
AVG. MINIMUM     53.1              49.5     3.6     49.3
MEAN             63.5              61.6     1.9     61.7
DAYS MAX >= 90      0
DAYS MAX <= 32      0
DAYS MIN <= 32      0
DAYS MIN <= 0       0

PRECIPITATION (INCHES)
RECORD
 MAXIMUM        10.32   1957
 MINIMUM         0.36   1903
TOTALS           4.29              4.30   -0.01     2.94
DAILY AVG.       0.14              0.14    0.00     0.10
DAYS >= .01        12               9.1     2.9        9
DAYS >= .10         6               6.1    -0.1        7
DAYS >= .50         2               2.7    -0.7        2
DAYS >= 1.00        1               1.3    -0.3        0
GREATEST
 24 HR. TOTAL    2.52   04/13 TO 04/13
                        04/12 TO 04/13
                        04/13 TO 04/13

SNOWFALL (INCHES)
RECORDS
 TOTAL            0.7   1933
TOTALS            0.0               0.0     0.0      0.0
SINCE 7/1         6.6               4.9     1.7     10.7
SNOWDEPTH AVG.      0                MM      MM        0
DAYS >= 1.0         0               0.0     0.0        0
GREATEST
 SNOW DEPTH         0   MM                             0  MM
 24 HR TOTAL      0.0   04/30 TO 04/30

DEGREE_DAYS
HEATING TOTAL      89               156     -67      142
 SINCE 7/1       3294              3215      79     3546
COOLING TOTAL      53                54      -1       51
 SINCE 1/1         68                66       2       51
.................................................................

WIND (MPH)
AVERAGE WIND SPEED              7.8
HIGHEST WIND SPEED/DIRECTION    35/300    DATE  04/19
HIGHEST GUST SPEED/DIRECTION    41/290    DATE  04/19

SKY COVER
POSSIBLE SUNSHINE (PERCENT)   MM
AVERAGE SKY COVER           0.40
NUMBER OF DAYS FAIR           14
NUMBER OF DAYS PC             10
NUMBER OF DAYS CLOUDY          6

AVERAGE RH (PERCENT)     66

WEATHER CONDITIONS. NUMBER OF DAYS WITH
THUNDERSTORM              0     MIXED PRECIP               0
HEAVY RAIN                2     RAIN                       4
LIGHT RAIN               16     FREEZING RAIN              0
LT FREEZING RAIN          0     HAIL                       0
HEAVY SNOW                0     SNOW                       0
LIGHT SNOW                0     SLEET                      0
FOG                      11     FOG W/VIS <= 1/4 MILE      2
HAZE                      3

-  INDICATES NEGATIVE NUMBERS.
R  INDICATES RECORD WAS SET OR TIED.
MM INDICATES DATA IS MISSING.
T  INDICATES TRACE AMOUNT.

&&
-------------------------------------------------------------------
 YEARLY PRECIPITATION (INCHES):
 TOTAL.....................13.40
 DEPARTURE FROM NORMAL.....-0.32
$$
