000
CXUS54 KTSA 011623
CLMFSM

CLIMATE REPORT...CORRECTION
NATIONAL WEATHER SERVICE TULSA OK
1023 AM CST MON DEC 1 2014

...................................

...THE FORT SMITH ARKANSAS CLIMATE SUMMARY FOR THE MONTH OF NOVEMBER 2014...

CLIMATE NORMAL PERIOD 1981 TO 2010
CLIMATE RECORD PERIOD 1882 TO 2014

WEATHER         OBSERVED          NORMAL  DEPART  LAST YEAR`S
                 VALUE   DATE(S)  VALUE   FROM    VALUE  DATE(S)
                                          NORMAL
................................................................
TEMPERATURE (F)
RECORD
 HIGH              86   11/09/2006
                        11/01/2003
                        11/03/2003
                        11/13/1955
                        11/08/1915
                        11/01/1882
 LOW                8   11/29/1976
HIGHEST            79   11/30        56      23       82
LOWEST             18   11/18        39      21       21
AVG. MAXIMUM     58.5              62.8    -4.3     60.7
AVG. MINIMUM     34.8              40.3    -5.5     38.8
MEAN             46.6              51.6    -5.0     49.7
DAYS MAX >= 90      0
DAYS MAX <= 32      0
DAYS MIN <= 32     16
DAYS MIN <= 0       0

PRECIPITATION (INCHES)
RECORD
 MAXIMUM        14.01   1946
 MINIMUM         0.26   1904
TOTALS           1.58              4.44   -2.86     2.40
DAILY AVG.       0.05              0.15   -0.10     0.08
DAYS >= .01         3               7.5    -4.5        7
DAYS >= .10         2               5.7    -3.7        5
DAYS >= .50         2               3.2    -1.2        2
DAYS >= 1.00        0               1.5    -1.5        0
GREATEST
 24 HR. TOTAL    0.97   11/22 TO 11/22
                        11/21 TO 11/22
                        11/22 TO 11/22

SNOWFALL (INCHES)
RECORDS
 TOTAL            4.7   1976
TOTALS              T                 T     0.0        T
SINCE 7/1           T                 T     0.0        T
SNOWDEPTH AVG.      0                MM      MM        0
DAYS >= 1.0         0               0.0     0.0        0
GREATEST
 SNOW DEPTH         0   MM                             0  MM
 24 HR TOTAL        T   11/16 TO 11/16

DEGREE_DAYS
HEATING TOTAL     544               411     133      455
 SINCE 7/1        619               565      54      590
.................................................................

WIND (MPH)
AVERAGE WIND SPEED              8.0
HIGHEST WIND SPEED/DIRECTION    31/250    DATE  11/23
HIGHEST GUST SPEED/DIRECTION    39/280    DATE  11/23

SKY COVER
POSSIBLE SUNSHINE (PERCENT)   MM
AVERAGE SKY COVER           0.30
NUMBER OF DAYS FAIR           18
NUMBER OF DAYS PC              7
NUMBER OF DAYS CLOUDY          5

AVERAGE RH (PERCENT)     61

WEATHER CONDITIONS. NUMBER OF DAYS WITH
THUNDERSTORM              0     MIXED PRECIP               0
HEAVY RAIN                1     RAIN                       2
LIGHT RAIN                4     FREEZING RAIN              0
LT FREEZING RAIN          0     HAIL                       0
HEAVY SNOW                0     SNOW                       0
LIGHT SNOW                1     SLEET                      0
FOG                       9     FOG W/VIS <= 1/4 MILE      3
HAZE                      7

-  INDICATES NEGATIVE NUMBERS.
R  INDICATES RECORD WAS SET OR TIED.
MM INDICATES DATA IS MISSING.
T  INDICATES TRACE AMOUNT.

&&
-------------------------------------------------------------------
 YEARLY PRECIPITATION (INCHES):
 TOTAL.....................39.83
 DEPARTURE FROM NORMAL.....-2.34
$$
