000
CXUS54 KTSA 011242
CLMFSM

CLIMATE REPORT
NATIONAL WEATHER SERVICE TULSA OK
547 AM CDT TUE APR 1 2014

...................................

...THE FORT SMITH ARKANSAS CLIMATE SUMMARY FOR THE MONTH OF MARCH 2014...

CLIMATE NORMAL PERIOD 1981 TO 2010
CLIMATE RECORD PERIOD 1882 TO 2014

WEATHER         OBSERVED          NORMAL  DEPART  LAST YEAR`S
                 VALUE   DATE(S)  VALUE   FROM    VALUE  DATE(S)
                                          NORMAL
................................................................
TEMPERATURE (F)
RECORD
 HIGH              94   03/31/1974
 LOW                7   03/11/1948
HIGHEST            81   03/11        94     -13       83
LOWEST             12   03/03         7       5       27
AVG. MAXIMUM     63.0              64.7    -1.7     60.7
AVG. MINIMUM     37.2              41.1    -3.9     38.7
MEAN             50.1              52.9    -2.8     49.7
DAYS MAX >= 90      0
DAYS MAX <= 32      1
DAYS MIN <= 32      9
DAYS MIN <= 0       0

PRECIPITATION (INCHES)
RECORD
 MAXIMUM        13.03   1945
 MINIMUM         0.50   2007
TOTALS           3.85              3.85    0.00     3.42
DAILY AVG.       0.12              0.12    0.00     0.11
DAYS >= .01        12               9.7     2.3       12
DAYS >= .10         6               6.1    -0.1        7
DAYS >= .50         3               2.7     0.3        3
DAYS >= 1.00        2               0.8     1.2        1
GREATEST
 24 HR. TOTAL    1.21   03/15 TO 03/15

SNOWFALL (INCHES)
RECORDS
 TOTAL            7.5   2010
TOTALS            0.5               0.6    -0.1      0.0
SINCE 7/1        10.7               4.9     5.8      8.0
SNOWDEPTH AVG.      0                MM      MM        0
DAYS >= 1.0         0               0.2    -0.2        0
GREATEST
 SNOW DEPTH         T   03/03                          0  MM
 24 HR TOTAL      0.5   03/02 TO 03/02

DEGREE_DAYS
HEATING TOTAL     452               386      66      469
 SINCE 7/1       3397              3059     338     2792
COOLING TOTAL       0                11     -11        2
 SINCE 1/1          0                12     -12        3
.................................................................

WIND (MPH)
AVERAGE WIND SPEED              7.5
HIGHEST WIND SPEED/DIRECTION    29/300    DATE  03/18
HIGHEST GUST SPEED/DIRECTION    39/310    DATE  03/11

SKY COVER
POSSIBLE SUNSHINE (PERCENT)   MM
AVERAGE SKY COVER           0.40
NUMBER OF DAYS FAIR           17
NUMBER OF DAYS PC              9
NUMBER OF DAYS CLOUDY          5

AVERAGE RH (PERCENT)     63

WEATHER CONDITIONS. NUMBER OF DAYS WITH
THUNDERSTORM              4     MIXED PRECIP               0
HEAVY RAIN                4     RAIN                       5
LIGHT RAIN                9     FREEZING RAIN              1
LT FREEZING RAIN          1     HAIL                       0
HEAVY SNOW                0     SNOW                       0
LIGHT SNOW                2     SLEET                      1
FOG                      17     FOG W/VIS <= 1/4 MILE      1
HAZE                     12

-  INDICATES NEGATIVE NUMBERS.
R  INDICATES RECORD WAS SET OR TIED.
MM INDICATES DATA IS MISSING.
T  INDICATES TRACE AMOUNT.

&&
-------------------------------------------------------------------
 YEARLY PRECIPITATION (INCHES):
 TOTAL..................... 5.62
 DEPARTURE FROM NORMAL.....-3.80
$$
