000
CXUS54 KTSA 011811
CLMFSM

CLIMATE REPORT
NATIONAL WEATHER SERVICE TULSA OK
547 AM CDT SUN MAY 1 2016

...................................

...THE FORT SMITH ARKANSAS CLIMATE SUMMARY FOR THE MONTH OF APRIL 2016...

CLIMATE NORMAL PERIOD 1981 TO 2010
CLIMATE RECORD PERIOD 1882 TO 2016

WEATHER         OBSERVED          NORMAL  DEPART  LAST YEAR`S
                 VALUE   DATE(S)  VALUE   FROM    VALUE  DATE(S)
                                          NORMAL
................................................................
TEMPERATURE (F)
RECORD
 HIGH              96   04/18/2006
 LOW               22   04/03/1975
HIGHEST            86   04/26        95      -9       85
LOWEST             34   04/02        22      12       39
AVG. MAXIMUM     75.5              73.7     1.8     73.9
AVG. MINIMUM     52.2              49.5     2.7     53.1
MEAN             63.8              61.6     2.2     63.5
DAYS MAX >= 90      0
DAYS MAX <= 32      0
DAYS MIN <= 32      0
DAYS MIN <= 0       0

PRECIPITATION (INCHES)
RECORD
 MAXIMUM        10.32   1957
 MINIMUM         0.36   1903
TOTALS           6.05              4.30    1.75     4.29
DAILY AVG.       0.20              0.14    0.06     0.14
DAYS >= .01         8               9.1    -1.1       12
DAYS >= .10         7               6.1     0.9        6
DAYS >= .50         4               2.7     1.3        2
DAYS >= 1.00        2               1.3     0.7        1
GREATEST
 24 HR. TOTAL    3.01   04/29 TO 04/29
                        04/29 TO 04/30

SNOWFALL (INCHES)
RECORDS
 TOTAL            0.7   1933
TOTALS            0.0               0.0     0.0      0.0
SINCE 7/1           T               4.9    -4.9      6.6
SNOWDEPTH AVG.      0                MM      MM        0
DAYS >= 1.0         0               0.0     0.0        0
GREATEST
 SNOW DEPTH         0   MM                             0  MM
 24 HR TOTAL      0.0   04/30 TO 04/30

DEGREE_DAYS
HEATING TOTAL      71               156     -85       89
 SINCE 7/1       2408              3215    -807     3294
COOLING TOTAL      42                54     -12       53
 SINCE 1/1         49                66     -17       68
.................................................................

WIND (MPH)
AVERAGE WIND SPEED              7.5
HIGHEST WIND SPEED/DIRECTION    33/270    DATE  04/26
HIGHEST GUST SPEED/DIRECTION    42/270    DATE  04/26

SKY COVER
POSSIBLE SUNSHINE (PERCENT)   MM
AVERAGE SKY COVER           0.40
NUMBER OF DAYS FAIR           16
NUMBER OF DAYS PC             11
NUMBER OF DAYS CLOUDY          3

AVERAGE RH (PERCENT)     60

WEATHER CONDITIONS. NUMBER OF DAYS WITH
THUNDERSTORM              5     MIXED PRECIP               0
HEAVY RAIN                5     RAIN                       5
LIGHT RAIN               15     FREEZING RAIN              0
LT FREEZING RAIN          0     HAIL                       0
HEAVY SNOW                0     SNOW                       0
LIGHT SNOW                0     SLEET                      0
FOG                       8     FOG W/VIS <= 1/4 MILE      1
HAZE                      3

-  INDICATES NEGATIVE NUMBERS.
R  INDICATES RECORD WAS SET OR TIED.
MM INDICATES DATA IS MISSING.
T  INDICATES TRACE AMOUNT.

&&
-------------------------------------------------------------------
 YEARLY PRECIPITATION (INCHES):
 TOTAL.....................13.51
 DEPARTURE FROM NORMAL.....-0.21
$$
