000
CXUS54 KTSA 011604
CLMFSM

CLIMATE REPORT
NATIONAL WEATHER SERVICE TULSA OK
946 AM CST MON FEB 1 2016

...................................

...THE FORT SMITH ARKANSAS CLIMATE SUMMARY FOR THE MONTH OF JANUARY 2016...

CLIMATE NORMAL PERIOD 1981 TO 2010
CLIMATE RECORD PERIOD 1882 TO 2016

WEATHER         OBSERVED          NORMAL  DEPART  LAST YEAR`S
                 VALUE   DATE(S)  VALUE   FROM    VALUE  DATE(S)
                                          NORMAL
................................................................
TEMPERATURE (F)
RECORD
 HIGH              81   01/19/1952
 LOW              -11   01/12/1918
HIGHEST            76   01/30        48      28       73
LOWEST             17   01/11        27     -10        9
AVG. MAXIMUM     51.3              49.9     1.4     50.9
AVG. MINIMUM     29.5              29.0     0.5     28.6
MEAN             40.4              39.4     1.0     39.8
DAYS MAX >= 90      0
DAYS MAX <= 32      1
DAYS MIN <= 32     24
DAYS MIN <= 0       0

PRECIPITATION (INCHES)
RECORD
 MAXIMUM        11.33   1949
 MINIMUM         0.20   1986
TOTALS           0.39              2.81   -2.42     2.22
DAILY AVG.       0.01              0.09   -0.08     0.07
DAYS >= .01         4               7.5    -3.5        6
DAYS >= .10         1               4.6    -3.6        5
DAYS >= .50         0               1.6    -1.6        1
DAYS >= 1.00        0               0.7    -0.7        0
GREATEST
 24 HR. TOTAL    0.35   01/07 TO 01/07
                        01/06 TO 01/07
                        01/07 TO 01/07

SNOWFALL (INCHES)
RECORDS
 TOTAL           13.6   1918
TOTALS              T               2.4    -2.4        T
SINCE 7/1           T               3.2    -3.2        T
SNOWDEPTH AVG.      0                MM      MM        0
DAYS >= 1.0         0               0.4    -0.4        0
GREATEST
 SNOW DEPTH         0   MM                             0  MM
 24 HR TOTAL        T   01/19 TO 01/19

DEGREE_DAYS
HEATING TOTAL     755               792     -37      775
 SINCE 7/1       1589              2091    -502     2053
.................................................................

WIND (MPH)
AVERAGE WIND SPEED              7.3
HIGHEST WIND SPEED/DIRECTION    28/260    DATE  01/25
HIGHEST GUST SPEED/DIRECTION    33/270    DATE  01/25

SKY COVER
POSSIBLE SUNSHINE (PERCENT)   MM
AVERAGE SKY COVER           0.30
NUMBER OF DAYS FAIR           19
NUMBER OF DAYS PC              6
NUMBER OF DAYS CLOUDY          6

AVERAGE RH (PERCENT)     60

WEATHER CONDITIONS. NUMBER OF DAYS WITH
THUNDERSTORM              0     MIXED PRECIP               0
HEAVY RAIN                1     RAIN                       1
LIGHT RAIN                6     FREEZING RAIN              0
LT FREEZING RAIN          0     HAIL                       0
HEAVY SNOW                0     SNOW                       0
LIGHT SNOW                0     SLEET                      0
FOG                       3     FOG W/VIS <= 1/4 MILE      2
HAZE                      3

-  INDICATES NEGATIVE NUMBERS.
R  INDICATES RECORD WAS SET OR TIED.
MM INDICATES DATA IS MISSING.
T  INDICATES TRACE AMOUNT.

&&
-------------------------------------------------------------------
 YEARLY PRECIPITATION (INCHES):
 TOTAL..................... 0.39
 DEPARTURE FROM NORMAL.....-2.42
$$
