000
CXUS54 KTSA 011126
CLMFSM

CLIMATE REPORT
NATIONAL WEATHER SERVICE TULSA OK
626 AM CDT WED NOV 1 2017

...................................

...THE FORT SMITH ARKANSAS CLIMATE SUMMARY FOR THE MONTH OF OCTOBER 2017...

CLIMATE NORMAL PERIOD 1981 TO 2010
CLIMATE RECORD PERIOD 1882 TO 2017

WEATHER         OBSERVED          NORMAL  DEPART  LAST YEAR`S
                 VALUE   DATE(S)  VALUE   FROM    VALUE  DATE(S)
                                          NORMAL
................................................................
TEMPERATURE (F)
RECORD
 HIGH              96   10/15/2015
                        10/11/1963
                        10/08/1963
 LOW               29   10/28/2017
HIGHEST            92   10/09        96      -4       91
LOWEST             29R  10/28        22       7       43
AVG. MAXIMUM     77.2              74.8     2.4     83.0
AVG. MINIMUM     51.7              50.7     0.9     56.5
MEAN             64.4              62.8     1.6     69.7
DAYS MAX >= 90      2
DAYS MAX <= 32      0
DAYS MIN <= 32      2
DAYS MIN <= 0       0

PRECIPITATION (INCHES)
RECORD
 MAXIMUM        12.05   1951
 MINIMUM            T   1964
TOTALS           3.29              4.32   -1.03     0.38
DAILY AVG.       0.11              0.14   -0.03     0.01
DAYS >= .01         6               8.4    -2.4        6
DAYS >= .10         4               5.7    -1.7        1
DAYS >= .50         3               2.7     0.3        0
DAYS >= 1.00        1               1.4    -0.4        0
GREATEST
 24 HR. TOTAL    1.70   10/22 TO 10/22

SNOWFALL (INCHES)
RECORDS
 TOTAL              T   1993
TOTALS            0.0               0.0     0.0      0.0
SINCE 7/1         0.0               0.0     0.0      0.0
SNOWDEPTH AVG.      0                MM      MM        0
DAYS >= 1.0         0               0.0     0.0        0
GREATEST
 SNOW DEPTH         0   MM                             0  MM
 24 HR TOTAL      0.0   10/30 TO 10/30

DEGREE_DAYS
HEATING TOTAL     135               137      -2       24
 SINCE 7/1        135               154     -19       24
COOLING TOTAL     124                68      56      180
 SINCE 1/1       2228              2046     182     2414
.................................................................

WIND (MPH)
AVERAGE WIND SPEED              6.5
HIGHEST WIND SPEED/DIRECTION    46/310    DATE  10/22
HIGHEST GUST SPEED/DIRECTION    64/310    DATE  10/21

SKY COVER
POSSIBLE SUNSHINE (PERCENT)   MM
AVERAGE SKY COVER           0.20
NUMBER OF DAYS FAIR           24
NUMBER OF DAYS PC              5
NUMBER OF DAYS CLOUDY          2

AVERAGE RH (PERCENT)     66

WEATHER CONDITIONS. NUMBER OF DAYS WITH
THUNDERSTORM              3     MIXED PRECIP               0
HEAVY RAIN                4     RAIN                       4
LIGHT RAIN                9     FREEZING RAIN              0
LT FREEZING RAIN          0     HAIL                       0
HEAVY SNOW                0     SNOW                       0
LIGHT SNOW                0     SLEET                      0
FOG                      10     FOG W/VIS <= 1/4 MILE      1
HAZE                      5

-  INDICATES NEGATIVE NUMBERS.
R  INDICATES RECORD WAS SET OR TIED.
MM INDICATES DATA IS MISSING.
T  INDICATES TRACE AMOUNT.

&&
-------------------------------------------------------------------
 YEARLY PRECIPITATION (INCHES):
 TOTAL.....................45.40
 DEPARTURE FROM NORMAL.....+7.67
$$
