000
CXUS54 KTSA 011230
CLMFSM

CLIMATE REPORT
NATIONAL WEATHER SERVICE TULSA OK
630 AM CST WED MAR 1 2017

...................................

...THE FORT SMITH ARKANSAS CLIMATE SUMMARY FOR THE MONTH OF FEBRUARY 2017...

CLIMATE NORMAL PERIOD 1981 TO 2010
CLIMATE RECORD PERIOD 1882 TO 2017

WEATHER         OBSERVED          NORMAL  DEPART  LAST YEAR`S
                 VALUE   DATE(S)  VALUE   FROM    VALUE  DATE(S)
                                          NORMAL
................................................................
TEMPERATURE (F)
RECORD
 HIGH              88   02/23/2017
 LOW              -15   02/12/1899
HIGHEST            88R  02/23        87       1       78
LOWEST             27   02/09       -15      42       22
AVG. MAXIMUM     67.0              55.4    11.6     60.9
AVG. MINIMUM     41.5              33.1     8.4     35.3
MEAN             54.3              44.2    10.0     48.1
DAYS MAX >= 90      0
DAYS MAX <= 32      0
DAYS MIN <= 32      7
DAYS MIN <= 0       0

PRECIPITATION (INCHES)
RECORD
 MAXIMUM        10.72   1884
 MINIMUM         0.14   1947
TOTALS           2.48              2.76   -0.28     1.76
DAILY AVG.       0.09              0.10   -0.01     0.06
DAYS >= .01         5               7.8    -2.8        2
DAYS >= .10         3               4.4    -1.4        1
DAYS >= .50         1               1.8    -0.8        1
DAYS >= 1.00        1               0.8     0.2        1
GREATEST
 24 HR. TOTAL    1.92   02/13 TO 02/14
                        02/14 TO 02/14

SNOWFALL (INCHES)
RECORDS
 TOTAL           18.3   1921
TOTALS            0.0               1.1    -1.1      0.0
SINCE 7/1         2.0               4.3    -2.3        T
SNOWDEPTH AVG.      0                MM      MM        0
DAYS >= 1.0         0               0.3    -0.3        0
GREATEST
 SNOW DEPTH         0   MM                             0  MM
 24 HR TOTAL      0.0   02/28 TO 02/28

DEGREE_DAYS
HEATING TOTAL     309               582    -273      480
 SINCE 7/1       1909              2673    -764     2069
.................................................................

WIND (MPH)
AVERAGE WIND SPEED              7.9
HIGHEST WIND SPEED/DIRECTION    29/040    DATE  02/12
HIGHEST GUST SPEED/DIRECTION    40/220    DATE  02/28

SKY COVER
POSSIBLE SUNSHINE (PERCENT)   MM
AVERAGE SKY COVER           0.40
NUMBER OF DAYS FAIR           15
NUMBER OF DAYS PC              8
NUMBER OF DAYS CLOUDY          5

AVERAGE RH (PERCENT)     59

WEATHER CONDITIONS. NUMBER OF DAYS WITH
THUNDERSTORM              0     MIXED PRECIP               0
HEAVY RAIN                1     RAIN                       2
LIGHT RAIN                6     FREEZING RAIN              0
LT FREEZING RAIN          0     HAIL                       0
HEAVY SNOW                0     SNOW                       0
LIGHT SNOW                0     SLEET                      0
FOG                       9     FOG W/VIS <= 1/4 MILE      1
HAZE                      5

-  INDICATES NEGATIVE NUMBERS.
R  INDICATES RECORD WAS SET OR TIED.
MM INDICATES DATA IS MISSING.
T  INDICATES TRACE AMOUNT.

&&
-------------------------------------------------------------------
 YEARLY PRECIPITATION (INCHES):
 TOTAL..................... 4.82
 DEPARTURE FROM NORMAL.....-0.75
$$
