000
CDUS44 KTSA 290802
CLIFYV

CLIMATE REPORT
NATIONAL WEATHER SERVICE TULSA OK
147 AM CDT SUN MAR 29 2015


...................................

...THE FAYETTEVILLE ARKANSAS CLIMATE SUMMARY FOR MARCH 28 2015...

CLIMATE NORMAL PERIOD 1981 TO 2010
CLIMATE RECORD PERIOD 1905 TO 2015


WEATHER ITEM   OBSERVED TIME   RECORD YEAR NORMAL DEPARTURE LAST
                VALUE   (LST)  VALUE       VALUE  FROM      YEAR
                                                  NORMAL
..................................................................
TEMPERATURE (F)
 YESTERDAY
  MAXIMUM         60    335 PM  86    1963  64     -4       57
  MINIMUM         38    233 AM  26    1958  39     -1       36
                                      1955
  AVERAGE         49                        52     -3       47

PRECIPITATION (IN)
  YESTERDAY        0.03                      0.14  -0.11     0.91
  MONTH TO DATE    4.63                      3.51   1.12     5.51
  SINCE MAR 1      4.63                      3.51   1.12     5.51
  SINCE JAN 1      7.69                      9.16  -1.47     7.99

SNOWFALL (IN)
  YESTERDAY        0.0                                       0.0
  MONTH TO DATE    2.6                                       3.8
  SINCE MAR 1      2.6                                       3.8
  SINCE JUL 1      7.9                                      17.9

DEGREE DAYS
 HEATING
  YESTERDAY       16                        14      2       18
  MONTH TO DATE  503                       487     16      615
  SINCE MAR 1    503                       487     16      615
  SINCE JUL 1   3989                      3790    199     4335

 COOLING
  YESTERDAY        0                         0      0        0
  MONTH TO DATE    0                         0      0        0
  SINCE MAR 1      0                         0      0        0
  SINCE JAN 1      0                         0      0        0
..................................................................


WIND (MPH)
  HIGHEST WIND SPEED    16   HIGHEST WIND DIRECTION     S (200)
  HIGHEST GUST SPEED    33   HIGHEST GUST DIRECTION     S (200)
  AVERAGE WIND SPEED     5.2


SKY COVER
  POSSIBLE SUNSHINE  MM
  AVERAGE SKY COVER 0.4


WEATHER CONDITIONS
 THE FOLLOWING WEATHER WAS RECORDED YESTERDAY.
  LIGHT RAIN


RELATIVE HUMIDITY (PERCENT)
 HIGHEST    92           800 AM
 LOWEST     51           300 PM
 AVERAGE    72

..........................................................


THE FAYETTEVILLE ARKANSAS CLIMATE NORMALS FOR TODAY
                         NORMAL    RECORD    YEAR
 MAXIMUM TEMPERATURE (F)   64        84      1967
 MINIMUM TEMPERATURE (F)   40        23      1955


SUNRISE AND SUNSET
MARCH 29 2015.........SUNRISE   708 AM CDT   SUNSET   736 PM CDT
MARCH 30 2015.........SUNRISE   706 AM CDT   SUNSET   737 PM CDT


-  INDICATES NEGATIVE NUMBERS.
R  INDICATES RECORD WAS SET OR TIED.
MM INDICATES DATA IS MISSING.
T  INDICATES TRACE AMOUNT.




$$
