000
CDUS44 KTSA 212120
CLIFYV

CLIMATE REPORT
NATIONAL WEATHER SERVICE TULSA OK
418 PM CDT TUE OCT 21 2014


...................................

...THE FAYETTEVILLE ARKANSAS CLIMATE SUMMARY FOR OCTOBER 21 2014...
VALID TODAY AS OF 0400 PM LOCAL TIME.

CLIMATE NORMAL PERIOD 1981 TO 2010
CLIMATE RECORD PERIOD 1905 TO 2014


WEATHER ITEM   OBSERVED TIME   RECORD YEAR NORMAL DEPARTURE LAST
                VALUE   (LST)  VALUE       VALUE  FROM      YEAR
                                                  NORMAL
..................................................................
TEMPERATURE (F)
 TODAY
  MAXIMUM         76    223 PM  85    1978  69      7       53
  MINIMUM         47    741 AM  27    1952  44      3       38
  AVERAGE         62                        56      6       46

PRECIPITATION (IN)
  TODAY            0.00                      0.15  -0.15     0.35
  MONTH TO DATE    6.93                      2.96   3.97     4.72
  SINCE SEP 1     10.51                      7.78   2.73     8.39
  SINCE JAN 1     33.64                     39.67  -6.03    39.46

SNOWFALL (IN)
  TODAY            0.0                                       0.0
  MONTH TO DATE    0.0                                       0.0
  SINCE SEP 1      0.0                                       0.0
  SINCE JUL 1      0.0                                       0.0

DEGREE DAYS
 HEATING
  TODAY            3                         9     -6       19
  MONTH TO DATE  121                       143    -22      155
  SINCE SEP 1    153                       194    -41      167
  SINCE JUL 1    157                       195    -38      167

 COOLING
  TODAY            0                         0      0        0
  MONTH TO DATE   34                        18     16       44
  SINCE SEP 1    191                       176     15      261
  SINCE JAN 1   1226                      1301    -75     1390
..................................................................


WIND (MPH)
  HIGHEST WIND SPEED     8   HIGHEST WIND DIRECTION    NW (300)
  HIGHEST GUST SPEED    13   HIGHEST GUST DIRECTION     E (70)
  AVERAGE WIND SPEED     0.9


SKY COVER
  POSSIBLE SUNSHINE  MM
  AVERAGE SKY COVER 0.6


WEATHER CONDITIONS
 THE FOLLOWING WEATHER WAS RECORDED TODAY.
  FOG
  FOG W/VISIBILITY <= 1/4 MILE
  HAZE


RELATIVE HUMIDITY (PERCENT)
 HIGHEST   100          1200 AM
 LOWEST     43          1000 AM
 AVERAGE    72

..........................................................


THE FAYETTEVILLE ARKANSAS CLIMATE NORMALS FOR TOMORROW
                         NORMAL    RECORD    YEAR
 MAXIMUM TEMPERATURE (F)   68        84      1963
 MINIMUM TEMPERATURE (F)   44        20      1952


SUNRISE AND SUNSET
OCTOBER 21 2014.......SUNRISE   729 AM CDT   SUNSET   633 PM CDT
OCTOBER 22 2014.......SUNRISE   730 AM CDT   SUNSET   632 PM CDT


-  INDICATES NEGATIVE NUMBERS.
R  INDICATES RECORD WAS SET OR TIED.
MM INDICATES DATA IS MISSING.
T  INDICATES TRACE AMOUNT.




$$
