000
CDUS44 KTSA 260803
CLIFYV

CLIMATE REPORT
NATIONAL WEATHER SERVICE TULSA OK
302 AM CDT SUN OCT 26 2014


...................................

...THE FAYETTEVILLE ARKANSAS CLIMATE SUMMARY FOR OCTOBER 25 2014...

CLIMATE NORMAL PERIOD 1981 TO 2010
CLIMATE RECORD PERIOD 1905 TO 2014


WEATHER ITEM   OBSERVED TIME   RECORD YEAR NORMAL DEPARTURE LAST
                VALUE   (LST)  VALUE       VALUE  FROM      YEAR
                                                  NORMAL
..................................................................
TEMPERATURE (F)
 YESTERDAY
  MAXIMUM         82    335 PM  84    1950  68     14       58
  MINIMUM         54   1129 PM  26    1982  43     11       30
                                      1965
  AVERAGE         68                        55     13       44

PRECIPITATION (IN)
  YESTERDAY        0.00                      0.14  -0.14     0.00
  MONTH TO DATE    6.98                      3.51   3.47     4.72
  SINCE SEP 1     10.56                      8.33   2.23     8.39
  SINCE JAN 1     33.69                     40.22  -6.53    39.46

SNOWFALL (IN)
  YESTERDAY        0.0                                       0.0
  MONTH TO DATE    0.0                                       0.0
  SINCE SEP 1      0.0                                       0.0
  SINCE JUL 1      0.0                                       0.0

DEGREE DAYS
 HEATING
  YESTERDAY        0                        10    -10       21
  MONTH TO DATE  140                       182    -42      227
  SINCE SEP 1    172                       233    -61      239
  SINCE JUL 1    176                       234    -58      239

 COOLING
  YESTERDAY        3                         0      3        0
  MONTH TO DATE   37                        18     19       44
  SINCE SEP 1    194                       176     18      261
  SINCE JAN 1   1229                      1301    -72     1390
..................................................................


WIND (MPH)
  HIGHEST WIND SPEED    13   HIGHEST WIND DIRECTION    SW (210)
  HIGHEST GUST SPEED    17   HIGHEST GUST DIRECTION    SW (230)
  AVERAGE WIND SPEED     5.5


SKY COVER
  POSSIBLE SUNSHINE  MM
  AVERAGE SKY COVER 0.0


WEATHER CONDITIONS
 THE FOLLOWING WEATHER WAS RECORDED YESTERDAY.
  FOG
  FOG W/VISIBILITY <= 1/4 MILE


RELATIVE HUMIDITY (PERCENT)
 HIGHEST   100          1200 AM
 LOWEST     51           300 PM
 AVERAGE    76

..........................................................


THE FAYETTEVILLE ARKANSAS CLIMATE NORMALS FOR TODAY
                         NORMAL    RECORD    YEAR
 MAXIMUM TEMPERATURE (F)   67        86      1950
 MINIMUM TEMPERATURE (F)   43        24      1957


SUNRISE AND SUNSET
OCTOBER 26 2014.......SUNRISE   733 AM CDT   SUNSET   627 PM CDT
OCTOBER 27 2014.......SUNRISE   734 AM CDT   SUNSET   626 PM CDT


-  INDICATES NEGATIVE NUMBERS.
R  INDICATES RECORD WAS SET OR TIED.
MM INDICATES DATA IS MISSING.
T  INDICATES TRACE AMOUNT.




$$
