431
CDUS44 KTSA 111005
CLIFYV

CLIMATE REPORT
NATIONAL WEATHER SERVICE TULSA OK
405 AM CST THU FEB 11 2016


...................................

...THE FAYETTEVILLE ARKANSAS CLIMATE SUMMARY FOR FEBRUARY 10 2016...

CLIMATE NORMAL PERIOD 1981 TO 2010
CLIMATE RECORD PERIOD 1905 TO 2016


WEATHER ITEM   OBSERVED TIME   RECORD YEAR NORMAL DEPARTURE LAST
                VALUE   (LST)  VALUE       VALUE  FROM      YEAR
                                                  NORMAL
..................................................................
TEMPERATURE (F)
 YESTERDAY
  MAXIMUM         54    348 PM  83    1954  50      4       63
  MINIMUM         15    502 AM -18    2011  27    -12       28
  AVERAGE         35                        38     -3       46

PRECIPITATION (IN)
  YESTERDAY        0.00                      0.10  -0.10     0.00
  MONTH TO DATE    0.01                      0.91  -0.90     0.33
  SINCE DEC 1     11.47                      6.99   4.48     4.08
  SINCE JAN 1      0.52                      3.75  -3.23     1.44

SNOWFALL (IN)
  YESTERDAY        0.0                                       0.0
  MONTH TO DATE    0.0                                       0.0
  SINCE DEC 1      T                                          T
  SINCE JUL 1      T                                          T

DEGREE DAYS
 HEATING
  YESTERDAY       30                        27      3       19
  MONTH TO DATE  273                       275     -2      247
  SINCE DEC 1   1804                      2040   -236     1919
  SINCE JUL 1   2446                      2869   -423     2844
..................................................................


WIND (MPH)
  HIGHEST WIND SPEED    21   HIGHEST WIND DIRECTION    SW (210)
  HIGHEST GUST SPEED    27   HIGHEST GUST DIRECTION    SW (220)
  AVERAGE WIND SPEED     7.9


SKY COVER
  POSSIBLE SUNSHINE  MM
  AVERAGE SKY COVER 0.1


WEATHER CONDITIONS
 THE FOLLOWING WEATHER WAS RECORDED YESTERDAY.
  NO SIGNIFICANT WEATHER WAS OBSERVED.


RELATIVE HUMIDITY (PERCENT)
 HIGHEST    80           500 AM
 LOWEST     29           400 PM
 AVERAGE    55

..........................................................


THE FAYETTEVILLE ARKANSAS CLIMATE NORMALS FOR TODAY
                         NORMAL    RECORD    YEAR
 MAXIMUM TEMPERATURE (F)   50        72      1962
 MINIMUM TEMPERATURE (F)   27        -5      2011
                                             1981


SUNRISE AND SUNSET
FEBRUARY 11 2016......SUNRISE   709 AM CST   SUNSET   554 PM CST
FEBRUARY 12 2016......SUNRISE   708 AM CST   SUNSET   555 PM CST


-  INDICATES NEGATIVE NUMBERS.
R  INDICATES RECORD WAS SET OR TIED.
MM INDICATES DATA IS MISSING.
T  INDICATES TRACE AMOUNT.




$$
