000
CDUS44 KTSA 010810
CLIFYV

CLIMATE REPORT
NATIONAL WEATHER SERVICE TULSA OK
302 AM CDT SAT NOV 1 2014


...................................

...THE FAYETTEVILLE ARKANSAS CLIMATE SUMMARY FOR OCTOBER 31 2014...

CLIMATE NORMAL PERIOD 1981 TO 2010
CLIMATE RECORD PERIOD 1905 TO 2014


WEATHER ITEM   OBSERVED TIME   RECORD YEAR NORMAL DEPARTURE LAST
                VALUE   (LST)  VALUE       VALUE  FROM      YEAR
                                                  NORMAL
..................................................................
TEMPERATURE (F)
 YESTERDAY
  MAXIMUM         52    152 PM  84    1950  66    -14       73
  MINIMUM         28   1056 PM  22    1993  41    -13       47
  AVERAGE         40                        54    -14       60

PRECIPITATION (IN)
  YESTERDAY        0.00                      0.14  -0.14     0.15
  MONTH TO DATE    7.23                      4.33   2.90     5.55
  SINCE SEP 1     10.81                      9.15   1.66     9.22
  SINCE JAN 1     33.94                     41.04  -7.10    40.29

SNOWFALL (IN)
  YESTERDAY        0.0                                       0.0
  MONTH TO DATE    0.0                                       0.0
  SINCE SEP 1      0.0                                       0.0
  SINCE JUL 1      0.0                                       0.0

DEGREE DAYS
 HEATING
  YESTERDAY       25                        12     13        5
  MONTH TO DATE  201                       249    -48      258
  SINCE SEP 1    233                       299    -66      270
  SINCE JUL 1    237                       300    -63      270

 COOLING
  YESTERDAY        0                         0      0        0
  MONTH TO DATE   45                        23     22       44
  SINCE SEP 1    202                       181     21      261
  SINCE JAN 1   1237                      1306    -69     1390
..................................................................


WIND (MPH)
  HIGHEST WIND SPEED    20   HIGHEST WIND DIRECTION     N (340)
  HIGHEST GUST SPEED    26   HIGHEST GUST DIRECTION     N (350)
  AVERAGE WIND SPEED     7.9


SKY COVER
  POSSIBLE SUNSHINE  MM
  AVERAGE SKY COVER 0.2


WEATHER CONDITIONS
 THE FOLLOWING WEATHER WAS RECORDED YESTERDAY.
  NO SIGNIFICANT WEATHER WAS OBSERVED.


RELATIVE HUMIDITY (PERCENT)
 HIGHEST    83           300 AM
 LOWEST     39           400 PM
 AVERAGE    61

..........................................................


THE FAYETTEVILLE ARKANSAS CLIMATE NORMALS FOR TODAY
                         NORMAL    RECORD    YEAR
 MAXIMUM TEMPERATURE (F)   65        80      2003
                                             1950
 MINIMUM TEMPERATURE (F)   41        20      1993


SUNRISE AND SUNSET
NOVEMBER  1 2014......SUNRISE   739 AM CDT   SUNSET   621 PM CDT
NOVEMBER  2 2014......SUNRISE   640 AM CST   SUNSET   520 PM CST


-  INDICATES NEGATIVE NUMBERS.
R  INDICATES RECORD WAS SET OR TIED.
MM INDICATES DATA IS MISSING.
T  INDICATES TRACE AMOUNT.




$$
