386
CDUS44 KTSA 050803 RRA
CLIFYV

CLIMATE REPORT
NATIONAL WEATHER SERVICE TULSA OK
147 AM CDT THU MAY 5 2016


...................................

...THE FAYETTEVILLE ARKANSAS CLIMATE SUMMARY FOR MAY 4 2016...

CLIMATE NORMAL PERIOD 1981 TO 2010
CLIMATE RECORD PERIOD 1905 TO 2016


WEATHER ITEM   OBSERVED TIME   RECORD YEAR NORMAL DEPARTURE LAST
                VALUE   (LST)  VALUE       VALUE  FROM      YEAR
                                                  NORMAL
..................................................................
TEMPERATURE (F)
 YESTERDAY
  MAXIMUM         73    256 PM  90    1952  73      0       79
  MINIMUM         43   1155 PM  30    1954  51     -8       54
  AVERAGE         58                        62     -4       67

PRECIPITATION (IN)
  YESTERDAY        0.00                      0.20  -0.20      T
  MONTH TO DATE    0.02                      0.79  -0.77      T
  SINCE MAR 1      7.60                      9.31  -1.71     7.39
  SINCE JAN 1      8.75                     14.96  -6.21    10.45

DEGREE DAYS
 COOLING
  YESTERDAY        0                         1     -1        2
  MONTH TO DATE    0                         4     -4        2
  SINCE MAR 1     13                        32    -19       25
  SINCE JAN 1     13                        32    -19       25
..................................................................


WIND (MPH)
  HIGHEST WIND SPEED    21   HIGHEST WIND DIRECTION     N (340)
  HIGHEST GUST SPEED    28   HIGHEST GUST DIRECTION     N (340)
  AVERAGE WIND SPEED     9.6


SKY COVER
  POSSIBLE SUNSHINE  MM
  AVERAGE SKY COVER 0.0


WEATHER CONDITIONS
 THE FOLLOWING WEATHER WAS RECORDED YESTERDAY.
  HAZE


RELATIVE HUMIDITY (PERCENT)
 HIGHEST   100          1200 AM
 LOWEST     32           600 PM
 AVERAGE    66

..........................................................


THE FAYETTEVILLE ARKANSAS CLIMATE NORMALS FOR TODAY
                         NORMAL    RECORD    YEAR
 MAXIMUM TEMPERATURE (F)   74        89      1952
 MINIMUM TEMPERATURE (F)   51        31      2013


SUNRISE AND SUNSET
MAY  5 2016...........SUNRISE   619 AM CDT   SUNSET   808 PM CDT
MAY  6 2016...........SUNRISE   618 AM CDT   SUNSET   809 PM CDT


-  INDICATES NEGATIVE NUMBERS.
R  INDICATES RECORD WAS SET OR TIED.
MM INDICATES DATA IS MISSING.
T  INDICATES TRACE AMOUNT.




$$
