514
CDUS44 KTSA 232126
CLIFYV

CLIMATE REPORT
NATIONAL WEATHER SERVICE TULSA OK
418 PM CDT SUN JUL 23 2017


...................................

...THE FAYETTEVILLE ARKANSAS CLIMATE SUMMARY FOR JULY 23 2017...
VALID TODAY AS OF 0400 PM LOCAL TIME.

CLIMATE NORMAL PERIOD 1981 TO 2010
CLIMATE RECORD PERIOD 1905 TO 2017


WEATHER ITEM   OBSERVED TIME   RECORD YEAR NORMAL DEPARTURE LAST
                VALUE   (LST)  VALUE       VALUE  FROM      YEAR
                                                  NORMAL
..................................................................
TEMPERATURE (F)
 TODAY
  MAXIMUM         94    100 PM 100    2005  89      5       94
                                      1963
  MINIMUM         70    323 AM  55    1980  67      3       70
  AVERAGE         82                        78      4       82

PRECIPITATION (IN)
  TODAY            0.33                      0.10   0.23     0.00
  MONTH TO DATE    1.79                      2.69  -0.90     4.94
  SINCE JUN 1      8.23                      7.67   0.56     7.81
  SINCE JAN 1     36.78                     27.88   8.90    22.15

DEGREE DAYS
 COOLING
  TODAY           17                        13      4       17
  MONTH TO DATE  306                       286     20      322
  SINCE JUN 1    543                       531     12      659
  SINCE JAN 1    647                       644      3      726
..................................................................


WIND (MPH)
  HIGHEST WIND SPEED    22   HIGHEST WIND DIRECTION     S (170)
  HIGHEST GUST SPEED    26   HIGHEST GUST DIRECTION     S (170)
  AVERAGE WIND SPEED     3.4


SKY COVER
  POSSIBLE SUNSHINE  MM
  AVERAGE SKY COVER 0.2


WEATHER CONDITIONS
 THE FOLLOWING WEATHER WAS RECORDED TODAY.
  THUNDERSTORM
  HEAVY RAIN
  RAIN
  LIGHT RAIN
  FOG


RELATIVE HUMIDITY (PERCENT)
 HIGHEST   100          1200 AM
 LOWEST     49          1200 PM
 AVERAGE    75

..........................................................


THE FAYETTEVILLE ARKANSAS CLIMATE NORMALS FOR TOMORROW
                         NORMAL    RECORD    YEAR
 MAXIMUM TEMPERATURE (F)   89       102      2011
                                             1963
 MINIMUM TEMPERATURE (F)   67        54      2003


SUNRISE AND SUNSET
JULY 23 2017..........SUNRISE   617 AM CDT   SUNSET   829 PM CDT
JULY 24 2017..........SUNRISE   618 AM CDT   SUNSET   828 PM CDT


-  INDICATES NEGATIVE NUMBERS.
R  INDICATES RECORD WAS SET OR TIED.
MM INDICATES DATA IS MISSING.
T  INDICATES TRACE AMOUNT.




$$
