000
CDUS44 KTSA 220802
CLIFYV

CLIMATE REPORT
NATIONAL WEATHER SERVICE TULSA OK
300 AM CDT FRI MAY 22 2015

...................................

...THE FAYETTEVILLE ARKANSAS CLIMATE SUMMARY FOR MAY 21 2015...

CLIMATE NORMAL PERIOD 1981 TO 2010
CLIMATE RECORD PERIOD 1905 TO 2015


WEATHER ITEM   OBSERVED TIME   RECORD YEAR NORMAL DEPARTURE LAST
                VALUE   (LST)  VALUE       VALUE  FROM      YEAR
                                                  NORMAL
..................................................................
TEMPERATURE (F)
 YESTERDAY
  MAXIMUM         63    506 PM  89    1998  77    -14       83
  MINIMUM         45   1159 PM  39    1968  55    -10       60
  AVERAGE         54                        66    -12       72

PRECIPITATION (IN)
  YESTERDAY        0.00                      0.20  -0.20     0.00
  MONTH TO DATE    9.46                      4.15   5.31     2.78
  SINCE MAR 1     16.85                     12.67   4.18    11.39
  SINCE JAN 1     19.91                     18.32   1.59    13.87

DEGREE DAYS
 COOLING
  YESTERDAY        0                         3     -3        7
  MONTH TO DATE   48                        43      5       84
  SINCE MAR 1     71                        71      0       96
  SINCE JAN 1     71                        71      0       96
..................................................................


WIND (MPH)
  HIGHEST WIND SPEED    13   HIGHEST WIND DIRECTION    NE (40)
  HIGHEST GUST SPEED    26   HIGHEST GUST DIRECTION    NW (330)
  AVERAGE WIND SPEED     4.7


SKY COVER
  POSSIBLE SUNSHINE  MM
  AVERAGE SKY COVER 0.5


WEATHER CONDITIONS
 THE FOLLOWING WEATHER WAS RECORDED YESTERDAY.
  NO SIGNIFICANT WEATHER WAS OBSERVED.


RELATIVE HUMIDITY (PERCENT)
 HIGHEST   100           600 AM
 LOWEST     56           600 PM
 AVERAGE    78

..........................................................


THE FAYETTEVILLE ARKANSAS CLIMATE NORMALS FOR TODAY
                         NORMAL    RECORD    YEAR
 MAXIMUM TEMPERATURE (F)   77        89      1953
 MINIMUM TEMPERATURE (F)   56        40      1967


SUNRISE AND SUNSET
MAY 22 2015...........SUNRISE   606 AM CDT   SUNSET   821 PM CDT
MAY 23 2015...........SUNRISE   606 AM CDT   SUNSET   822 PM CDT


-  INDICATES NEGATIVE NUMBERS.
R  INDICATES RECORD WAS SET OR TIED.
MM INDICATES DATA IS MISSING.
T  INDICATES TRACE AMOUNT.




$$
