000
CDUS44 KTSA 040801 RRA
CLIFYV

CLIMATE REPORT
NATIONAL WEATHER SERVICE TULSA OK
147 AM CDT SAT JUL 4 2015


...................................

...THE FAYETTEVILLE ARKANSAS CLIMATE SUMMARY FOR JULY 3 2015...

CLIMATE NORMAL PERIOD 1981 TO 2010
CLIMATE RECORD PERIOD 1905 TO 2015


WEATHER ITEM   OBSERVED TIME   RECORD YEAR NORMAL DEPARTURE LAST
                VALUE   (LST)  VALUE       VALUE  FROM      YEAR
                                                  NORMAL
..................................................................
TEMPERATURE (F)
 YESTERDAY
  MAXIMUM         84    249 PM  99    1980  87     -3       81
  MINIMUM         65   1159 PM  51    2014  66     -1       51
                                      2013
  AVERAGE         75                        77     -2       66

PRECIPITATION (IN)
  YESTERDAY        0.38                      0.14   0.24     0.00
  MONTH TO DATE    0.44                      0.42   0.02      T
  SINCE JUN 1      7.21                      5.40   1.81     4.10
  SINCE JAN 1     30.67                     25.61   5.06    18.62

DEGREE DAYS
 COOLING
  YESTERDAY       10                        12     -2        1
  MONTH TO DATE   37                        34      3       21
  SINCE JUN 1    355                       279     76      283
  SINCE JAN 1    452                       392     60      431
..................................................................


WIND (MPH)
  HIGHEST WIND SPEED    14   HIGHEST WIND DIRECTION    NW (330)
  HIGHEST GUST SPEED    17   HIGHEST GUST DIRECTION    NW (330)
  AVERAGE WIND SPEED     5.2


SKY COVER
  POSSIBLE SUNSHINE  MM
  AVERAGE SKY COVER 0.5


WEATHER CONDITIONS
 THE FOLLOWING WEATHER WAS RECORDED YESTERDAY.
  THUNDERSTORM
  HEAVY RAIN
  LIGHT RAIN
  FOG
  FOG W/VISIBILITY <= 1/4 MILE
  HAZE


RELATIVE HUMIDITY (PERCENT)
 HIGHEST   100           100 AM
 LOWEST     69           100 PM
 AVERAGE    85

..........................................................


THE FAYETTEVILLE ARKANSAS CLIMATE NORMALS FOR TODAY
                         NORMAL    RECORD    YEAR
 MAXIMUM TEMPERATURE (F)   87        99      2012
 MINIMUM TEMPERATURE (F)   66        50      1968


SUNRISE AND SUNSET
JULY  4 2015..........SUNRISE   605 AM CDT   SUNSET   837 PM CDT
JULY  5 2015..........SUNRISE   605 AM CDT   SUNSET   837 PM CDT


-  INDICATES NEGATIVE NUMBERS.
R  INDICATES RECORD WAS SET OR TIED.
MM INDICATES DATA IS MISSING.
T  INDICATES TRACE AMOUNT.




$$
