000
CDUS44 KTSA 021415
CLIFYV

CLIMATE REPORT
NATIONAL WEATHER SERVICE TULSA OK
915 AM CDT THU OCT 2 2014


...................................

...THE FAYETTEVILLE ARKANSAS CLIMATE SUMMARY FOR OCTOBER 2 2014...
VALID AS OF 0900 AM LOCAL TIME.

CLIMATE NORMAL PERIOD 1981 TO 2010
CLIMATE RECORD PERIOD 1905 TO 2014


WEATHER ITEM   OBSERVED RECORD YEAR NORMAL DEPARTURE LAST
                VALUE   VALUE       VALUE  FROM      YEAR
                                           NORMAL
...........................................................
TEMPERATURE (F)
 TODAY
  MAXIMUM         76     93    1953  74
  MINIMUM         73     32    2003  50
                               1958
  AVERAGE         75

PRECIPITATION (IN)
  TODAY            0.00   3.15 1959   0.14  -0.14     0.00
  MONTH TO DATE    0.00               0.29  -0.29     0.00
  SINCE SEP 1      3.58               5.11  -1.53     3.67
  SINCE JAN 1     26.71              37.00 -10.29    34.74

SNOWFALL (IN)
  TODAY            0.0   MM      MM   0.0             0.0
  MONTH TO DATE    0.0                0.0             0.0
  SINCE SEP 1      0.0                0.0             0.0
  SINCE JUL 1      0.0                0.0             0.0

DEGREE DAYS
 HEATING
  TODAY            0

 COOLING
  TODAY           10
...........................................................


WIND (MPH)
  RESULTANT WIND SPEED   9   RESULTANT WIND DIRECTION   S (170)
  HIGHEST WIND SPEED    17   HIGHEST WIND DIRECTION     S (170)
  HIGHEST GUST SPEED    21   HIGHEST GUST DIRECTION     S (180)


SKY COVER
  POSSIBLE SUNSHINE  MM
  AVERAGE SKY COVER 0.4


WEATHER CONDITIONS
 THE FOLLOWING WEATHER WAS RECORDED TODAY.
  NO SIGNIFICANT WEATHER WAS OBSERVED.


RELATIVE HUMIDITY (PERCENT)
 HIGHEST    87
 LOWEST     82
 AVERAGE    85

..........................................................


THE FAYETTEVILLE ARKANSAS CLIMATE NORMALS FOR TOMORROW
                         NORMAL    RECORD    YEAR
 MAXIMUM TEMPERATURE (F)   74        93      1963
 MINIMUM TEMPERATURE (F)   49        30      1975


SUNRISE AND SUNSET
OCTOBER  2 2014.......SUNRISE   713 AM CDT   SUNSET   659 PM CDT
OCTOBER  3 2014.......SUNRISE   713 AM CDT   SUNSET   657 PM CDT


-  INDICATES NEGATIVE NUMBERS.
R  INDICATES RECORD WAS SET OR TIED.
MM INDICATES DATA IS MISSING.
T  INDICATES TRACE AMOUNT.




$$
