000
CDUS44 KTSA 240837 RRA
CLIFYV

CLIMATE REPORT
NATIONAL WEATHER SERVICE TULSA OK
337 AM CDT TUE OCT 24 2017


...................................

...THE FAYETTEVILLE ARKANSAS CLIMATE SUMMARY FOR OCTOBER 23 2017...

CLIMATE NORMAL PERIOD 1981 TO 2010
CLIMATE RECORD PERIOD 1905 TO 2017


WEATHER ITEM   OBSERVED TIME   RECORD YEAR NORMAL DEPARTURE LAST
                VALUE   (LST)  VALUE       VALUE  FROM      YEAR
                                                  NORMAL
..................................................................
TEMPERATURE (F)
 YESTERDAY
  MAXIMUM         71    119 PM  83    2003  68      3       76
  MINIMUM         36    636 AM  22    1952  44     -8       47
  AVERAGE         54                        56     -2       62

PRECIPITATION (IN)
  YESTERDAY        0.00                      0.14  -0.14     0.00
  MONTH TO DATE    3.81                      3.24   0.57     2.95
  SINCE SEP 1      5.31                      8.06  -2.75     5.59
  SINCE JAN 1     48.15                     39.95   8.20    30.77

SNOWFALL (IN)
  YESTERDAY        0.0                                       0.0
  MONTH TO DATE    0.0                                       0.0
  SINCE SEP 1      0.0                                       0.0
  SINCE JUL 1      0.0                                       0.0

DEGREE DAYS
 HEATING
  YESTERDAY       11                        10      1        3
  MONTH TO DATE  113                       162    -49       88
  SINCE SEP 1    129                       213    -84      112
  SINCE JUL 1    129                       214    -85      112

 COOLING
  YESTERDAY        0                         0      0        0
  MONTH TO DATE   54                        18     36       61
  SINCE SEP 1    219                       176     43      269
  SINCE JAN 1   1231                      1301    -70     1488
..................................................................


WIND (MPH)
  HIGHEST WIND SPEED    24   HIGHEST WIND DIRECTION    NW (320)
  HIGHEST GUST SPEED    32   HIGHEST GUST DIRECTION    NW (330)
  AVERAGE WIND SPEED     8.4


SKY COVER
  POSSIBLE SUNSHINE  MM
  AVERAGE SKY COVER 0.2


WEATHER CONDITIONS
 THE FOLLOWING WEATHER WAS RECORDED YESTERDAY.
  FOG
  FOG W/VISIBILITY <= 1/4 MILE


RELATIVE HUMIDITY (PERCENT)
 HIGHEST   100          1200 AM
 LOWEST     39          1200 PM
 AVERAGE    70

..........................................................


THE FAYETTEVILLE ARKANSAS CLIMATE NORMALS FOR TODAY
                         NORMAL    RECORD    YEAR
 MAXIMUM TEMPERATURE (F)   68        82      2003
 MINIMUM TEMPERATURE (F)   43        23      1999


SUNRISE AND SUNSET
OCTOBER 24 2017.......SUNRISE   732 AM CDT   SUNSET   629 PM CDT
OCTOBER 25 2017.......SUNRISE   733 AM CDT   SUNSET   628 PM CDT


-  INDICATES NEGATIVE NUMBERS.
R  INDICATES RECORD WAS SET OR TIED.
MM INDICATES DATA IS MISSING.
T  INDICATES TRACE AMOUNT.




$$
