000
CDUS44 KTSA 262122
CLIFYV

CLIMATE REPORT
NATIONAL WEATHER SERVICE TULSA OK
421 PM CDT SUN JUN 26 2016


...................................

...THE FAYETTEVILLE ARKANSAS CLIMATE SUMMARY FOR JUNE 26 2016...
VALID TODAY AS OF 0400 PM LOCAL TIME.

CLIMATE NORMAL PERIOD 1981 TO 2010
CLIMATE RECORD PERIOD 1905 TO 2016


WEATHER ITEM   OBSERVED TIME   RECORD YEAR NORMAL DEPARTURE LAST
                VALUE   (LST)  VALUE       VALUE  FROM      YEAR
                                                  NORMAL
..................................................................
TEMPERATURE (F)
 TODAY
  MAXIMUM         91    259 PM 100    2012  86      5       85
  MINIMUM         70    434 AM  44    1974  65      5       67
  AVERAGE         81                        75      6       76

PRECIPITATION (IN)
  TODAY            0.00                      0.15  -0.15     2.10
  MONTH TO DATE    2.42                      4.38  -1.96     6.77
  SINCE JUN 1      2.42                      4.38  -1.96     6.77
  SINCE JAN 1     16.68                     24.59  -7.91    30.23

DEGREE DAYS
 COOLING
  TODAY           16                        10      6       11
  MONTH TO DATE  291                       200     91      284
  SINCE JUN 1    291                       200     91      284
  SINCE JAN 1    358                       313     45      381
..................................................................


WIND (MPH)
  HIGHEST WIND SPEED    16   HIGHEST WIND DIRECTION     S (200)
  HIGHEST GUST SPEED    22   HIGHEST GUST DIRECTION    SW (230)
  AVERAGE WIND SPEED     7.0


SKY COVER
  POSSIBLE SUNSHINE  MM
  AVERAGE SKY COVER 0.1


WEATHER CONDITIONS
 THE FOLLOWING WEATHER WAS RECORDED TODAY.
  NO SIGNIFICANT WEATHER WAS OBSERVED.


RELATIVE HUMIDITY (PERCENT)
 HIGHEST   100          1200 AM
 LOWEST     56           300 PM
 AVERAGE    78

..........................................................


THE FAYETTEVILLE ARKANSAS CLIMATE NORMALS FOR TOMORROW
                         NORMAL    RECORD    YEAR
 MAXIMUM TEMPERATURE (F)   86       101      2012
 MINIMUM TEMPERATURE (F)   65        47      1974
                                             1968


SUNRISE AND SUNSET
JUNE 26 2016..........SUNRISE   602 AM CDT   SUNSET   837 PM CDT
JUNE 27 2016..........SUNRISE   602 AM CDT   SUNSET   837 PM CDT


-  INDICATES NEGATIVE NUMBERS.
R  INDICATES RECORD WAS SET OR TIED.
MM INDICATES DATA IS MISSING.
T  INDICATES TRACE AMOUNT.




$$
