000
CDUS44 KTSA 250801 RRA
CLIFYV

CLIMATE REPORT
NATIONAL WEATHER SERVICE TULSA OK
147 AM CDT MON SEP 25 2017


...................................

...THE FAYETTEVILLE ARKANSAS CLIMATE SUMMARY FOR SEPTEMBER 24 2017...

CLIMATE NORMAL PERIOD 1981 TO 2010
CLIMATE RECORD PERIOD 1905 TO 2017


WEATHER ITEM   OBSERVED TIME   RECORD YEAR NORMAL DEPARTURE LAST
                VALUE   (LST)  VALUE       VALUE  FROM      YEAR
                                                  NORMAL
..................................................................
TEMPERATURE (F)
 YESTERDAY
  MAXIMUM         88    239 PM  94    2014  77     11       88
  MINIMUM         60    631 AM  32    1989  53      7       62
  AVERAGE         74                        65      9       75

PRECIPITATION (IN)
  YESTERDAY        0.00                      0.18  -0.18     0.00
  MONTH TO DATE    1.50                      3.79  -2.29     2.48
  SINCE SEP 1      1.50                      3.79  -2.29     2.48
  SINCE JAN 1     44.34                     35.68   8.66    27.66

DEGREE DAYS
 HEATING
  YESTERDAY        0                         3     -3        0
  MONTH TO DATE   16                        25     -9        2
  SINCE SEP 1     16                        25     -9        2
  SINCE JUL 1     16                        26    -10        2

 COOLING
  YESTERDAY        9                         3      6       10
  MONTH TO DATE  129                       142    -13      198
  SINCE SEP 1    129                       142    -13      198
  SINCE JAN 1   1141                      1267   -126     1417
..................................................................


WIND (MPH)
  HIGHEST WIND SPEED    15   HIGHEST WIND DIRECTION     S (170)
  HIGHEST GUST SPEED    19   HIGHEST GUST DIRECTION     S (200)
  AVERAGE WIND SPEED     3.6


SKY COVER
  POSSIBLE SUNSHINE  MM
  AVERAGE SKY COVER 0.0


WEATHER CONDITIONS
 THE FOLLOWING WEATHER WAS RECORDED YESTERDAY.
  FOG


RELATIVE HUMIDITY (PERCENT)
 HIGHEST   100          1200 AM
 LOWEST     46           400 PM
 AVERAGE    73

..........................................................


THE FAYETTEVILLE ARKANSAS CLIMATE NORMALS FOR TODAY
                         NORMAL    RECORD    YEAR
 MAXIMUM TEMPERATURE (F)   77        90      1953
 MINIMUM TEMPERATURE (F)   53        35      1989
                                             1965


SUNRISE AND SUNSET
SEPTEMBER 25 2017.....SUNRISE   707 AM CDT   SUNSET   709 PM CDT
SEPTEMBER 26 2017.....SUNRISE   708 AM CDT   SUNSET   707 PM CDT


-  INDICATES NEGATIVE NUMBERS.
R  INDICATES RECORD WAS SET OR TIED.
MM INDICATES DATA IS MISSING.
T  INDICATES TRACE AMOUNT.




$$
