000
CDUS44 KTSA 040804
CLIFYV

CLIMATE REPORT
NATIONAL WEATHER SERVICE TULSA OK
147 AM CDT MON MAY 4 2015


...................................

...THE FAYETTEVILLE ARKANSAS CLIMATE SUMMARY FOR MAY 3 2015...

CLIMATE NORMAL PERIOD 1981 TO 2010
CLIMATE RECORD PERIOD 1905 TO 2015


WEATHER ITEM   OBSERVED TIME   RECORD YEAR NORMAL DEPARTURE LAST
                VALUE   (LST)  VALUE       VALUE  FROM      YEAR
                                                  NORMAL
..................................................................
TEMPERATURE (F)
 YESTERDAY
  MAXIMUM         79    315 PM  88    1952  73      6       81
  MINIMUM         50    334 AM  31    2005  50      0       39
  AVERAGE         65                        62      3       60

PRECIPITATION (IN)
  YESTERDAY        0.00                      0.20  -0.20     0.00
  MONTH TO DATE    0.00                      0.59  -0.59     0.00
  SINCE MAR 1      7.39                      9.11  -1.72     8.61
  SINCE JAN 1     10.45                     14.76  -4.31    11.09

DEGREE DAYS
 COOLING
  YESTERDAY        0                         1     -1        0
  MONTH TO DATE    0                         3     -3        0
  SINCE MAR 1     23                        31     -8       12
  SINCE JAN 1     23                        31     -8       12
..................................................................


WIND (MPH)
  HIGHEST WIND SPEED    22   HIGHEST WIND DIRECTION     S (200)
  HIGHEST GUST SPEED    28   HIGHEST GUST DIRECTION    NW (320)
  AVERAGE WIND SPEED     7.2


SKY COVER
  POSSIBLE SUNSHINE  MM
  AVERAGE SKY COVER 0.0


WEATHER CONDITIONS
 THE FOLLOWING WEATHER WAS RECORDED YESTERDAY.
  NO SIGNIFICANT WEATHER WAS OBSERVED.


RELATIVE HUMIDITY (PERCENT)
 HIGHEST   100          1200 AM
 LOWEST     50           400 PM
 AVERAGE    75

..........................................................


THE FAYETTEVILLE ARKANSAS CLIMATE NORMALS FOR TODAY
                         NORMAL    RECORD    YEAR
 MAXIMUM TEMPERATURE (F)   73        90      1952
 MINIMUM TEMPERATURE (F)   51        30      1954


SUNRISE AND SUNSET
MAY  4 2015...........SUNRISE   621 AM CDT   SUNSET   806 PM CDT
MAY  5 2015...........SUNRISE   620 AM CDT   SUNSET   807 PM CDT


-  INDICATES NEGATIVE NUMBERS.
R  INDICATES RECORD WAS SET OR TIED.
MM INDICATES DATA IS MISSING.
T  INDICATES TRACE AMOUNT.




$$
