000
CDUS44 KTSA 302119
CLIFYV

CLIMATE REPORT
NATIONAL WEATHER SERVICE TULSA OK
418 PM CDT THU OCT 30 2014


...................................

...THE FAYETTEVILLE ARKANSAS CLIMATE SUMMARY FOR OCTOBER 30 2014...
VALID TODAY AS OF 0400 PM LOCAL TIME.

CLIMATE NORMAL PERIOD 1981 TO 2010
CLIMATE RECORD PERIOD 1905 TO 2014


WEATHER ITEM   OBSERVED TIME   RECORD YEAR NORMAL DEPARTURE LAST
                VALUE   (LST)  VALUE       VALUE  FROM      YEAR
                                                  NORMAL
..................................................................
TEMPERATURE (F)
 TODAY
  MAXIMUM         69    259 PM  85    1968  66      3       68
  MINIMUM         35    650 AM  17    1998  42     -7       61
  AVERAGE         52                        54     -2       65

PRECIPITATION (IN)
  TODAY            0.00                      0.13  -0.13     0.62
  MONTH TO DATE    7.23                      4.19   3.04     5.40
  SINCE SEP 1     10.81                      9.01   1.80     9.07
  SINCE JAN 1     33.94                     40.90  -6.96    40.14

SNOWFALL (IN)
  TODAY            0.0                                       0.0
  MONTH TO DATE    0.0                                       0.0
  SINCE SEP 1      0.0                                       0.0
  SINCE JUL 1      0.0                                       0.0

DEGREE DAYS
 HEATING
  TODAY           13                        12      1        0
  MONTH TO DATE  176                       237    -61      253
  SINCE SEP 1    208                       288    -80      265
  SINCE JUL 1    212                       289    -77      265

 COOLING
  TODAY            0                         0      0        0
  MONTH TO DATE   45                        18     27       44
  SINCE SEP 1    202                       176     26      261
  SINCE JAN 1   1237                      1301    -64     1390
..................................................................


WIND (MPH)
  HIGHEST WIND SPEED    21   HIGHEST WIND DIRECTION     W (250)
  HIGHEST GUST SPEED    29   HIGHEST GUST DIRECTION    SW (230)
  AVERAGE WIND SPEED     6.8


SKY COVER
  POSSIBLE SUNSHINE  MM
  AVERAGE SKY COVER 0.1


WEATHER CONDITIONS
 THE FOLLOWING WEATHER WAS RECORDED TODAY.
  NO SIGNIFICANT WEATHER WAS OBSERVED.


RELATIVE HUMIDITY (PERCENT)
 HIGHEST   100           300 AM
 LOWEST     39           100 PM
 AVERAGE    70

..........................................................


THE FAYETTEVILLE ARKANSAS CLIMATE NORMALS FOR TOMORROW
                         NORMAL    RECORD    YEAR
 MAXIMUM TEMPERATURE (F)   66        84      1950
 MINIMUM TEMPERATURE (F)   41        22      1993


SUNRISE AND SUNSET
OCTOBER 30 2014.......SUNRISE   737 AM CDT   SUNSET   623 PM CDT
OCTOBER 31 2014.......SUNRISE   738 AM CDT   SUNSET   622 PM CDT


-  INDICATES NEGATIVE NUMBERS.
R  INDICATES RECORD WAS SET OR TIED.
MM INDICATES DATA IS MISSING.
T  INDICATES TRACE AMOUNT.




$$
