000
CDUS44 KTSA 230834 RRA
CLIFYV

CLIMATE REPORT
NATIONAL WEATHER SERVICE TULSA OK
335 AM CDT THU MAR 23 2017


...................................

...THE FAYETTEVILLE ARKANSAS CLIMATE SUMMARY FOR MARCH 22 2017...

CLIMATE NORMAL PERIOD 1981 TO 2010
CLIMATE RECORD PERIOD 1905 TO 2017


WEATHER ITEM   OBSERVED TIME   RECORD YEAR NORMAL DEPARTURE LAST
                VALUE   (LST)  VALUE       VALUE  FROM      YEAR
                                                  NORMAL
..................................................................
TEMPERATURE (F)
 YESTERDAY
  MAXIMUM         59    619 PM  89    1995  62     -3       71
  MINIMUM         46    700 AM  12    1955  38      8       48
  AVERAGE         53                        50      3       60

PRECIPITATION (IN)
  YESTERDAY        0.05                      0.13  -0.08     0.00
  MONTH TO DATE    2.54                      2.73  -0.19     3.31
  SINCE MAR 1      2.54                      2.73  -0.19     3.31
  SINCE JAN 1      6.04                      8.38  -2.34     4.46

SNOWFALL (IN)
  YESTERDAY       MM                                         0.0
  MONTH TO DATE    0.2                                       0.0
  SINCE MAR 1      0.2                                       0.0
  SINCE JUL 1      1.0                                        T

DEGREE DAYS
 HEATING
  YESTERDAY       12                        15     -3        5
  MONTH TO DATE  321                       401    -80      308
  SINCE MAR 1    321                       401    -80      308
  SINCE JUL 1   2892                      3704   -812     3124

 COOLING
  YESTERDAY        0                         0      0        0
  MONTH TO DATE   13                         0     13        0
  SINCE MAR 1     13                         0     13        0
  SINCE JAN 1     18                         0     18        0
..................................................................


WIND (MPH)
  HIGHEST WIND SPEED    18   HIGHEST WIND DIRECTION     E (70)
  HIGHEST GUST SPEED    24   HIGHEST GUST DIRECTION    NE (60)
  AVERAGE WIND SPEED     9.8


SKY COVER
  POSSIBLE SUNSHINE  MM
  AVERAGE SKY COVER 0.9


WEATHER CONDITIONS
 THE FOLLOWING WEATHER WAS RECORDED YESTERDAY.
  THUNDERSTORM


RELATIVE HUMIDITY (PERCENT)
 HIGHEST    93           300 AM
 LOWEST     57          1200 PM
 AVERAGE    75

..........................................................


THE FAYETTEVILLE ARKANSAS CLIMATE NORMALS FOR TODAY
                         NORMAL    RECORD    YEAR
 MAXIMUM TEMPERATURE (F)   62        79      1975
                                             1967
 MINIMUM TEMPERATURE (F)   38        19      1974


SUNRISE AND SUNSET
MARCH 23 2017.........SUNRISE   716 AM CDT   SUNSET   731 PM CDT
MARCH 24 2017.........SUNRISE   714 AM CDT   SUNSET   732 PM CDT


-  INDICATES NEGATIVE NUMBERS.
R  INDICATES RECORD WAS SET OR TIED.
MM INDICATES DATA IS MISSING.
T  INDICATES TRACE AMOUNT.




$$
