000
CDUS44 KTSA 220903
CLIFYV

CLIMATE REPORT
NATIONAL WEATHER SERVICE TULSA OK
302 AM CST MON DEC 22 2014


...................................

...THE FAYETTEVILLE ARKANSAS CLIMATE SUMMARY FOR DECEMBER 21 2014...

CLIMATE NORMAL PERIOD 1981 TO 2010
CLIMATE RECORD PERIOD 1905 TO 2014


WEATHER ITEM   OBSERVED TIME   RECORD YEAR NORMAL DEPARTURE LAST
                VALUE   (LST)  VALUE       VALUE  FROM      YEAR
                                                  NORMAL
..................................................................
TEMPERATURE (F)
 YESTERDAY
  MAXIMUM         47    234 PM  67    1966  47      0       45
  MINIMUM         40    114 AM  -2    1989  26     14       33
  AVERAGE         44                        36      8       39

PRECIPITATION (IN)
  YESTERDAY        0.00                      0.10  -0.10     2.05
  MONTH TO DATE    2.31                      2.26   0.05     4.09
  SINCE DEC 1      2.31                      2.26   0.05     4.09
  SINCE JAN 1     38.75                     47.53  -8.78    46.62

SNOWFALL (IN)
  YESTERDAY        0.0                                       0.0
  MONTH TO DATE    T                                         7.0
  SINCE DEC 1      T                                         7.0
  SINCE JUL 1      T                                         7.0

DEGREE DAYS
 HEATING
  YESTERDAY       21                        29     -8       26
  MONTH TO DATE  473                       562    -89      612
  SINCE DEC 1    473                       562    -89      612
  SINCE JUL 1   1398                      1391      7     1501
..................................................................


WIND (MPH)
  HIGHEST WIND SPEED    15   HIGHEST WIND DIRECTION     S (180)
  HIGHEST GUST SPEED    21   HIGHEST GUST DIRECTION    SE (150)
  AVERAGE WIND SPEED     6.7


SKY COVER
  POSSIBLE SUNSHINE  MM
  AVERAGE SKY COVER 1.0


WEATHER CONDITIONS
 THE FOLLOWING WEATHER WAS RECORDED YESTERDAY.
  FOG


RELATIVE HUMIDITY (PERCENT)
 HIGHEST    93          1200 AM
 LOWEST     71           200 PM
 AVERAGE    82

..........................................................


THE FAYETTEVILLE ARKANSAS CLIMATE NORMALS FOR TODAY
                         NORMAL    RECORD    YEAR
 MAXIMUM TEMPERATURE (F)   47        70      1996
 MINIMUM TEMPERATURE (F)   26        -8      1989


SUNRISE AND SUNSET
DECEMBER 22 2014......SUNRISE   724 AM CST   SUNSET   507 PM CST
DECEMBER 23 2014......SUNRISE   724 AM CST   SUNSET   507 PM CST


-  INDICATES NEGATIVE NUMBERS.
R  INDICATES RECORD WAS SET OR TIED.
MM INDICATES DATA IS MISSING.
T  INDICATES TRACE AMOUNT.




$$
