000
CXUS54 KTSA 011134
CLMFYV

CLIMATE REPORT
NATIONAL WEATHER SERVICE TULSA OK
634 AM CDT WED NOV 1 2017

...................................

...THE FAYETTEVILLE ARKANSAS CLIMATE SUMMARY FOR THE MONTH OF OCTOBER 2017...

CLIMATE NORMAL PERIOD 1981 TO 2010
CLIMATE RECORD PERIOD 1905 TO 2017

WEATHER         OBSERVED          NORMAL  DEPART  LAST YEAR`S
                 VALUE   DATE(S)  VALUE   FROM    VALUE  DATE(S)
                                          NORMAL
................................................................
TEMPERATURE (F)
RECORD
 HIGH              96   10/01/1953
 LOW               17   10/30/1998
                        10/29/1952
HIGHEST            87   10/02        96      -9       85  10/19
LOWEST             23   10/29        17       6       36  10/21
                        10/28
AVG. MAXIMUM     72.6              70.0     2.5     76.5
AVG. MINIMUM     43.4              45.5    -2.1     51.1
MEAN             58.0              57.7     0.3     63.8
DAYS MAX >= 90      0               0.0     0.0        0
DAYS MAX <= 32      0               0.0     0.0        0
DAYS MIN <= 32      6               2.8     3.2        0
DAYS MIN <= 0       0               0.0     0.0        0

PRECIPITATION (INCHES)
RECORD
 MAXIMUM        10.69   2009
 MINIMUM         0.03   1963
TOTALS           3.86              4.33   -0.47     2.97
DAILY AVG.       0.12              0.14   -0.02     0.10
DAYS >= .01         8               9.9    -1.9        8
DAYS >= .10         6               5.8     0.2        5
DAYS >= .50         4               3.1     0.9        2
DAYS >= 1.00        1               1.5    -0.5        1
GREATEST
 24 HR. TOTAL    1.34   10/22 TO 10/22           10/04 TO 10/05
                                                          10/05 TO 10/05
                                                          10/05 TO 10/06

SNOWFALL (INCHES)
RECORDS
 TOTAL            0.3   1993
 24 HR TOTAL      0.3   10/29/1993 TO 10/29/1993
TOTALS            0.0                 T     0.0      0.0
SINCE 7/1         0.0                 T     0.0      0.0
SNOWDEPTH AVG.      0                MM      MM        0
DAYS >= TRACE       0               0.0     0.0        0
DAYS >= 1.0         0               0.0     0.0        0
GREATEST
 SNOW DEPTH         0   MM                             0  MM
 24 HR TOTAL      0.0   10/30 TO 10/30           10/31 TO 10/31
                                                          10/05 TO 10/05
                                                          10/06 TO 10/06

DEGREE_DAYS
HEATING TOTAL     263               248      15       98
 SINCE 7/1        279               300     -21      122
COOLING TOTAL      54                23      31       68
 SINCE 1/1       1231              1306     -75     1495
.......................................................

WIND (MPH)
AVERAGE WIND SPEED              6.3
HIGHEST WIND SPEED/DIRECTION    36/340    DATE  10/21
HIGHEST GUST SPEED/DIRECTION    44/340    DATE  10/21

SKY COVER
POSSIBLE SUNSHINE (PERCENT)   MM
AVERAGE SKY COVER           0.20
NUMBER OF DAYS FAIR           22
NUMBER OF DAYS PC              8
NUMBER OF DAYS CLOUDY          1

AVERAGE RH (PERCENT)     72

WEATHER CONDITIONS. NUMBER OF DAYS WITH
THUNDERSTORM              5     MIXED PRECIP               0
HEAVY RAIN                6     RAIN                       6
LIGHT RAIN                7     FREEZING RAIN              0
LT FREEZING RAIN          0     HAIL                       0
HEAVY SNOW                0     SNOW                       0
LIGHT SNOW                0     SLEET                      0
FOG                      20     FOG W/VIS <= 1/4 MILE      6
HAZE                      7

-  INDICATES NEGATIVE NUMBERS.
R  INDICATES RECORD WAS SET OR TIED.
MM INDICATES DATA IS MISSING.
T  INDICATES TRACE AMOUNT.

&&
-------------------------------------------------------------------
 YEARLY PRECIPITATION (INCHES):
 TOTAL.....................48.20
 DEPARTURE FROM NORMAL.....+7.16
$$
