683
CXUS54 KTSA 011605
CLMFYV

CLIMATE REPORT
NATIONAL WEATHER SERVICE TULSA OK
1105 AM CDT WED JUN 1 2016

...................................

...THE FAYETTEVILLE ARKANSAS CLIMATE SUMMARY FOR THE MONTH OF MAY 2016...

CLIMATE NORMAL PERIOD 1981 TO 2010
CLIMATE RECORD PERIOD 1905 TO 2016

WEATHER         OBSERVED          NORMAL  DEPART  LAST YEAR`S
                 VALUE   DATE(S)  VALUE   FROM    VALUE  DATE(S)
                                          NORMAL
................................................................
TEMPERATURE (F)
RECORD
 HIGH              93   05/30/1977
 LOW               30   05/04/1954
HIGHEST            83   05/29        95     -12       83  05/27
                        05/26                             05/18
                        05/10
LOWEST             36   05/03        29       7       37  05/01
AVG. MAXIMUM     73.2              76.1    -2.9     74.8
AVG. MINIMUM     51.1              54.0    -2.9     54.8
MEAN             62.1              65.1    -3.0     64.8
DAYS MAX >= 90      0               0.1    -0.1        0
DAYS MAX <= 32      0               0.0     0.0        0
DAYS MIN <= 32      0               0.1    -0.1        0
DAYS MIN <= 0       0               0.0     0.0        0

PRECIPITATION (INCHES)
RECORD
 MAXIMUM        13.39   1957
 MINIMUM         1.05   2012
TOTALS           5.53              6.04   -0.51    13.01
DAILY AVG.       0.18              0.19   -0.01     0.42
DAYS >= .01        16              12.4     3.6       22
DAYS >= .10         7               8.2    -1.2       15
DAYS >= .50         4               4.4    -0.4        7
DAYS >= 1.00        2               2.0     0.0        5
GREATEST
 24 HR. TOTAL    2.01   05/24 TO 05/25           05/08 TO 05/08
                                                          05/31 TO 05/31
                                                          05/31 TO 05/31

SNOWFALL (INCHES)
RECORDS
 TOTAL            0.5   2013
 24 HR TOTAL      0.5   05/03/2013 TO 05/03/2013
TOTALS            0.0               0.0     0.0      0.0
SINCE 7/1           T               7.0    -7.0      7.9
SNOWDEPTH AVG.      0                MM      MM        0
DAYS >= TRACE       0               0.0     0.0        0
DAYS >= 1.0         0               0.0     0.0        0
GREATEST
 SNOW DEPTH         0   MM                             0  MM
 24 HR TOTAL      0.0   05/31 TO 05/31           05/31 TO 05/31
                                                          05/31 TO 05/31
                                                          05/31 TO 05/31

DEGREE_DAYS
HEATING TOTAL     134                84      50       71
 SINCE 7/1       3588              4182    -594     4279
COOLING TOTAL      54                85     -31       74
 SINCE 1/1         67               113     -46       97
..................................................

WIND (MPH)
AVERAGE WIND SPEED              5.8
HIGHEST WIND SPEED/DIRECTION    35/210    DATE  05/25
HIGHEST GUST SPEED/DIRECTION    46/200    DATE  05/25

SKY COVER
POSSIBLE SUNSHINE (PERCENT)   MM
AVERAGE SKY COVER           0.40
NUMBER OF DAYS FAIR           18
NUMBER OF DAYS PC              8
NUMBER OF DAYS CLOUDY          5

AVERAGE RH (PERCENT)     78

WEATHER CONDITIONS. NUMBER OF DAYS WITH
THUNDERSTORM              9     MIXED PRECIP               0
HEAVY RAIN                6     RAIN                       6
LIGHT RAIN               15     FREEZING RAIN              0
LT FREEZING RAIN          0     HAIL                       0
HEAVY SNOW                0     SNOW                       0
LIGHT SNOW                0     SLEET                      0
FOG                      21     FOG W/VIS <= 1/4 MILE      6
HAZE                      3

-  INDICATES NEGATIVE NUMBERS.
R  INDICATES RECORD WAS SET OR TIED.
MM INDICATES DATA IS MISSING.
T  INDICATES TRACE AMOUNT.

&&
-------------------------------------------------------------------
 YEARLY PRECIPITATION (INCHES):
 TOTAL.....................14.26
 DEPARTURE FROM NORMAL.....-5.95
$$
