000
CXUS54 KTSA 011630
CLMFYV

CLIMATE REPORT
NATIONAL WEATHER SERVICE TULSA OK
1130 AM CDT FRI APR 1 2016

...................................

...THE FAYETTEVILLE ARKANSAS CLIMATE SUMMARY FOR THE MONTH OF MARCH 2016...

CLIMATE NORMAL PERIOD 1981 TO 2010
CLIMATE RECORD PERIOD 1905 TO 2016

WEATHER         OBSERVED          NORMAL  DEPART  LAST YEAR`S
                 VALUE   DATE(S)  VALUE   FROM    VALUE  DATE(S)
                                          NORMAL
................................................................
TEMPERATURE (F)
RECORD
 HIGH              89   03/22/1995
                        03/31/1974
 LOW                0   03/04/2002
HIGHEST            79   03/15        96     -17       80  03/31
LOWEST             22   03/21         1      21       12  03/05
AVG. MAXIMUM     64.6              60.1     4.5     59.5
AVG. MINIMUM     37.7              36.2     1.5     36.1
MEAN             51.1              48.1     3.0     47.8
DAYS MAX >= 90      0               0.0     0.0        0
DAYS MAX <= 32      0               0.3    -0.3        0
DAYS MIN <= 32     12              11.9     0.1        7
DAYS MIN <= 0       0               0.0     0.0        0

PRECIPITATION (INCHES)
RECORD
 MAXIMUM        10.05   2008
 MINIMUM         0.58   2001
TOTALS           3.63              3.95   -0.32     4.63
DAILY AVG.       0.12              0.13   -0.01     0.15
DAYS >= .01        10              10.3    -0.3       15
DAYS >= .10         5               6.8    -1.8        8
DAYS >= .50         2               2.9    -0.9        4
DAYS >= 1.00        1               1.1    -0.1        2
GREATEST
 24 HR. TOTAL    1.86   03/08 TO 03/08           03/25 TO 03/25
                        03/07 TO 03/08                    03/25 TO 03/25
                        03/08 TO 03/08                    03/25 TO 03/25

SNOWFALL (INCHES)
RECORDS
 TOTAL           15.0   1968
 24 HR TOTAL     12.0   03/21/2010 TO 03/21/2010
TOTALS            0.0               1.4    -1.4      2.6
SINCE 7/1           T               7.0    -7.0      7.9
SNOWDEPTH AVG.      0                MM      MM        0
DAYS >= TRACE       0               0.4    -0.4        2
DAYS >= 1.0         0               0.2    -0.2        1
GREATEST
 SNOW DEPTH         0   MM                             2  03/05
                                                          03/01
 24 HR TOTAL      0.0   03/31 TO 03/31           03/25 TO 03/25
                                                          03/25 TO 03/25
                                                          03/25 TO 03/25

DEGREE_DAYS
HEATING TOTAL     424               526    -102      526
 SINCE 7/1       3240              3829    -589     4012
COOLING TOTAL       2                 4      -2        0
 SINCE 1/1          2                 4      -2        0
......................................................

WIND (MPH)
AVERAGE WIND SPEED              8.1
HIGHEST WIND SPEED/DIRECTION    33/180    DATE  03/24
HIGHEST GUST SPEED/DIRECTION    46/220    DATE  03/24

SKY COVER
POSSIBLE SUNSHINE (PERCENT)   MM
AVERAGE SKY COVER           0.40
NUMBER OF DAYS FAIR           16
NUMBER OF DAYS PC              9
NUMBER OF DAYS CLOUDY          6

AVERAGE RH (PERCENT)     70

WEATHER CONDITIONS. NUMBER OF DAYS WITH
THUNDERSTORM              6     MIXED PRECIP               0
HEAVY RAIN                3     RAIN                      12
LIGHT RAIN               12     FREEZING RAIN              0
LT FREEZING RAIN          0     HAIL                       0
HEAVY SNOW                0     SNOW                       0
LIGHT SNOW                0     SLEET                      0
FOG                      15     FOG W/VIS <= 1/4 MILE      6
HAZE                      1

-  INDICATES NEGATIVE NUMBERS.
R  INDICATES RECORD WAS SET OR TIED.
MM INDICATES DATA IS MISSING.
T  INDICATES TRACE AMOUNT.

&&
-------------------------------------------------------------------
 YEARLY PRECIPITATION (INCHES):
 TOTAL..................... 4.78
 DEPARTURE FROM NORMAL.....-4.82
$$
