000
CXUS54 KTSA 011100
CLMFYV
CLIMATE REPORT
NATIONAL WEATHER SERVICE TULSA OK
1000 AM CDT SAT JUL 01 2023
...................................
...THE FAYETTEVILLE ARKANSAS CLIMATE SUMMARY FOR THE MONTH OF JUNE 2023...
CLIMATE NORMAL PERIOD 1991 TO 2020
CLIMATE RECORD PERIOD 1905 TO 2023
WEATHER OBSERVED NORMAL DEPART LAST YEAR`S
VALUE DATE(S) VALUE FROM VALUE DATE(S)
NORMAL
................................................................
TEMPERATURE (F)
RECORD
HIGH 101 06/28/2012
06/27/2012
06/25/2012
LOW 41 06/02/1956
HIGHEST 98 06/29 104 -6 96 06/25
LOWEST 56 06/07 42 14 50 06/04
AVG. MAXIMUM 88.2 84.6 3.6 88.3
AVG. MINIMUM 63.0 62.6 0.4 64.6
MEAN 75.6 73.6 2.0 76.5
DAYS MAX >= 90 10 4.9 5.1 16
DAYS MAX <= 32 0 0.0 0.0 0
DAYS MIN <= 32 0 0.0 0.0 0
DAYS MIN <= 0 0 0.0 0.0 0
PRECIPITATION (INCHES)
RECORD
MAXIMUM 14.42 2000
MINIMUM 0.18 1953
TOTALS 4.63 4.31 0.32 3.25
DAILY AVG. 0.15 0.14 0.01 0.11
DAYS >= .01 10 10.4 -0.4 6
DAYS >= .10 6 6.4 -0.4 4
DAYS >= .50 3 2.9 0.1 3
DAYS >= 1.00 2 1.1 0.9 1
GREATEST
24 HR. TOTAL 1.90 06/03 TO 06/03
DEGREE DAYS
HEATING TOTAL 0 5 -5 0
SINCE 7/1 3437 4076 -639 MM
COOLING TOTAL 325 263 62 350
SINCE 1/1 506 389 117 MM
................................................................
WIND (MPH)
AVERAGE WIND SPEED 4.0
HIGHEST WIND SPEED/DIRECTION 36/100 DATE 06/03
HIGHEST GUST SPEED/DIRECTION 58/110 DATE 06/03
SKY COVER
POSSIBLE SUNSHINE (PERCENT) MM
AVERAGE SKY COVER 0.19
NUMBER OF DAYS FAIR 23
NUMBER OF DAYS PC 7
NUMBER OF DAYS CLOUDY 0
AVERAGE RH (PERCENT) 67
WEATHER CONDITIONS. NUMBER OF DAYS WITH
THUNDERSTORM 14 MIXED PRECIP 0
HEAVY RAIN 5 RAIN 3
LIGHT RAIN 11 FREEZING RAIN 0
LT FREEZING RAIN 0 HAIL 0
HEAVY SNOW 0 SNOW 0
LIGHT SNOW 0 SLEET 0
FOG 23 FOG W/VIS <= 1/4 MILE 4
HAZE 14
- INDICATES NEGATIVE NUMBERS.
R INDICATES RECORD WAS SET OR TIED.
MM INDICATES DATA IS MISSING.
T INDICATES TRACE AMOUNT.
$$