000
CXUS54 KTSA 041225
CF6MLC
PRELIMINARY LOCAL CLIMATOLOGICAL DATA (WS FORM: F-6)
STATION: MCALESTER OKLAHOMA
MONTH: NOVEMBER
YEAR: 2023
LATITUDE: 34 52 N
LONGITUDE: 95 47 W
TEMPERATURE IN F: :PCPN: SNOW: WIND :SUNSHINE: SKY :PK WND
================================================================================
1 2 3 4 5 6A 6B 7 8 9 10 11 12 13 14 15 16 17 18
12Z AVG MX 2MIN
DY MAX MIN AVG DEP HDD CDD WTR SNW DPTH SPD SPD DIR MIN PSBL S-S WX SPD DR
================================================================================
1 55 24 40 -17 25 0 0.00 0.0 M 3.7 13 220 M M 2 19 220
2 62 33 48 -9 17 0 0.00 0.0 M 6.0 14 210 M M 1 22 210
3 71 45 58 1 7 0 0.00 0.0 M 7.7 18 210 M M 2 32 210
4 75 54 65 9 0 0 0.00 0.0 M 5.4 18 210 M M 3 28 210
5 79 58 69 13 0 4 0.00 0.0 M 5.9 15 200 M M 6 25 200
6 83 64 74 18 0 9 0.00 0.0 M 9.5 21 210 M M 3 33 220
7 84 64 74 19 0 9 0.00 0.0 M 8.3 16 180 M M 2 28 190
8 86 64 75 20 0 10 0.00 0.0 M 11.6 22 220 M M 2 31 210
9 M M M M M M M M M M M M M M M M M
10 66 41 54 0 11 0 0.00 0.0 M 4.6 14 20 M M 1 26 30
11 67 41 54 0 11 0 0.00 0.0 M 2.7 8 20 M M 4 16 90
12 70 37 54 1 11 0 0.00 0.0 M 0.4 7 20 M M 2 10 210
13 71 39 55 2 10 0 0.00 0.0 M 1.5 10 90 M M 2 17 110
14 71 39 55 2 10 0 0.00 0.0 M 1.4 9 260 M M 1 13 220
15 73 40 57 5 8 0 0.00 0.0 M 2.1 8 120 M M 2 14 140
16 62 44 53 1 12 0 0.00 0.0 M 5.4 14 210 M M 9 1 22 190
17 63 47 55 3 10 0 0.00 0.0 M 4.0 10 360 M M 9 1 16 30
18 71 38 55 4 10 0 0.00 0.0 M 1.4 7 20 M M 1 1 11 20
19 63 43 53 2 12 0 0.08 0.0 M 5.7 14 140 M M 8 27 160
20 68 48 58 8 7 0 0.22 0.0 M 9.1 20 330 M M 9 13 30 140
21 55 38 47 -3 18 0 0.00 0.0 M 12.0 20 340 M M 8 28 10
22 57 28 43 -7 22 0 0.00 0.0 M 2.5 10 320 M M 1 8 16 320
23 64 31 48 -1 17 0 0.00 0.0 M 3.1 14 220 M M 1 20 220
24 57 32 45 -4 20 0 0.00 0.0 M 5.3 12 10 M M 1 8 16 10
25 60 30 45 -4 20 0 0.04 0.0 M 3.3 10 190 M M 3 1 16 190
26 48 27 38 -10 27 0 0.02 M M 10.2 20 310 M M 5 1 28 310
27 55 22 39 -9 26 0 0.00 0.0 M 3.0 13 290 M M 2 20 300
28 61 27 44 -4 21 0 0.00 0.0 M 3.1 16 210 M M 2 21 200
29 65 33 49 2 16 0 0.00 0.0 M 7.4 15 220 M M 3 22 150
30 56 49 53 6 12 0 0.24 0.0 M 5.2 13 170 M M 10 13 25 190
================================================================================
SM 1918 1180 360 32 0.60 0.0 151.5 M 105
================================================================================
AV 66.1 40.7 5.2 FASTST M M 4 MAX(MPH)
MISC ----> 22 220 33 220
================================================================================
NOTES:
# LAST OF SEVERAL OCCURRENCES
COLUMN 17 PEAK WIND IN M.P.H.
PRELIMINARY LOCAL CLIMATOLOGICAL DATA (WS FORM: F-6) , PAGE 2
STATION: MCALESTER OKLAHOMA
MONTH: NOVEMBER
YEAR: 2023
LATITUDE: 34 52 N
LONGITUDE: 95 47 W
[TEMPERATURE DATA] [PRECIPITATION DATA] SYMBOLS USED IN COLUMN 16
AVERAGE MONTHLY: 53.4 TOTAL FOR MONTH: 0.60 1 = FOG OR MIST
DPTR FM NORMAL: 1.3 DPTR FM NORMAL: -2.41 2 = FOG REDUCING VISIBILITY
HIGHEST: 86 ON 8 GRTST 24HR 0.24 ON 30-30 TO 1/4 MILE OR LESS
LOWEST: 22 ON 27 3 = THUNDER
SNOW, ICE PELLETS, HAIL 4 = ICE PELLETS
TOTAL MONTH: 0.0 INCH 5 = HAIL
GRTST 24HR 0.0 6 = FREEZING RAIN OR DRIZZLE
GRTST DEPTH: M ON M 7 = DUSTSTORM OR SANDSTORM:
VSBY 1/2 MILE OR LESS
8 = SMOKE OR HAZE
[NO. OF DAYS WITH] [WEATHER - DAYS WITH] 9 = BLOWING SNOW
X = TORNADO
MAX 32 OR BELOW: 0 0.01 INCH OR MORE: 5
MAX 90 OR ABOVE: 0 0.10 INCH OR MORE: 2
MIN 32 OR BELOW: 8 0.50 INCH OR MORE: 0
MIN 0 OR BELOW: 0 1.00 INCH OR MORE: 0
[HDD (BASE 65) ]
TOTAL THIS MO. 360 CLEAR (SCALE 0-3) 19
DPTR FM NORMAL -39 PTCLDY (SCALE 4-7) 6
TOTAL FM JUL 1 513 CLOUDY (SCALE 8-10) 5
DPTR FM NORMAL -40
[CDD (BASE 65) ]
TOTAL THIS MO. 32
DPTR FM NORMAL 20 [PRESSURE DATA]
TOTAL FM JAN 1 2360 HIGHEST SLP 30.53 ON 1
DPTR FM NORMAL 229 LOWEST SLP 29.60 ON 20
[REMARKS]
#FINAL-11-23#