000
CXUS54 KTSA 180850
CF6RVS
PRELIMINARY LOCAL CLIMATOLOGICAL DATA (WS FORM: F-6)
STATION: TULSA-RIVERSIDE OKLAHOMA
MONTH: APRIL
YEAR: 2024
LATITUDE: 36 2 N
LONGITUDE: 95 59 W
TEMPERATURE IN F: :PCPN: SNOW: WIND :SUNSHINE: SKY :PK WND
================================================================================
1 2 3 4 5 6A 6B 7 8 9 10 11 12 13 14 15 16 17 18
12Z AVG MX 2MIN
DY MAX MIN AVG DEP HDD CDD WTR SNW DPTH SPD SPD DIR MIN PSBL S-S WX SPD DR
================================================================================
1 77 60 69 11 0 4 0.71 0.0 M 9.6 17 180 M M 8 138 28 340
2 60 44 52 -6 13 0 0.00 0.0 M 6.7 15 340 M M 7 18 29 340
3 63 41 52 -6 13 0 0.00 0.0 M 6.8 20 340 M M 2 36 340
4 70 35 53 -5 12 0 0.00 0.0 M 2.7 14 10 M M 2 8 24 350
5 76 39 58 -1 7 0 0.00 0.0 M 6.0 14 110 M M 0 18 21 100
6 79 55 67 8 0 2 0.10 0.0 M 14.2 29 180 M M 3 13 48 170
7 75 49 62 3 3 0 0.00 0.0 M 6.2 17 210 M M 1 27 220
8 79 44 62 2 3 0 0.00 0.0 M 5.5 16 190 M M 0 23 190
9 76 57 67 7 0 2 T 0.0 M 10.4 20 50 M M 4 32 10
10 64 53 59 -1 6 0 0.32 0.0 M 9.4 18 30 M M 7 1 36 20
11 69 43 56 -4 9 0 0.00 0.0 M 7.3 25 30 M M 0 1 36 30
12 75 38 57 -3 8 0 0.00 0.0 M 2.9 14 120 M M 0 20 120
13 86 53 70 9 0 5 0.00 0.0 M 10.8 29 180 M M 0 8 44 190
14 88 63 76 15 0 11 0.00 0.0 M 12.7 20 190 M M 0 8 28 180
15 77 65 71 10 0 6 T 0.0 M 11.7 25 170 M M 6 18 39 150
16 86 62 74 12 0 9 T 0.0 M 14.8 26 210 M M 4 8 43 180
17 87 52 70 8 0 5 0.00 0.0 M 6.3 17 150 M M 0 18 25 170
================================================================================
SM 1287 853 74 44 1.13 0.0 144.0 M 44
================================================================================
AV 75.7 50.2 8.5 FASTST M M 3 MAX(MPH)
MISC ----> # 29 180 48 170
================================================================================
NOTES:
# LAST OF SEVERAL OCCURRENCES
COLUMN 17 PEAK WIND IN M.P.H.
PRELIMINARY LOCAL CLIMATOLOGICAL DATA (WS FORM: F-6) , PAGE 2
STATION: TULSA-RIVERSIDE OKLAHOMA
MONTH: APRIL
YEAR: 2024
LATITUDE: 36 2 N
LONGITUDE: 95 59 W
[TEMPERATURE DATA] [PRECIPITATION DATA] SYMBOLS USED IN COLUMN 16
AVERAGE MONTHLY: 62.9 TOTAL FOR MONTH: 1.13 1 = FOG OR MIST
DPTR FM NORMAL: 3.2 DPTR FM NORMAL: -1.05 2 = FOG REDUCING VISIBILITY
HIGHEST: 88 ON 14 GRTST 24HR 0.71 ON 1- 1 TO 1/4 MILE OR LESS
LOWEST: 35 ON 4 3 = THUNDER
SNOW, ICE PELLETS, HAIL 4 = ICE PELLETS
TOTAL MONTH: 0.0 INCH 5 = HAIL
GRTST 24HR 0.0 6 = FREEZING RAIN OR DRIZZLE
GRTST DEPTH: M ON M 7 = DUSTSTORM OR SANDSTORM:
VSBY 1/2 MILE OR LESS
8 = SMOKE OR HAZE
[NO. OF DAYS WITH] [WEATHER - DAYS WITH] 9 = BLOWING SNOW
X = TORNADO
MAX 32 OR BELOW: 0 0.01 INCH OR MORE: 3
MAX 90 OR ABOVE: 0 0.10 INCH OR MORE: 3
MIN 32 OR BELOW: 0 0.50 INCH OR MORE: 1
MIN 0 OR BELOW: 0 1.00 INCH OR MORE: 0
[HDD (BASE 65) ]
TOTAL THIS MO. 74 CLEAR (SCALE 0-3) 10
DPTR FM NORMAL -44 PTCLDY (SCALE 4-7) 7
TOTAL FM JUL 1 2907 CLOUDY (SCALE 8-10) 0
DPTR FM NORMAL -380
[CDD (BASE 65) ]
TOTAL THIS MO. 44
DPTR FM NORMAL 15 [PRESSURE DATA]
TOTAL FM JAN 1 68 HIGHEST SLP M ON M
DPTR FM NORMAL 21 LOWEST SLP 29.51 ON 1
[REMARKS]