000
CXUS54 KTSA 010850
CF6RVS
PRELIMINARY LOCAL CLIMATOLOGICAL DATA (WS FORM: F-6)
STATION: TULSA-RIVERSIDE OKLAHOMA
MONTH: MAY
YEAR: 2023
LATITUDE: 36 2 N
LONGITUDE: 95 59 W
TEMPERATURE IN F: :PCPN: SNOW: WIND :SUNSHINE: SKY :PK WND
================================================================================
1 2 3 4 5 6A 6B 7 8 9 10 11 12 13 14 15 16 17 18
12Z AVG MX 2MIN
DY MAX MIN AVG DEP HDD CDD WTR SNW DPTH SPD SPD DIR MIN PSBL S-S WX SPD DR
================================================================================
1 71 37 54 -11 11 0 0.00 0.0 M 3.1 13 350 M M 0 20 290
2 75 42 59 -7 6 0 0.00 0.0 M 3.6 16 40 M M 0 21 10
3 76 41 59 -7 6 0 0.00 0.0 M 1.1 10 190 M M 0 13 190
4 59 54 57 -9 8 0 1.10 0.0 M 4.8 14 180 M M 8 13 22 170
5 80 54 67 1 0 2 0.00 0.0 M 7.3 17 170 M M 7 23 180
6 91 67 79 12 0 14 0.00 0.0 M 10.7 20 190 M M 3 1 29 210
7 86 66 76 9 0 11 0.00 0.0 M 10.4 21 180 M M 2 30 210
8 89 65 77 10 0 12 0.00 0.0 M 5.9 16 190 M M 0 1 23 170
9 89 67 78 10 0 13 0.00 0.0 M 8.3 25 40 M M 4 138 36 30
10 85 63 74 6 0 9 T 0.0 M 5.9 24 100 M M 1 32 100
11 79 67 73 5 0 8 0.01 0.0 M 6.6 15 130 M M 7 24 140
12 85 69 77 8 0 12 0.00 0.0 M 9.5 18 200 M M 5 3 29 300
13 85 63 74 5 0 9 1.05 0.0 M 3.2 26 70 M M 4 3 41 120
14 82 64 73 4 0 8 0.05 0.0 M 1.4 8 140 M M 2 3 14 180
15 80 64 72 2 0 7 0.22 0.0 M 2.9 10 310 M M 7 20 340
16 69 61 65 -5 0 0 0.00 0.0 M 3.3 9 20 M M 10 17 320
17 72 59 66 -4 0 1 0.00 0.0 M 1.9 8 40 M M 8 11 30
18 82 57 70 0 0 5 0.00 0.0 M 1.5 9 220 M M 2 14 200
19 70 55 63 -8 2 0 1.55 0.0 M 7.3 23 10 M M 8 13 37 360
20 73 52 63 -8 2 0 0.00 0.0 M 4.2 14 20 M M 0 21 30
21 77 51 64 -8 1 0 0.00 0.0 M 2.5 9 130 M M 0 15 170
22 80 54 67 -5 0 2 0.00 0.0 M 2.5 9 130 M M 1 18 110
23 82 61 72 0 0 7 0.02 0.0 M 2.4 12 110 M M 3 15 110
24 78 64 71 -1 0 6 0.25 0.0 M 4.4 17 130 M M 7 23 120
25 83 60 72 -1 0 7 0.00 0.0 M 2.0 15 150 M M 1 20 140
26 85 60 73 0 0 8 0.00 0.0 M 3.7 13 60 M M 1 17 50
27 84 60 72 -1 0 7 0.00 0.0 M 3.3 10 170 M M 1 23 170
28 84 59 72 -2 0 7 0.00 0.0 M 3.8 12 150 M M 2 17 150
29 85 62 74 0 0 9 0.02 0.0 M 3.0 12 180 M M 2 3 17 160
30 88 63 76 2 0 11 0.00 0.0 M 4.0 13 190 M M 1 19 160
31 90 65 78 3 0 13 0.00 0.0 M 5.2 15 160 M M 1 23 150
================================================================================
SM 2494 1826 36 188 4.27 0.0 139.7 M 98
================================================================================
AV 80.5 58.9 4.5 FASTST M M 3 MAX(MPH)
MISC ----> 26 70 41 120
================================================================================
NOTES:
# LAST OF SEVERAL OCCURRENCES
COLUMN 17 PEAK WIND IN M.P.H.
PRELIMINARY LOCAL CLIMATOLOGICAL DATA (WS FORM: F-6) , PAGE 2
STATION: TULSA-RIVERSIDE OKLAHOMA
MONTH: MAY
YEAR: 2023
LATITUDE: 36 2 N
LONGITUDE: 95 59 W
[TEMPERATURE DATA] [PRECIPITATION DATA] SYMBOLS USED IN COLUMN 16
AVERAGE MONTHLY: 69.7 TOTAL FOR MONTH: 4.27 1 = FOG OR MIST
DPTR FM NORMAL: -0.2 DPTR FM NORMAL: -1.81 2 = FOG REDUCING VISIBILITY
HIGHEST: 91 ON 6 GRTST 24HR 1.55 ON 19-19 TO 1/4 MILE OR LESS
LOWEST: 37 ON 1 3 = THUNDER
SNOW, ICE PELLETS, HAIL 4 = ICE PELLETS
TOTAL MONTH: 0.0 INCH 5 = HAIL
GRTST 24HR 0.0 6 = FREEZING RAIN OR DRIZZLE
GRTST DEPTH: M ON M 7 = DUSTSTORM OR SANDSTORM:
VSBY 1/2 MILE OR LESS
8 = SMOKE OR HAZE
[NO. OF DAYS WITH] [WEATHER - DAYS WITH] 9 = BLOWING SNOW
X = TORNADO
MAX 32 OR BELOW: 0 0.01 INCH OR MORE: 9
MAX 90 OR ABOVE: 2 0.10 INCH OR MORE: 5
MIN 32 OR BELOW: 0 0.50 INCH OR MORE: 3
MIN 0 OR BELOW: 0 1.00 INCH OR MORE: 3
[HDD (BASE 65) ]
TOTAL THIS MO. 36 CLEAR (SCALE 0-3) 19
DPTR FM NORMAL -1 PTCLDY (SCALE 4-7) 9
TOTAL FM JUL 1 3332 CLOUDY (SCALE 8-10) 3
DPTR FM NORMAL -39
[CDD (BASE 65) ]
TOTAL THIS MO. 188
DPTR FM NORMAL 0 [PRESSURE DATA]
TOTAL FM JAN 1 237 HIGHEST SLP 30.29 ON 20
DPTR FM NORMAL -27 LOWEST SLP 29.75 ON 11
[REMARKS]
#FINAL-05-23#