000
CDUS44 KTSA 010648
CLITUL

CLIMATE REPORT
NATIONAL WEATHER SERVICE TULSA OK
147 AM CDT WED JUL 1 2015


...................................

...THE TULSA OKLAHOMA CLIMATE SUMMARY FOR JUNE 30 2015...

CLIMATE NORMAL PERIOD 1981 TO 2010
CLIMATE RECORD PERIOD 1882 TO 2015


WEATHER ITEM   OBSERVED TIME   RECORD YEAR NORMAL DEPARTURE LAST
                VALUE   (LST)  VALUE       VALUE  FROM      YEAR
                                                  NORMAL
..................................................................
TEMPERATURE (F)
 YESTERDAY
  MAXIMUM         98    355 PM 107    1925  91      7       94
  MINIMUM         69    438 AM  57    1943  71     -2       78
  AVERAGE         84                        81      3       86

PRECIPITATION (IN)
  YESTERDAY        0.00          2.90 1942   0.13  -0.13     0.00
  MONTH TO DATE    4.77                      4.72   0.05     4.67
  SINCE JUN 1      4.77                      4.72   0.05     4.67
  SINCE JAN 1     29.67                     21.22   8.45    13.12

DEGREE DAYS
 COOLING
  YESTERDAY       19                        16      3       21
  MONTH TO DATE  482                       379    103      403
  SINCE JUN 1    482                       379    103      403
  SINCE JAN 1    687                       613     74      674
..................................................................


WIND (MPH)
  HIGHEST WIND SPEED    18   HIGHEST WIND DIRECTION     S (190)
  HIGHEST GUST SPEED    24   HIGHEST GUST DIRECTION     S (200)
  AVERAGE WIND SPEED     7.6


SKY COVER
  POSSIBLE SUNSHINE  MM
  AVERAGE SKY COVER 0.7


WEATHER CONDITIONS
 THE FOLLOWING WEATHER WAS RECORDED YESTERDAY.
  NO SIGNIFICANT WEATHER WAS OBSERVED.


RELATIVE HUMIDITY (PERCENT)
 HIGHEST    90           300 AM
 LOWEST     35           400 PM
 AVERAGE    63

..........................................................


THE TULSA OKLAHOMA CLIMATE NORMALS FOR TODAY
                         NORMAL    RECORD    YEAR
 MAXIMUM TEMPERATURE (F)   91       106      1917
 MINIMUM TEMPERATURE (F)   71        57      1995
                                             1924
                                             1918


SUNRISE AND SUNSET
JULY  1 2015..........SUNRISE   610 AM CDT   SUNSET   845 PM CDT
JULY  2 2015..........SUNRISE   610 AM CDT   SUNSET   845 PM CDT


-  INDICATES NEGATIVE NUMBERS.
R  INDICATES RECORD WAS SET OR TIED.
MM INDICATES DATA IS MISSING.
T  INDICATES TRACE AMOUNT.




$$

&&
...........................................................

THE TULSA PRECIPITATION NORMALS FOR TODAY
                       NORMAL    RECORD      YEAR
  TODAY                 0.12      1.95       1922
  MONTH TO DATE         0.12
  YEAR TO DATE         21.34
...........................................................
ALL DATA MEASURED AT THE TULSA INTERNATIONAL AIRPORT...
EXCEPT SNOWFALL...WHICH IS MEASURED AT THE NWS OFFICE.
