000
CDUS44 KTSA 070708
CLITUL

CLIMATE REPORT
NATIONAL WEATHER SERVICE TULSA OK
108 AM CST SUN FEB 7 2016


...................................

...THE TULSA OKLAHOMA CLIMATE SUMMARY FOR FEBRUARY 6 2016...

CLIMATE NORMAL PERIOD 1981 TO 2010
CLIMATE RECORD PERIOD 1882 TO 2016


WEATHER ITEM   OBSERVED TIME   RECORD YEAR NORMAL DEPARTURE LAST
                VALUE   (LST)  VALUE       VALUE  FROM      YEAR
                                                  NORMAL
..................................................................
TEMPERATURE (F)
 YESTERDAY
  MAXIMUM         55    327 PM  73    2007  51      4       59
                                      1999
                                      1925
  MINIMUM         36    834 AM   4    1985  29      7       30
  AVERAGE         46                        40      6       45

PRECIPITATION (IN)
  YESTERDAY        0.00          0.64 1999   0.06  -0.06     0.00
  MONTH TO DATE    0.11                      0.32  -0.21     0.11
  SINCE DEC 1      9.32                      4.47   4.85     2.83
  SINCE JAN 1      0.72                      1.98  -1.26     0.86

SNOWFALL (IN)
  YESTERDAY        0.0                                       0.0
  MONTH TO DATE    0.0                                        T
  SINCE DEC 1      3.0                                       2.0
  SINCE JUL 1      3.0                                       2.4

DEGREE DAYS
 HEATING
  YESTERDAY       19                        25     -6       20
  MONTH TO DATE  128                       153    -25      181
  SINCE DEC 1   1515                      1790   -275     1690
  SINCE JUL 1   1990                      2426   -436     2391
..................................................................


WIND (MPH)
  HIGHEST WIND SPEED    15   HIGHEST WIND DIRECTION     W (260)
  HIGHEST GUST SPEED    19   HIGHEST GUST DIRECTION     W (260)
  AVERAGE WIND SPEED     6.2


SKY COVER
  POSSIBLE SUNSHINE  MM
  AVERAGE SKY COVER 0.6


WEATHER CONDITIONS
 THE FOLLOWING WEATHER WAS RECORDED YESTERDAY.
  HAZE


RELATIVE HUMIDITY (PERCENT)
 HIGHEST    65           900 AM
 LOWEST     38           500 PM
 AVERAGE    52

..........................................................


THE TULSA OKLAHOMA CLIMATE NORMALS FOR TODAY
                         NORMAL    RECORD    YEAR
 MAXIMUM TEMPERATURE (F)   51        78      1909
 MINIMUM TEMPERATURE (F)   29         0      1933


SUNRISE AND SUNSET
FEBRUARY  7 2016......SUNRISE   720 AM CST   SUNSET   556 PM CST
FEBRUARY  8 2016......SUNRISE   719 AM CST   SUNSET   557 PM CST


-  INDICATES NEGATIVE NUMBERS.
R  INDICATES RECORD WAS SET OR TIED.
MM INDICATES DATA IS MISSING.
T  INDICATES TRACE AMOUNT.




$$

&&
...........................................................

THE TULSA PRECIPITATION NORMALS FOR TODAY
                       NORMAL    RECORD      YEAR
  TODAY                 0.06      0.76       1980
  MONTH TO DATE         0.38
  YEAR TO DATE          2.04
...........................................................
ALL DATA MEASURED AT THE TULSA INTERNATIONAL AIRPORT...
EXCEPT SNOWFALL...WHICH IS MEASURED AT THE NWS OFFICE.
