000
CDUS44 KTSA 162136
CLITUL

CLIMATE REPORT
NATIONAL WEATHER SERVICE TULSA OK
418 PM CDT WED APR 16 2014


...................................

...THE TULSA OKLAHOMA CLIMATE SUMMARY FOR APRIL 16 2014...
VALID TODAY AS OF 0400 PM LOCAL TIME.

CLIMATE NORMAL PERIOD 1981 TO 2010
CLIMATE RECORD PERIOD 1882 TO 2014


WEATHER ITEM   OBSERVED TIME   RECORD YEAR NORMAL DEPARTURE LAST
                VALUE   (LST)  VALUE       VALUE  FROM      YEAR
                                                  NORMAL
..................................................................
TEMPERATURE (F)
 TODAY
  MAXIMUM         66    259 PM  93    1982  72     -6       57
  MINIMUM         46    619 AM  31    1953  49     -3       50
  AVERAGE         56                        61     -5       54

PRECIPITATION (IN)
  TODAY            0.00          1.38 1968   0.12  -0.12      T
  MONTH TO DATE    0.56                      1.76  -1.20     2.01
  SINCE MAR 1      2.92                      5.05  -2.13     3.11
  SINCE JAN 1      3.37                      8.56  -5.19     7.83

SNOWFALL (IN)
  TODAY            0.0                                       0.0
  MONTH TO DATE    T                                         0.0
  SINCE MAR 1      2.4                                        T
  SINCE JUL 1     12.4                                       3.7

DEGREE DAYS
 HEATING
  TODAY            9                         6      3       11
  MONTH TO DATE  141                       126     15      173
  SINCE MAR 1    703                       564    139      708
  SINCE JUL 1   4004                      3475    529     3380

 COOLING
  TODAY            0                         2     -2        0
  MONTH TO DATE   17                        21     -4        9
  SINCE MAR 1     18                        32    -14       13
  SINCE JAN 1     18                        33    -15       15
..................................................................


WIND (MPH)
  HIGHEST WIND SPEED    35   HIGHEST WIND DIRECTION     S (170)
  HIGHEST GUST SPEED    47   HIGHEST GUST DIRECTION     S (180)
  AVERAGE WIND SPEED    19.7


SKY COVER
  POSSIBLE SUNSHINE  MM
  AVERAGE SKY COVER 0.7


WEATHER CONDITIONS
 THE FOLLOWING WEATHER WAS RECORDED TODAY.
  NO SIGNIFICANT WEATHER WAS OBSERVED.


RELATIVE HUMIDITY (PERCENT)
 HIGHEST    60           700 AM
 LOWEST     28           200 PM
 AVERAGE    44

..........................................................


THE TULSA OKLAHOMA CLIMATE NORMALS FOR TOMORROW
                         NORMAL    RECORD    YEAR
 MAXIMUM TEMPERATURE (F)   72        95      2006
 MINIMUM TEMPERATURE (F)   50        28      1921


SUNRISE AND SUNSET
APRIL 16 2014.........SUNRISE   649 AM CDT   SUNSET   758 PM CDT
APRIL 17 2014.........SUNRISE   648 AM CDT   SUNSET   759 PM CDT


-  INDICATES NEGATIVE NUMBERS.
R  INDICATES RECORD WAS SET OR TIED.
MM INDICATES DATA IS MISSING.
T  INDICATES TRACE AMOUNT.




$$

&&
...........................................................

TULSA RECORD LOW MAX AND HIGH MIN TEMPERATURES FOR TOMORROW
                      RECORD        YEAR
  LOW MAXIMUM           56          1939
  HIGH MINIMUM          70          1963
...........................................................
ALL DATA MEASURED AT THE TULSA INTERNATIONAL AIRPORT...
EXCEPT SNOWFALL...WHICH IS MEASURED AT THE NWS OFFICE.
