000
CDUS44 KTSA 310653
CLITUL

CLIMATE REPORT
NATIONAL WEATHER SERVICE TULSA OK
147 AM CDT FRI OCT 31 2014


...................................

...THE TULSA OKLAHOMA CLIMATE SUMMARY FOR OCTOBER 30 2014...

CLIMATE NORMAL PERIOD 1981 TO 2010
CLIMATE RECORD PERIOD 1882 TO 2014


WEATHER ITEM   OBSERVED TIME   RECORD YEAR NORMAL DEPARTURE LAST
                VALUE   (LST)  VALUE       VALUE  FROM      YEAR
                                                  NORMAL
..................................................................
TEMPERATURE (F)
 YESTERDAY
  MAXIMUM         78    245 PM  90    1937  69      9       71
  MINIMUM         51    400 AM  15    1917  46      5       65
  AVERAGE         65                        57      8       68

PRECIPITATION (IN)
  YESTERDAY        0.00          1.86 1941   0.13  -0.13     0.84
  MONTH TO DATE    4.82                      3.81   1.01     3.27
  SINCE SEP 1      7.01                      8.07  -1.06     5.77
  SINCE JAN 1     25.53                     35.55 -10.02    29.15

SNOWFALL (IN)
  YESTERDAY        0.0                                       0.0
  MONTH TO DATE    0.0                                       0.0
  SINCE SEP 1      0.0                                       0.0
  SINCE JUL 1      0.0                                       0.0

DEGREE DAYS
 HEATING
  YESTERDAY        0                         9     -9        0
  MONTH TO DATE   76                       154    -78      179
  SINCE SEP 1     88                       178    -90      180
  SINCE JUL 1     89                       178    -89      180

 COOLING
  YESTERDAY        0                         1     -1        3
  MONTH TO DATE  113                        61     52       73
  SINCE SEP 1    394                       325     69      421
  SINCE JAN 1   2047                      2026     21     2050
..................................................................


WIND (MPH)
  HIGHEST WIND SPEED    23   HIGHEST WIND DIRECTION    NW (330)
  HIGHEST GUST SPEED    30   HIGHEST GUST DIRECTION     W (260)
  AVERAGE WIND SPEED    10.2


SKY COVER
  POSSIBLE SUNSHINE  MM
  AVERAGE SKY COVER 0.2


WEATHER CONDITIONS
 THE FOLLOWING WEATHER WAS RECORDED YESTERDAY.
  NO SIGNIFICANT WEATHER WAS OBSERVED.


RELATIVE HUMIDITY (PERCENT)
 HIGHEST    68           300 AM
 LOWEST     25           400 PM
 AVERAGE    47

..........................................................


THE TULSA OKLAHOMA CLIMATE NORMALS FOR TODAY
                         NORMAL    RECORD    YEAR
 MAXIMUM TEMPERATURE (F)   68        87      1950
 MINIMUM TEMPERATURE (F)   46        18      1993


SUNRISE AND SUNSET
OCTOBER 31 2014.......SUNRISE   745 AM CDT   SUNSET   628 PM CDT
NOVEMBER  1 2014......SUNRISE   746 AM CDT   SUNSET   627 PM CDT


-  INDICATES NEGATIVE NUMBERS.
R  INDICATES RECORD WAS SET OR TIED.
MM INDICATES DATA IS MISSING.
T  INDICATES TRACE AMOUNT.




$$

&&
...........................................................

THE TULSA PRECIPITATION NORMALS FOR TODAY
                       NORMAL    RECORD      YEAR
  TODAY                 0.12      6.40       1899
  MONTH TO DATE         3.93
  YEAR TO DATE         35.67
...........................................................
ALL DATA MEASURED AT THE TULSA INTERNATIONAL AIRPORT...
EXCEPT SNOWFALL...WHICH IS MEASURED AT THE NWS OFFICE.
