610
CDUS44 KTSA 252229
CLITUL

CLIMATE REPORT
NATIONAL WEATHER SERVICE TULSA OK
418 PM CDT MON SEP 25 2017


...................................

...THE TULSA OKLAHOMA CLIMATE SUMMARY FOR SEPTEMBER 25 2017...
VALID TODAY AS OF 0400 PM LOCAL TIME.

CLIMATE NORMAL PERIOD 1981 TO 2010
CLIMATE RECORD PERIOD 1882 TO 2017


WEATHER ITEM   OBSERVED TIME   RECORD YEAR NORMAL DEPARTURE LAST
                VALUE   (LST)  VALUE       VALUE  FROM      YEAR
                                                  NORMAL
..................................................................
TEMPERATURE (F)
 TODAY
  MAXIMUM         89    203 PM  99    1939  80      9       77
  MINIMUM         69    610 AM  42    2001  58     11       62
  AVERAGE         79                        69     10       70

PRECIPITATION (IN)
  TODAY            0.00          2.07 1959   0.14  -0.14     0.68
  MONTH TO DATE    0.57                      3.58  -3.01     2.31
  SINCE SEP 1      0.57                      3.58  -3.01     2.31
  SINCE JAN 1     35.57                     31.06   4.51    23.01

DEGREE DAYS
 HEATING
  TODAY            0                         2     -2        0
  MONTH TO DATE    0                        12    -12        0
  SINCE SEP 1      0                        12    -12        0
  SINCE JUL 1      0                        12    -12        0

 COOLING
  TODAY           14                         6      8        5
  MONTH TO DATE  291                       239     52      361
  SINCE SEP 1    291                       239     52      361
  SINCE JAN 1   1992                      1940     52     2301
..................................................................


WIND (MPH)
  HIGHEST WIND SPEED    18   HIGHEST WIND DIRECTION     S (180)
  HIGHEST GUST SPEED    29   HIGHEST GUST DIRECTION     S (190)
  AVERAGE WIND SPEED    10.1


SKY COVER
  POSSIBLE SUNSHINE  MM
  AVERAGE SKY COVER 0.5


WEATHER CONDITIONS
 THE FOLLOWING WEATHER WAS RECORDED TODAY.
  NO SIGNIFICANT WEATHER WAS OBSERVED.


RELATIVE HUMIDITY (PERCENT)
 HIGHEST    84           400 AM
 LOWEST     46          1200 PM
 AVERAGE    65

..........................................................


THE TULSA OKLAHOMA CLIMATE NORMALS FOR TOMORROW
                         NORMAL    RECORD    YEAR
 MAXIMUM TEMPERATURE (F)   80        96      1938
                                             1920
                                             1905
 MINIMUM TEMPERATURE (F)   58        37      1912


SUNRISE AND SUNSET
SEPTEMBER 25 2017.....SUNRISE   714 AM CDT   SUNSET   716 PM CDT
SEPTEMBER 26 2017.....SUNRISE   715 AM CDT   SUNSET   714 PM CDT


-  INDICATES NEGATIVE NUMBERS.
R  INDICATES RECORD WAS SET OR TIED.
MM INDICATES DATA IS MISSING.
T  INDICATES TRACE AMOUNT.




$$

&&
...........................................................

TULSA RECORD LOW MAX AND HIGH MIN TEMPERATURES FOR TOMORROW
                      RECORD        YEAR
  LOW MAXIMUM           48          1926
  HIGH MINIMUM          73          *1998
...........................................................
ALL DATA MEASURED AT THE TULSA INTERNATIONAL AIRPORT...
EXCEPT SNOWFALL...WHICH IS MEASURED AT THE NWS OFFICE.
