000
CDUS44 KTSA 011413
CLITUL

CLIMATE REPORT
NATIONAL WEATHER SERVICE TULSA OK
913 AM CDT FRI JUL 1 2016


...................................

...THE TULSA OKLAHOMA CLIMATE SUMMARY FOR JULY 1 2016...
VALID AS OF 0900 AM LOCAL TIME.

CLIMATE NORMAL PERIOD 1981 TO 2010
CLIMATE RECORD PERIOD 1882 TO 2016


WEATHER ITEM   OBSERVED TIME   RECORD YEAR NORMAL DEPARTURE LAST
                VALUE   (LST)  VALUE       VALUE  FROM      YEAR
                                                  NORMAL
..................................................................
TEMPERATURE (F)
 TODAY
  MAXIMUM         77   1246 AM 106    1917  91    -14       96
  MINIMUM         73    648 AM  57    1995  71      2       79
                                      1924
                                      1918
  AVERAGE         75                        81     -6       88

PRECIPITATION (IN)
  TODAY            0.01          1.95 1922   0.12  -0.11     0.00
  MONTH TO DATE    0.01                      0.12  -0.11     0.00
  SINCE JUN 1      0.78                      4.84  -4.06     4.77
  SINCE JAN 1     14.64                     21.34  -6.70    29.67

DEGREE DAYS
 COOLING
  TODAY           10                        16     -6       23
  MONTH TO DATE   10                        16     -6       23
  SINCE JUN 1    543                       395    148      505
  SINCE JAN 1    747                       629    118      710
..................................................................


WIND (MPH)
  HIGHEST WIND SPEED    13   HIGHEST WIND DIRECTION    NW (320)
  HIGHEST GUST SPEED    15   HIGHEST GUST DIRECTION    NW (320)
  AVERAGE WIND SPEED     2.3


SKY COVER
  POSSIBLE SUNSHINE  MM
  AVERAGE SKY COVER 0.8


WEATHER CONDITIONS
 THE FOLLOWING WEATHER WAS RECORDED TODAY.
  LIGHT RAIN


RELATIVE HUMIDITY (PERCENT)
 HIGHEST    94          1200 AM
 LOWEST     93           300 AM
 AVERAGE    94

..........................................................


THE TULSA OKLAHOMA CLIMATE NORMALS FOR TOMORROW
                         NORMAL    RECORD    YEAR
 MAXIMUM TEMPERATURE (F)   92       105      1933
 MINIMUM TEMPERATURE (F)   72        54      1924


SUNRISE AND SUNSET
JULY  1 2016..........SUNRISE   610 AM CDT   SUNSET   845 PM CDT
JULY  2 2016..........SUNRISE   611 AM CDT   SUNSET   845 PM CDT


-  INDICATES NEGATIVE NUMBERS.
R  INDICATES RECORD WAS SET OR TIED.
MM INDICATES DATA IS MISSING.
T  INDICATES TRACE AMOUNT.




$$

&&
ALL DATA MEASURED AT THE TULSA INTERNATIONAL AIRPORT...
EXCEPT SNOWFALL...WHICH IS MEASURED AT THE NWS OFFICE.
