000
CDUS44 KTSA 200648
CLITUL

CLIMATE REPORT
NATIONAL WEATHER SERVICE TULSA OK
1247 AM CST SAT JAN 20 2018


...................................

...THE TULSA OKLAHOMA CLIMATE SUMMARY FOR JANUARY 19 2018...

CLIMATE NORMAL PERIOD 1981 TO 2010
CLIMATE RECORD PERIOD 1882 TO 2018


WEATHER ITEM   OBSERVED TIME   RECORD YEAR NORMAL DEPARTURE LAST
                VALUE   (LST)  VALUE       VALUE  FROM      YEAR
                                                  NORMAL
..................................................................
TEMPERATURE (F)
 YESTERDAY
  MAXIMUM         57    357 PM  75    1951  48      9       55
  MINIMUM         29    614 AM  -5    1943  27      2       46
  AVERAGE         43                        38      5       51

PRECIPITATION (IN)
  YESTERDAY        0.00          1.85 1990   0.05  -0.05      T
  MONTH TO DATE    0.25                      0.99  -0.74     1.75
  SINCE DEC 1      1.68                      3.48  -1.80     2.19
  SINCE JAN 1      0.25                      0.99  -0.74     1.75

SNOWFALL (IN)
  YESTERDAY        0.0                                       0.0
  MONTH TO DATE    T                                         0.2
  SINCE DEC 1      2.0                                       0.7
  SINCE JUL 1      2.0                                       0.7

DEGREE DAYS
 HEATING
  YESTERDAY       22                        27     -5       14
  MONTH TO DATE  649                       528    121      488
  SINCE DEC 1   1368                      1320     48     1272
  SINCE JUL 1   1870                      1956    -86     1611
..................................................................


WIND (MPH)
  HIGHEST WIND SPEED    23   HIGHEST WIND DIRECTION     S (170)
  HIGHEST GUST SPEED    29   HIGHEST GUST DIRECTION     S (180)
  AVERAGE WIND SPEED    14.1


SKY COVER
  POSSIBLE SUNSHINE  MM
  AVERAGE SKY COVER 0.7


WEATHER CONDITIONS
 THE FOLLOWING WEATHER WAS RECORDED YESTERDAY.
  NO SIGNIFICANT WEATHER WAS OBSERVED.


RELATIVE HUMIDITY (PERCENT)
 HIGHEST    86          1100 PM
 LOWEST     30           200 PM
 AVERAGE    58

..........................................................


THE TULSA OKLAHOMA CLIMATE NORMALS FOR TODAY
                         NORMAL    RECORD    YEAR
 MAXIMUM TEMPERATURE (F)   48        77      1986
 MINIMUM TEMPERATURE (F)   27        -3      1985


SUNRISE AND SUNSET
JANUARY 20 2018.......SUNRISE   732 AM CST   SUNSET   538 PM CST
JANUARY 21 2018.......SUNRISE   732 AM CST   SUNSET   539 PM CST


-  INDICATES NEGATIVE NUMBERS.
R  INDICATES RECORD WAS SET OR TIED.
MM INDICATES DATA IS MISSING.
T  INDICATES TRACE AMOUNT.




$$

&&
...........................................................

THE TULSA PRECIPITATION NORMALS FOR TODAY
                       NORMAL    RECORD      YEAR
  TODAY                 0.06      1.63       1904
  MONTH TO DATE         1.05
  YEAR TO DATE          1.05
...........................................................
ALL DATA MEASURED AT THE TULSA INTERNATIONAL AIRPORT...
EXCEPT SNOWFALL...WHICH IS MEASURED AT THE NWS OFFICE.
