000
CDUS44 KTSA 241412
CLITUL

CLIMATE REPORT
NATIONAL WEATHER SERVICE TULSA OK
912 AM CDT MON JUL 24 2017


...................................

...THE TULSA OKLAHOMA CLIMATE SUMMARY FOR JULY 24 2017...
VALID AS OF 0900 AM LOCAL TIME.

CLIMATE NORMAL PERIOD 1981 TO 2010
CLIMATE RECORD PERIOD 1882 TO 2017


WEATHER ITEM   OBSERVED TIME   RECORD YEAR NORMAL DEPARTURE LAST
                VALUE   (LST)  VALUE       VALUE  FROM      YEAR
                                                  NORMAL
..................................................................
TEMPERATURE (F)
 TODAY
  MAXIMUM         80    759 AM 110    1934  94    -14      101
  MINIMUM         71    527 AM  60    1927  73     -2       80
                                      1909
  AVERAGE         76                        84     -8       91

PRECIPITATION (IN)
  TODAY            0.00          1.95 1973   0.10  -0.10     0.00
  MONTH TO DATE    2.00                      2.70  -0.70     1.99
  SINCE JUN 1      4.77                      7.42  -2.65     2.76
  SINCE JAN 1     28.70                     23.92   4.78    16.62

DEGREE DAYS
 COOLING
  TODAY           11                        19     -8       26
  MONTH TO DATE  449                       423     26      501
  SINCE JUN 1    849                       802     47     1034
  SINCE JAN 1   1136                      1036    100     1238
..................................................................


WIND (MPH)
  HIGHEST WIND SPEED     7   HIGHEST WIND DIRECTION     W (250)
  HIGHEST GUST SPEED    11   HIGHEST GUST DIRECTION     S (200)
  AVERAGE WIND SPEED     2.2


SKY COVER
  POSSIBLE SUNSHINE  MM
  AVERAGE SKY COVER 0.2


WEATHER CONDITIONS
 THE FOLLOWING WEATHER WAS RECORDED TODAY.
  NO SIGNIFICANT WEATHER WAS OBSERVED.


RELATIVE HUMIDITY (PERCENT)
 HIGHEST    93           600 AM
 LOWEST     69           800 AM
 AVERAGE    81

..........................................................


THE TULSA OKLAHOMA CLIMATE NORMALS FOR TOMORROW
                         NORMAL    RECORD    YEAR
 MAXIMUM TEMPERATURE (F)   94       108      1934
 MINIMUM TEMPERATURE (F)   73        54      1911


SUNRISE AND SUNSET
JULY 24 2017..........SUNRISE   625 AM CDT   SUNSET   835 PM CDT
JULY 25 2017..........SUNRISE   625 AM CDT   SUNSET   834 PM CDT


-  INDICATES NEGATIVE NUMBERS.
R  INDICATES RECORD WAS SET OR TIED.
MM INDICATES DATA IS MISSING.
T  INDICATES TRACE AMOUNT.




$$

&&
ALL DATA MEASURED AT THE TULSA INTERNATIONAL AIRPORT...
EXCEPT SNOWFALL...WHICH IS MEASURED AT THE NWS OFFICE.
