000
CXUS54 KTSA 011116
CLMTUL

CLIMATE REPORT
NATIONAL WEATHER SERVICE TULSA OK
615 AM CDT WED NOV 1 2017

...................................

...THE TULSA OKLAHOMA CLIMATE SUMMARY FOR THE MONTH OF OCTOBER 2017...

CLIMATE NORMAL PERIOD 1981 TO 2010
CLIMATE RECORD PERIOD 1882 TO 2017

WEATHER         OBSERVED          NORMAL  DEPART  LAST YEAR`S
                 VALUE   DATE(S)  VALUE   FROM    VALUE  DATE(S)
                                          NORMAL
................................................................
TEMPERATURE (F)
RECORD
 HIGH              98   10/07/1979
                        10/06/1939
 LOW               15   10/30/1917
HIGHEST            90   10/14        74      16       90  10/17
                                                          10/05
LOWEST             29   10/28        51     -22       41  10/21
AVG. MAXIMUM     75.0              73.0     2.0     79.8
AVG. MINIMUM     51.6              50.6     0.9     57.3
MEAN             63.3              61.8     1.5     68.5
DAYS MAX >= 90      1               0.3     0.7        2
DAYS MAX <= 32      0               0.0     0.0        0
DAYS MIN <= 32      2               0.4     1.6        0
DAYS MIN <= 0       0               0.0     0.0        0

PRECIPITATION (INCHES)
RECORD
 MAXIMUM        16.51   1941
 MINIMUM            T   1924
TOTALS           7.16              3.93    3.23     2.86
DAILY AVG.       0.23              0.13    0.10     0.09
DAYS >= .01         8               7.9     0.1       10
DAYS >= .10         8               4.5     3.5        7
DAYS >= .50         3               2.6     0.4        1
DAYS >= 1.00        2               1.3     0.7        1
GREATEST
 24 HR. TOTAL    4.07   10/04 TO 10/04

SNOWFALL (INCHES)
RECORDS
 TOTAL            0.3   1993
TOTALS            0.0                 T     0.0      0.0
SINCE 7/1         0.0                 T     0.0      0.0
SNOWDEPTH AVG.      0                MM      MM        0
DAYS >= 1.0         0               0.0     0.0        0
GREATEST
 SNOW DEPTH         0   MM                             0  MM
 24 HR TOTAL      0.0   10/30 TO 10/30

DEGREE_DAYS
HEATING TOTAL     159               162      -3       48
 SINCE 7/1        159               186     -27       50
COOLING TOTAL     113                63      50      165
 SINCE 1/1       2123              2028      95     2475
.................................................................

WIND (MPH)
AVERAGE WIND SPEED              10.1
HIGHEST WIND SPEED/DIRECTION    32/350    DATE  10/26
HIGHEST GUST SPEED/DIRECTION    42/350    DATE  10/26

SKY COVER
POSSIBLE SUNSHINE (PERCENT)   MM
AVERAGE SKY COVER           0.40
NUMBER OF DAYS FAIR           16
NUMBER OF DAYS PC              7
NUMBER OF DAYS CLOUDY          8

AVERAGE RH (PERCENT)     65

WEATHER CONDITIONS. NUMBER OF DAYS WITH
THUNDERSTORM              8     MIXED PRECIP               0
HEAVY RAIN                6     RAIN                       6
LIGHT RAIN               10     FREEZING RAIN              0
LT FREEZING RAIN          0     HAIL                       0
HEAVY SNOW                0     SNOW                       0
LIGHT SNOW                0     SLEET                      0
FOG                      10     FOG W/VIS <= 1/4 MILE      0
HAZE                      3

-  INDICATES NEGATIVE NUMBERS.
R  INDICATES RECORD WAS SET OR TIED.
MM INDICATES DATA IS MISSING.
T  INDICATES TRACE AMOUNT.

&&
-------------------------------------------------------------------
 YEARLY PRECIPITATION (INCHES):
 TOTAL.....................43.96
 DEPARTURE FROM NORMAL.....+8.29
$$
