000
CXUS54 KTSA 011217
CLMTUL

CLIMATE REPORT
NATIONAL WEATHER SERVICE TULSA OK
617 AM CST WED MAR 1 2017

...................................

...THE TULSA OKLAHOMA CLIMATE SUMMARY FOR THE MONTH OF FEBRUARY 2017...

CLIMATE NORMAL PERIOD 1981 TO 2010
CLIMATE RECORD PERIOD 1882 TO 2017

WEATHER         OBSERVED          NORMAL  DEPART  LAST YEAR`S
                 VALUE   DATE(S)  VALUE   FROM    VALUE  DATE(S)
                                          NORMAL
................................................................
TEMPERATURE (F)
RECORD
 HIGH              90   02/22/1996
                        02/01/1911
 LOW              -15   02/13/1905
HIGHEST            86   02/23        53      33       82  02/20
                        02/11
LOWEST             22   02/09        31      -9       22  02/04
AVG. MAXIMUM     64.1              53.2    10.9     61.6
AVG. MINIMUM     38.6              31.3     7.3     35.7
MEAN             51.4              42.3     9.1     48.7
DAYS MAX >= 90      0               0.0     0.0        0
DAYS MAX <= 32      0               1.6    -1.6        0
DAYS MIN <= 32      9              14.8    -5.8       10
DAYS MIN <= 0       0               0.1    -0.1        0

PRECIPITATION (INCHES)
RECORD
 MAXIMUM         5.74   MM
 MINIMUM         0.00   MM
TOTALS           1.18              1.85   -0.67     0.59
DAILY AVG.       0.04              0.07   -0.03     0.02
DAYS >= .01         3               6.6    -3.6        2
DAYS >= .10         3               4.0    -1.0        2
DAYS >= .50         1               1.0     0.0        0
DAYS >= 1.00        0               0.3    -0.3        0
GREATEST
 24 HR. TOTAL    0.83   02/13 TO 02/14

SNOWFALL (INCHES)
RECORDS
 TOTAL           22.5   2011
TOTALS            0.0               1.8    -1.8      0.0
SINCE 7/1         0.7               7.5    -6.8      3.0
SNOWDEPTH AVG.      0                MM      MM        0
DAYS >= 1.0         0               0.6    -0.6        0
GREATEST
 SNOW DEPTH         0   MM                             0  MM
 24 HR TOTAL      0.0   02/28 TO 02/28

DEGREE_DAYS
HEATING TOTAL     393               638    -245      470
 SINCE 7/1       2221              2911    -690     2332
.................................................................

WIND (MPH)
AVERAGE WIND SPEED              10.6
HIGHEST WIND SPEED/DIRECTION    30/190    DATE  02/10
HIGHEST GUST SPEED/DIRECTION    38/180    DATE  02/23

SKY COVER
POSSIBLE SUNSHINE (PERCENT)   MM
AVERAGE SKY COVER           0.60
NUMBER OF DAYS FAIR            6
NUMBER OF DAYS PC             10
NUMBER OF DAYS CLOUDY         12

AVERAGE RH (PERCENT)     63

WEATHER CONDITIONS. NUMBER OF DAYS WITH
THUNDERSTORM              0     MIXED PRECIP               0
HEAVY RAIN                1     RAIN                       3
LIGHT RAIN                7     FREEZING RAIN              0
LT FREEZING RAIN          0     HAIL                       0
HEAVY SNOW                0     SNOW                       0
LIGHT SNOW                0     SLEET                      0
FOG                       8     FOG W/VIS <= 1/4 MILE      2
HAZE                      1

-  INDICATES NEGATIVE NUMBERS.
R  INDICATES RECORD WAS SET OR TIED.
MM INDICATES DATA IS MISSING.
T  INDICATES TRACE AMOUNT.

&&
-------------------------------------------------------------------
 YEARLY PRECIPITATION (INCHES):
 TOTAL..................... 4.60
 DEPARTURE FROM NORMAL.....+1.09
$$
