000
CXUS54 KTSA 011558
CLMTUL

CLIMATE REPORT
NATIONAL WEATHER SERVICE TULSA OK
1047 AM CDT WED JUN 1 2016

...................................

...THE TULSA OKLAHOMA CLIMATE SUMMARY FOR THE MONTH OF MAY 2016...

CLIMATE NORMAL PERIOD 1981 TO 2010
CLIMATE RECORD PERIOD 1882 TO 2016

WEATHER         OBSERVED          NORMAL  DEPART  LAST YEAR`S
                 VALUE   DATE(S)  VALUE   FROM    VALUE  DATE(S)
                                          NORMAL
................................................................
TEMPERATURE (F)
RECORD
 HIGH             100   05/31/1934
 LOW               32   05/02/1909
                        05/01/1909
HIGHEST            89   05/10        80       9       87  05/27
LOWEST             43   05/03        59     -16       47  05/11
AVG. MAXIMUM     77.3              79.4    -2.1     76.4
AVG. MINIMUM     58.4              59.1    -0.7     59.4
MEAN             67.9              69.3    -1.4     67.9
DAYS MAX >= 90      0               2.0    -2.0        0
DAYS MAX <= 32      0               0.0     0.0        0
DAYS MIN <= 32      0               0.0     0.0        0
DAYS MIN <= 0       0               0.0     0.0        0

PRECIPITATION (INCHES)
RECORD
 MAXIMUM        18.00   1943
 MINIMUM         0.80   1897
TOTALS           3.91              5.91   -2.00    14.77
DAILY AVG.       0.13              0.19   -0.06     0.48
DAYS >= .01        15              10.5     4.5       19
DAYS >= .10         9               7.2     1.8       17
DAYS >= .50         2               3.7    -1.7       11
DAYS >= 1.00        1               1.6    -0.6        6
GREATEST
 24 HR. TOTAL    1.50   05/24 TO 05/25

DEGREE_DAYS
COOLING TOTAL     150               169     -19      131
 SINCE 1/1        204               234     -30      205
.................................................................

WIND (MPH)
AVERAGE WIND SPEED              8.9
HIGHEST WIND SPEED/DIRECTION    32/170    DATE  05/09
HIGHEST GUST SPEED/DIRECTION    41/170    DATE  05/09

SKY COVER
POSSIBLE SUNSHINE (PERCENT)   MM
AVERAGE SKY COVER           0.60
NUMBER OF DAYS FAIR            7
NUMBER OF DAYS PC             12
NUMBER OF DAYS CLOUDY         12

AVERAGE RH (PERCENT)     71

WEATHER CONDITIONS. NUMBER OF DAYS WITH
THUNDERSTORM             11     MIXED PRECIP               0
HEAVY RAIN                7     RAIN                       6
LIGHT RAIN               17     FREEZING RAIN              0
LT FREEZING RAIN          0     HAIL                       0
HEAVY SNOW                0     SNOW                       0
LIGHT SNOW                0     SLEET                      0
FOG                      17     FOG W/VIS <= 1/4 MILE      0
HAZE                      0

-  INDICATES NEGATIVE NUMBERS.
R  INDICATES RECORD WAS SET OR TIED.
MM INDICATES DATA IS MISSING.
T  INDICATES TRACE AMOUNT.

&&
-------------------------------------------------------------------
 YEARLY PRECIPITATION (INCHES):
 TOTAL.....................13.86
 DEPARTURE FROM NORMAL.....-2.64
$$
