000
CXUS54 KTSA 011610
CLMTUL

CLIMATE REPORT
NATIONAL WEATHER SERVICE TULSA OK
1110 AM CDT TUE SEP 1 2015

...................................

...THE TULSA OKLAHOMA CLIMATE SUMMARY FOR THE MONTH OF AUGUST 2015...

CLIMATE NORMAL PERIOD 1981 TO 2010
CLIMATE RECORD PERIOD 1882 TO 2015

WEATHER         OBSERVED          NORMAL  DEPART  LAST YEAR`S
                 VALUE   DATE(S)  VALUE   FROM    VALUE  DATE(S)
                                          NORMAL
................................................................
TEMPERATURE (F)
RECORD
 HIGH             115   08/10/1936
 LOW               48   08/31/1915
HIGHEST           102   08/09        93       9      102  08/22
                        08/08
                        08/07
LOWEST             56   08/25        71     -15       60  08/13
                        08/20
AVG. MAXIMUM     90.2              93.1    -2.9     93.7
AVG. MINIMUM     68.5              71.3    -2.8     71.9
MEAN             79.4              82.2    -2.8     82.8
DAYS MAX >= 90     18              21.9    -3.9       25
DAYS MAX <= 32      0               0.0     0.0        0
DAYS MIN <= 32      0               0.0     0.0        0
DAYS MIN <= 0       0               0.0     0.0        0

PRECIPITATION (INCHES)
RECORD
 MAXIMUM        11.80   1927
 MINIMUM         0.00   1896
TOTALS           5.16              2.90    2.26     0.98
DAILY AVG.       0.17              0.09    0.08     0.03
DAYS >= .01         8               6.6     1.4        4
DAYS >= .10         4               4.2    -0.2        2
DAYS >= .50         3               2.0     1.0        1
DAYS >= 1.00        1               0.9     0.1        0
GREATEST
 24 HR. TOTAL    3.05   08/18 TO 08/19

DEGREE_DAYS
COOLING TOTAL     451               533     -82      561
 SINCE 1/1       1739              1701      38     1653
.................................................................

WIND (MPH)
AVERAGE WIND SPEED              7.1
HIGHEST WIND SPEED/DIRECTION    35/070    DATE  08/27
HIGHEST GUST SPEED/DIRECTION    43/060    DATE  08/27

SKY COVER
POSSIBLE SUNSHINE (PERCENT)   MM
AVERAGE SKY COVER           0.50
NUMBER OF DAYS FAIR           11
NUMBER OF DAYS PC             13
NUMBER OF DAYS CLOUDY          7

AVERAGE RH (PERCENT)     69

WEATHER CONDITIONS. NUMBER OF DAYS WITH
THUNDERSTORM              0     MIXED PRECIP               0
HEAVY RAIN                4     RAIN                       3
LIGHT RAIN                9     FREEZING RAIN              0
LT FREEZING RAIN          0     HAIL                       0
HEAVY SNOW                0     SNOW                       0
LIGHT SNOW                0     SLEET                      0
FOG                       6     FOG W/VIS <= 1/4 MILE      0
HAZE                      0

-  INDICATES NEGATIVE NUMBERS.
R  INDICATES RECORD WAS SET OR TIED.
MM INDICATES DATA IS MISSING.
T  INDICATES TRACE AMOUNT.

&&
-------------------------------------------------------------------
 YEARLY PRECIPITATION (INCHES):
 TOTAL.....................41.55
 DEPARTURE FROM NORMAL.....+14.07
$$
