000
CXUS54 KTSA 011100
CLMTUL
CLIMATE REPORT
NATIONAL WEATHER SERVICE TULSA OK
600 AM CDT SAT APR 01 2023
...................................
...THE TULSA OKLAHOMA CLIMATE SUMMARY FOR THE MONTH OF MARCH 2023...
CLIMATE NORMAL PERIOD 1991 TO 2020
CLIMATE RECORD PERIOD 1882 TO 2023
WEATHER OBSERVED NORMAL DEPART LAST YEAR`S
VALUE DATE(S) VALUE FROM VALUE DATE(S)
NORMAL
................................................................
TEMPERATURE (F)
RECORD
HIGH 99 03/18/1907
LOW -3 03/12/1948
HIGHEST 80 03/31 62 18 82 03/06
LOWEST 20 03/19 40 -20 20 03/12
AVG. MAXIMUM 60.9 63.3 -2.4 64.6
AVG. MINIMUM 39.5 40.7 -1.2 38.4
MEAN 50.2 52.0 -1.8 51.5
DAYS MAX >= 90 0 0.2 -0.2 0
DAYS MAX <= 32 0 0.3 -0.3 0
DAYS MIN <= 32 5 6.8 -1.8 7
DAYS MIN <= 0 0 0.0 0.0 0
PRECIPITATION (INCHES)
RECORD
MAXIMUM 11.94 1973
MINIMUM 0.08 1971
TOTALS 3.71 3.10 0.61 0.31
DAILY AVG. 0.12 0.10 0.02 0.10
DAYS >= .01 10 8.6 1.4 2
DAYS >= .10 9 5.1 3.9 1
DAYS >= .50 1 2.1 -1.1 0
DAYS >= 1.00 1 0.9 0.1 0
GREATEST
24 HR. TOTAL 1.42 03/23 TO 03/24
SNOWFALL (INCHES)
RECORDS
TOTAL 19.7 1924
TOTALS 0.0 1.9 -1.9 3.2
SINCE 7/1 2.0 8.7 -6.7 MM
SNOWDEPTH AVG. 0 0
DAYS >= 1.0 0 0.4 -0.4 1
GREATEST
SNOW DEPTH 0 1 03/12
24 HR TOTAL MM
DEGREE DAYS
HEATING TOTAL 461 418 43 377
SINCE 7/1 3106 3230 -124 MM
COOLING TOTAL 4 15 -11 6
SINCE 1/1 10 17 -7 MM
................................................................
WIND (MPH)
AVERAGE WIND SPEED 11.2
HIGHEST WIND SPEED/DIRECTION 48/240 DATE 03/31
HIGHEST GUST SPEED/DIRECTION 64/240 DATE 03/31
SKY COVER
POSSIBLE SUNSHINE (PERCENT) MM
AVERAGE SKY COVER 0.68
NUMBER OF DAYS FAIR 5
NUMBER OF DAYS PC 12
NUMBER OF DAYS CLOUDY 14
AVERAGE RH (PERCENT) 66
WEATHER CONDITIONS. NUMBER OF DAYS WITH
THUNDERSTORM 6 MIXED PRECIP 0
HEAVY RAIN 2 RAIN 7
LIGHT RAIN 11 FREEZING RAIN 0
LT FREEZING RAIN 0 HAIL 0
HEAVY SNOW 0 SNOW 0
LIGHT SNOW 0 SLEET 0
FOG 12 FOG W/VIS <= 1/4 MILE 2
HAZE 1
- INDICATES NEGATIVE NUMBERS.
R INDICATES RECORD WAS SET OR TIED.
MM INDICATES DATA IS MISSING.
T INDICATES TRACE AMOUNT.
$$