000
CXUS53 KGID 290830
CF6AUH
PRELIMINARY LOCAL CLIMATOLOGICAL DATA (WS FORM: F-6)
STATION: AURORA NE
MONTH: MARCH
YEAR: 2024
LATITUDE: 40 54 N
LONGITUDE: 97 59 W
TEMPERATURE IN F: :PCPN: SNOW: WIND :SUNSHINE: SKY :PK WND
================================================================================
1 2 3 4 5 6A 6B 7 8 9 10 11 12 13 14 15 16 17 18
12Z AVG MX 2MIN
DY MAX MIN AVG DEP HDD CDD WTR SNW DPTH SPD SPD DIR MIN PSBL S-S WX SPD DR
================================================================================
1 59 28 44 M 21 0 0.00 M M 15.8 22 200 M M 2 27 210
2 55 32 44 M 21 0 0.00 M M 11.4 18 200 M M 5 12 22 170
3 64 35 50 M 15 0 0.00 M M 15.3 29 310 M M 1 35 310
4 57 27 42 M 23 0 0.00 M M 16.0 24 30 M M 3 30 360
5 55 18 37 M 28 0 0.00 M M 5.5 10 340 M M 0 M M
6 56 24 40 M 25 0 0.00 M M 9.2 16 180 M M 4 25 180
7 52 29 41 M 24 0 0.00 M M 18.7 27 40 M M 6 32 30
8 39 24 32 M 33 0 M M M 17.1 25 10 M M 7 35 10
9 52 17 35 M 30 0 0.00 M M 7.0 13 250 M M 0 20 320
10 67 27 47 M 18 0 0.00 M M 10.5 20 220 M M 0 25 220
11 74 34 54 M 11 0 0.00 M M 14.1 24 220 M M 0 36 220
12 69 33 51 M 14 0 0.00 M M 6.9 14 210 M M 0 16 20
13 70 37 54 M 11 0 T M M 8.3 21 10 M M 4 25 10
14 53 41 47 M 18 0 0.26 M M 16.0 28 30 M M 10 33 30
15 56 32 44 M 21 0 0.00 M M 10.7 16 360 M M 0 23 340
16 56 28 42 M 23 0 0.00 M M 14.4 25 350 M M 0 32 330
17 40 16 28 M 37 0 0.00 M M 14.0 25 350 M M 1 32 M
18 47 14 31 M 34 0 0.00 M M 9.9 15 350 M M 0 23 350
19 67 32 50 M 15 0 0.00 M M 11.1 21 360 M M 0 25 350
20 45 29 37 M 28 0 0.00 M M 13.7 23 50 M M 0 30 40
21 58 26 42 M 23 0 0.00 M M M M M M M M M M
22 42 26 34 M 31 0 0.00 M M 18.0 27 10 M M 8 32 360
23 40 21 31 M 34 0 T M M 11.2 22 120 M M 6 28 140
24 51 29 40 M 25 0 0.12 M M 15.2 21 170 M M 9 1 29 170
25 37 24 31 M 34 0 M M M 26.9 35 350 M M 10 1 43 350
26 29 18 24 M 41 0 M M M 19.7 29 340 M M 4 35 340
27 46 17 32 M 33 0 0.00 M M 7.2 17 230 M M 4 23 230
28 66 32 49 M 16 0 0.00 M M 10.2 21 220 M M 0 24 220
================================================================================
SM 1502 750 687 0 0.38 M 354.0 M 84
================================================================================
AV 53.6 26.8 13.1 FASTST M M 3 MAX(MPH)
MISC ----> 35 350 43 350
================================================================================
NOTES:
# LAST OF SEVERAL OCCURRENCES
COLUMN 17 PEAK WIND IN M.P.H.
PRELIMINARY LOCAL CLIMATOLOGICAL DATA (WS FORM: F-6) , PAGE 2
STATION: AURORA NE
MONTH: MARCH
YEAR: 2024
LATITUDE: 40 54 N
LONGITUDE: 97 59 W
[TEMPERATURE DATA] [PRECIPITATION DATA] SYMBOLS USED IN COLUMN 16
AVERAGE MONTHLY: 40.2 TOTAL FOR MONTH: 0.38 1 = FOG OR MIST
DPTR FM NORMAL: 0.0 DPTR FM NORMAL: -1.50 2 = FOG REDUCING VISIBILITY
HIGHEST: 74 ON 11 GRTST 24HR 0.26 ON 14-14 TO 1/4 MILE OR LESS
LOWEST: 14 ON 18 3 = THUNDER
SNOW, ICE PELLETS, HAIL 4 = ICE PELLETS
TOTAL MONTH: M 5 = HAIL
GRTST 24HR M ON M 6 = FREEZING RAIN OR DRIZZLE
GRTST DEPTH: M ON M 7 = DUSTSTORM OR SANDSTORM:
VSBY 1/2 MILE OR LESS
8 = SMOKE OR HAZE
[NO. OF DAYS WITH] [WEATHER - DAYS WITH] 9 = BLOWING SNOW
X = TORNADO
MAX 32 OR BELOW: 1 0.01 INCH OR MORE: 2
MAX 90 OR ABOVE: 0 0.10 INCH OR MORE: 2
MIN 32 OR BELOW: 23 0.50 INCH OR MORE: 0
MIN 0 OR BELOW: 0 1.00 INCH OR MORE: 0
[HDD (BASE 65) ]
TOTAL THIS MO. 687 CLEAR (SCALE 0-3) 14
DPTR FM NORMAL M PTCLDY (SCALE 4-7) 9
TOTAL FM JUL 1 4973 CLOUDY (SCALE 8-10) 5
DPTR FM NORMAL M
[CDD (BASE 65) ]
TOTAL THIS MO. 0
DPTR FM NORMAL M [PRESSURE DATA]
TOTAL FM JAN 1 0 HIGHEST SLP M ON M
DPTR FM NORMAL M LOWEST SLP M ON M
[REMARKS]