000
CXUS55 KPSR 281005
CF6IPL
PRELIMINARY LOCAL CLIMATOLOGICAL DATA (WS FORM: F-6)
STATION: IMPERIAL CA
MONTH: MARCH
YEAR: 2024
LATITUDE: 32 50 N
LONGITUDE: 115 35 W
TEMPERATURE IN F: :PCPN: SNOW: WIND :SUNSHINE: SKY :PK WND
================================================================================
1 2 3 4 5 6A 6B 7 8 9 10 11 12 13 14 15 16 17 18
12Z AVG MX 2MIN
DY MAX MIN AVG DEP HDD CDD WTR SNW DPTH SPD SPD DIR MIN PSBL S-S WX SPD DR
================================================================================
1 78 52 65 3 0 0 0.00 M M 10.4 32 270 M M M 8 45 260
2 73 57 65 3 0 0 0.00 M M M 30 250 M M M 48 270
3 70 53 62 -1 3 0 0.00 M M M 35 260 M M M 50 260
4 76 49 63 0 2 0 0.00 M M 10.6 26 280 M M M 37 270
5 77 48 63 0 2 0 0.00 M M 4.6 15 270 M M 0 21 290
6 78 56 67 4 0 2 0.01 M M 11.8 26 260 M M 2 38 260
7 73 55 64 0 1 0 T 0.0 0 11.3 23 250 M M 5 31 250
8 75 50 63 -1 2 0 0.00 0.0 0 5.9 17 350 M M 0 24 350
9 76 46 61 -3 4 0 0.00 0.0 0 M M M M M 0 8 M M
10 79 44 62 -2 3 0 0.00 0.0 0 5.1 14 250 M M 0 20 250
11 79 55 67 3 0 2 0.00 0.0 M 8.9 21 250 M M 0 30 250
12 77 53 65 0 0 0 0.00 M M 8.2 17 230 M M 0 24 270
13 79 55 67 2 0 2 0.00 M M 7.3 15 350 M M 0 24 360
14 66 52 59 -6 6 0 0.00 M M 12.1 30 20 M M 3 50 360
15 64 50 57 -8 8 0 0.06 M M 6.1 14 300 M M 8 1 19 10
16 71 47 59 -7 6 0 0.03 M M 4.6 24 360 M M 4 36 350
17 72 46 59 -7 6 0 0.00 M M 3.2 10 10 M M 0 19 310
18 76 49 63 -3 2 0 0.00 M M 6.5 16 300 M M 1 22 290
19 79 49 64 -2 1 0 0.00 M M 3.8 14 10 M M 0 19 10
20 82 50 66 0 0 1 0.00 M M 4.3 10 240 M M 0 13 260
21 87 56 72 6 0 7 0.00 M M 6.8 15 220 M M 0 23 220
22 85 52 69 2 0 4 0.00 M M 5.3 16 270 M M 0 23 290
23 79 53 66 -1 0 1 0.00 M M 18.1 36 280 M M 2 49 250
24 70 51 61 -6 4 0 0.00 M M 16.2 33 250 M M 0 49 300
25 76 46 61 -6 4 0 0.00 M M 13.3 28 250 M M 0 38 240
26 78 55 67 0 0 2 0.00 M M 9.9 21 250 M M 0 29 260
27 81 48 65 -2 0 0 0.00 M M 6.6 16 130 M M 0 22 120
================================================================================
SM 2056 1377 54 21 0.10 0.0 200.9 M 25
================================================================================
AV 76.1 51.0 8.4 FASTST M M 1 MAX(MPH)
MISC ----> 36 280 # 50 260
================================================================================
NOTES:
# LAST OF SEVERAL OCCURRENCES
COLUMN 17 PEAK WIND IN M.P.H.
PRELIMINARY LOCAL CLIMATOLOGICAL DATA (WS FORM: F-6) , PAGE 2
STATION: IMPERIAL CA
MONTH: MARCH
YEAR: 2024
LATITUDE: 32 50 N
LONGITUDE: 115 35 W
[TEMPERATURE DATA] [PRECIPITATION DATA] SYMBOLS USED IN COLUMN 16
AVERAGE MONTHLY: 63.6 TOTAL FOR MONTH: 0.10 1 = FOG OR MIST
DPTR FM NORMAL: -1.4 DPTR FM NORMAL: -0.18 2 = FOG REDUCING VISIBILITY
HIGHEST: 87 ON 21 GRTST 24HR 0.07 ON 15-16 TO 1/4 MILE OR LESS
LOWEST: 44 ON 10 3 = THUNDER
SNOW, ICE PELLETS, HAIL 4 = ICE PELLETS
TOTAL MONTH: 0.0 INCH 5 = HAIL
GRTST 24HR 0.0 6 = FREEZING RAIN OR DRIZZLE
GRTST DEPTH: 0 7 = DUSTSTORM OR SANDSTORM:
VSBY 1/2 MILE OR LESS
8 = SMOKE OR HAZE
[NO. OF DAYS WITH] [WEATHER - DAYS WITH] 9 = BLOWING SNOW
X = TORNADO
MAX 32 OR BELOW: 0 0.01 INCH OR MORE: 3
MAX 90 OR ABOVE: 0 0.10 INCH OR MORE: 0
MIN 32 OR BELOW: 0 0.50 INCH OR MORE: 0
MIN 0 OR BELOW: 0 1.00 INCH OR MORE: 0
[HDD (BASE 65) ]
TOTAL THIS MO. 54 CLEAR (SCALE 0-3) 19
DPTR FM NORMAL -15 PTCLDY (SCALE 4-7) 3
TOTAL FM JUL 1 773 CLOUDY (SCALE 8-10) 5
DPTR FM NORMAL -173
[CDD (BASE 65) ]
TOTAL THIS MO. 21
DPTR FM NORMAL -48 [PRESSURE DATA]
TOTAL FM JAN 1 35 HIGHEST SLP M ON M
DPTR FM NORMAL -49 LOWEST SLP 29.65 ON 23
[REMARKS]