000
CXUS52 KMFL 171030
CF6MIA
PRELIMINARY LOCAL CLIMATOLOGICAL DATA (WS FORM: F-6)
STATION: MIAMI
MONTH: APRIL
YEAR: 2024
LATITUDE: 25 49 N
LONGITUDE: 80 17 W
TEMPERATURE IN F: :PCPN: SNOW: WIND :SUNSHINE: SKY :PK WND
================================================================================
1 2 3 4 5 6A 6B 7 8 9 10 11 12 13 14 15 16 17 18
12Z AVG MX 2MIN
DY MAX MIN AVG DEP HDD CDD WTR SNW DPTH SPD SPD DIR MIN PSBL S-S WX SPD DR
================================================================================
1 82 69 76 1 0 11 0.00 0.0 0 7.2 16 110 M M 7 26 130
2 85 69 77 2 0 12 0.00 0.0 0 8.7 18 140 M M 7 33 130
3 89 74 82 7 0 17 0.00 0.0 0 13.3 26 200 M M 7 39 210
4 81 68 75 0 0 10 0.35 0.0 0 8.5 18 210 M M 9 13 29 210
5 80 65 73 -2 0 8 0.00 0.0 0 6.6 13 330 M M 2 20 320
6 82 62 72 -3 0 7 0.00 0.0 0 5.2 14 250 M M 1 22 270
7 81 64 73 -3 0 8 0.00 0.0 0 7.7 17 90 M M 6 33 110
8 80 69 75 -1 0 10 0.00 0.0 0 13.3 24 80 M M 6 30 80
9 81 73 77 1 0 12 T 0.0 0 15.1 23 100 M M 8 30 100
10 83 72 78 2 0 13 0.00 0.0 0 13.7 21 130 M M 4 34 100
11 87 75 81 5 0 16 0.10 0.0 0 13.7 24 160 M M 7 18 37 170
12 85 70 78 2 0 13 0.00 0.0 0 6.6 13 180 M M 4 8 22 350
13 81 65 73 -3 0 8 0.00 0.0 0 8.9 17 80 M M 4 24 360
14 80 67 74 -3 0 9 0.00 0.0 0 7.8 18 100 M M 4 26 90
15 81 64 73 -4 0 8 0.00 0.0 0 7.2 18 90 M M 2 24 120
16 83 69 76 -1 0 11 0.00 0.0 0 11.5 22 90 M M 4 34 80
================================================================================
SM 1321 1095 0 173 0.45 0.0 155.0 M 82
================================================================================
AV 82.6 68.4 9.7 FASTST M M 5 MAX(MPH)
MISC ----> 26 200 39 210
================================================================================
NOTES:
# LAST OF SEVERAL OCCURRENCES
COLUMN 17 PEAK WIND IN M.P.H.
PRELIMINARY LOCAL CLIMATOLOGICAL DATA (WS FORM: F-6) , PAGE 2
STATION: MIAMI
MONTH: APRIL
YEAR: 2024
LATITUDE: 25 49 N
LONGITUDE: 80 17 W
[TEMPERATURE DATA] [PRECIPITATION DATA] SYMBOLS USED IN COLUMN 16
AVERAGE MONTHLY: 75.5 TOTAL FOR MONTH: 0.45 1 = FOG OR MIST
DPTR FM NORMAL: -0.3 DPTR FM NORMAL: -1.14 2 = FOG REDUCING VISIBILITY
HIGHEST: 89 ON 3 GRTST 24HR 0.35 ON 4- 4 TO 1/4 MILE OR LESS
LOWEST: 62 ON 6 3 = THUNDER
SNOW, ICE PELLETS, HAIL 4 = ICE PELLETS
TOTAL MONTH: 0.0 INCH 5 = HAIL
GRTST 24HR 0.0 6 = FREEZING RAIN OR DRIZZLE
GRTST DEPTH: 0 7 = DUSTSTORM OR SANDSTORM:
VSBY 1/2 MILE OR LESS
8 = SMOKE OR HAZE
[NO. OF DAYS WITH] [WEATHER - DAYS WITH] 9 = BLOWING SNOW
X = TORNADO
MAX 32 OR BELOW: 0 0.01 INCH OR MORE: 2
MAX 90 OR ABOVE: 0 0.10 INCH OR MORE: 2
MIN 32 OR BELOW: 0 0.50 INCH OR MORE: 0
MIN 0 OR BELOW: 0 1.00 INCH OR MORE: 0
[HDD (BASE 65) ]
TOTAL THIS MO. 0 CLEAR (SCALE 0-3) 3
DPTR FM NORMAL 0 PTCLDY (SCALE 4-7) 12
TOTAL FM JUL 1 25 CLOUDY (SCALE 8-10) 1
DPTR FM NORMAL -78
[CDD (BASE 65) ]
TOTAL THIS MO. 173
DPTR FM NORMAL 0 [PRESSURE DATA]
TOTAL FM JAN 1 844 HIGHEST SLP M ON M
DPTR FM NORMAL 73 LOWEST SLP 29.75 ON 3
[REMARKS]