000
CDUS44 KTSA 042127
CLIFSM

CLIMATE REPORT
NATIONAL WEATHER SERVICE TULSA OK
418 PM CDT WED MAY 4 2016


...................................

...THE FORT SMITH ARKANSAS CLIMATE SUMMARY FOR MAY 4 2016...
VALID TODAY AS OF 0400 PM LOCAL TIME.

CLIMATE NORMAL PERIOD 1981 TO 2010
CLIMATE RECORD PERIOD 1882 TO 2016


WEATHER ITEM   OBSERVED TIME   RECORD YEAR NORMAL DEPARTURE LAST
                VALUE   (LST)  VALUE       VALUE  FROM      YEAR
                                                  NORMAL
..................................................................
TEMPERATURE (F)
 TODAY
  MAXIMUM         81    125 PM  93    2014  78      3       84
  MINIMUM         49    533 AM  35    1954  56     -7       60
  AVERAGE         65                        67     -2       72

PRECIPITATION (IN)
  TODAY            0.00          2.41 1935   0.18  -0.18     0.00
  MONTH TO DATE    0.03                      0.71  -0.68     0.00
  SINCE MAR 1     11.39                      8.86   2.53     8.79
  SINCE JAN 1     13.54                     14.43  -0.89    13.40

DEGREE DAYS
 COOLING
  TODAY            0                         3     -3        7
  MONTH TO DATE    0                        12    -12       13
  SINCE MAR 1     48                        77    -29       81
  SINCE JAN 1     49                        78    -29       81
..................................................................


WIND (MPH)
  HIGHEST WIND SPEED    24   HIGHEST WIND DIRECTION    NW (310)
  HIGHEST GUST SPEED    30   HIGHEST GUST DIRECTION     W (290)
  AVERAGE WIND SPEED     9.8


SKY COVER
  POSSIBLE SUNSHINE  MM
  AVERAGE SKY COVER 0.0


WEATHER CONDITIONS
 THE FOLLOWING WEATHER WAS RECORDED TODAY.
  LIGHT RAIN


RELATIVE HUMIDITY (PERCENT)
 HIGHEST    86           500 AM
 LOWEST     21           300 PM
 AVERAGE    54

..........................................................


THE FORT SMITH ARKANSAS CLIMATE NORMALS FOR TOMORROW
                         NORMAL    RECORD    YEAR
 MAXIMUM TEMPERATURE (F)   78        93      2014
 MINIMUM TEMPERATURE (F)   56        39      2013


SUNRISE AND SUNSET
MAY  4 2016...........SUNRISE   622 AM CDT   SUNSET   806 PM CDT
MAY  5 2016...........SUNRISE   621 AM CDT   SUNSET   807 PM CDT


-  INDICATES NEGATIVE NUMBERS.
R  INDICATES RECORD WAS SET OR TIED.
MM INDICATES DATA IS MISSING.
T  INDICATES TRACE AMOUNT.




$$

&&
...........................................................

THE ARKANSAS RIVER AT VAN BUREN

                   OBSERVED      24 HOUR     24 HOUR
                    VALUE        CHANGE      FORECAST

 STAGE (FEET)
  THIS AFTERNOON     19.8         -0.0

MEAN FLOW (CFS)
  TODAY                                        114400
...........................................................
ALL DATA MEASURED AT THE FORT SMITH REGIONAL AIRPORT
