000
CDUS44 KTSA 290801
CLIFSM

CLIMATE REPORT
NATIONAL WEATHER SERVICE TULSA OK
147 AM CDT WED JUN 29 2016


...................................

...THE FORT SMITH ARKANSAS CLIMATE SUMMARY FOR JUNE 28 2016...

CLIMATE NORMAL PERIOD 1981 TO 2010
CLIMATE RECORD PERIOD 1882 TO 2016


WEATHER ITEM   OBSERVED TIME   RECORD YEAR NORMAL DEPARTURE LAST
                VALUE   (LST)  VALUE       VALUE  FROM      YEAR
                                                  NORMAL
..................................................................
TEMPERATURE (F)
 YESTERDAY
  MAXIMUM         94    359 PM 106    2012  91      3       90
  MINIMUM         68    548 AM  55    1974  70     -2       65
  AVERAGE         81                        81      0       78

PRECIPITATION (IN)
  YESTERDAY        0.00          1.19 2000   0.14  -0.14     0.00
  MONTH TO DATE    1.91                      4.03  -2.12     3.13
  SINCE JUN 1      1.91                      4.03  -2.12     3.13
  SINCE JAN 1     19.12                     23.22  -4.10    36.38

DEGREE DAYS
 COOLING
  YESTERDAY       16                        16      0       13
  MONTH TO DATE  467                       354    113      449
  SINCE JUN 1    467                       354    113      449
  SINCE JAN 1    652                       598     54      689
..................................................................


WIND (MPH)
  HIGHEST WIND SPEED    17   HIGHEST WIND DIRECTION    NE (60)
  HIGHEST GUST SPEED    23   HIGHEST GUST DIRECTION    NE (60)
  AVERAGE WIND SPEED     5.3


SKY COVER
  POSSIBLE SUNSHINE  MM
  AVERAGE SKY COVER 0.0


WEATHER CONDITIONS
 THE FOLLOWING WEATHER WAS RECORDED YESTERDAY.
  NO SIGNIFICANT WEATHER WAS OBSERVED.


RELATIVE HUMIDITY (PERCENT)
 HIGHEST    84           300 AM
 LOWEST     28           300 PM
 AVERAGE    56

..........................................................


THE FORT SMITH ARKANSAS CLIMATE NORMALS FOR TODAY
                         NORMAL    RECORD    YEAR
 MAXIMUM TEMPERATURE (F)   91       105      2012
 MINIMUM TEMPERATURE (F)   70        56      1985


SUNRISE AND SUNSET
JUNE 29 2016..........SUNRISE   606 AM CDT   SUNSET   836 PM CDT
JUNE 30 2016..........SUNRISE   606 AM CDT   SUNSET   836 PM CDT


-  INDICATES NEGATIVE NUMBERS.
R  INDICATES RECORD WAS SET OR TIED.
MM INDICATES DATA IS MISSING.
T  INDICATES TRACE AMOUNT.




$$

&&
...........................................................

THE ARKANSAS RIVER AT VAN BUREN

                   OBSERVED      24 HOUR     24 HOUR
                    VALUE        CHANGE      FORECAST

 STAGE (FEET)
  THIS MORNING       19.9         +0.2

MEAN FLOW (CFS)
  TODAY                                        -99
...........................................................
ALL DATA MEASURED AT THE FORT SMITH REGIONAL AIRPORT
