000
CDUS44 KTSA 180804
CLIFSM

CLIMATE REPORT
NATIONAL WEATHER SERVICE TULSA OK
303 AM CDT THU SEP 18 2014


...................................

...THE FORT SMITH ARKANSAS CLIMATE SUMMARY FOR SEPTEMBER 17 2014...

CLIMATE NORMAL PERIOD 1981 TO 2010
CLIMATE RECORD PERIOD 1882 TO 2014


WEATHER ITEM   OBSERVED TIME   RECORD YEAR NORMAL DEPARTURE LAST
                VALUE   (LST)  VALUE       VALUE  FROM      YEAR
                                                  NORMAL
..................................................................
TEMPERATURE (F)
 YESTERDAY
  MAXIMUM         86    414 PM 102    1896  85      1       94
  MINIMUM         68    743 PM  43    1903  62      6       69
  AVERAGE         77                        73      4       82

PRECIPITATION (IN)
  YESTERDAY        1.70          1.80 1884   0.13   1.57     0.00
  MONTH TO DATE    6.88                      2.21   4.67     0.14
  SINCE SEP 1      6.88                      2.21   4.67     0.14
  SINCE JAN 1     30.33                     31.57  -1.24    35.01

DEGREE DAYS
 HEATING
  YESTERDAY        0                         0      0        0
  MONTH TO DATE    4                         0      4        0
  SINCE SEP 1      4                         0      4        0
  SINCE JUL 1      4                         0      4        0

 COOLING
  YESTERDAY       12                         9      3       17
  MONTH TO DATE  199                       196      3      292
  SINCE SEP 1    199                       196      3      292
  SINCE JAN 1   1862                      1891    -29     2095
..................................................................


WIND (MPH)
  HIGHEST WIND SPEED    29   HIGHEST WIND DIRECTION     N (20)
  HIGHEST GUST SPEED    35   HIGHEST GUST DIRECTION     E (80)
  AVERAGE WIND SPEED     8.4


SKY COVER
  POSSIBLE SUNSHINE  MM
  AVERAGE SKY COVER 0.5


WEATHER CONDITIONS
 THE FOLLOWING WEATHER WAS RECORDED YESTERDAY.
  THUNDERSTORM
  HEAVY RAIN
  LIGHT RAIN
  FOG
  HAZE


RELATIVE HUMIDITY (PERCENT)
 HIGHEST    90          1200 AM
 LOWEST     61           300 PM
 AVERAGE    76

..........................................................


THE FORT SMITH ARKANSAS CLIMATE NORMALS FOR TODAY
                         NORMAL    RECORD    YEAR
 MAXIMUM TEMPERATURE (F)   84        98      2005
 MINIMUM TEMPERATURE (F)   61        40      1981


SUNRISE AND SUNSET
SEPTEMBER 18 2014.....SUNRISE   702 AM CDT   SUNSET   720 PM CDT
SEPTEMBER 19 2014.....SUNRISE   703 AM CDT   SUNSET   719 PM CDT


-  INDICATES NEGATIVE NUMBERS.
R  INDICATES RECORD WAS SET OR TIED.
MM INDICATES DATA IS MISSING.
T  INDICATES TRACE AMOUNT.




$$

&&
...........................................................

THE ARKANSAS RIVER AT VAN BUREN

                   OBSERVED      24 HOUR     24 HOUR
                    VALUE        CHANGE      FORECAST

 STAGE (FEET)
  THIS MORNING       19.6         +0.1

MEAN FLOW (CFS)
  TODAY                                        8700
...........................................................
ALL DATA MEASURED AT THE FORT SMITH REGIONAL AIRPORT
