000
CDUS44 KTSA 150901
CLIFSM

CLIMATE REPORT
NATIONAL WEATHER SERVICE TULSA OK
1247 AM CST FRI DEC 15 2017


...................................

...THE FORT SMITH ARKANSAS CLIMATE SUMMARY FOR DECEMBER 14 2017...

CLIMATE NORMAL PERIOD 1981 TO 2010
CLIMATE RECORD PERIOD 1882 TO 2017


WEATHER ITEM   OBSERVED TIME   RECORD YEAR NORMAL DEPARTURE LAST
                VALUE   (LST)  VALUE       VALUE  FROM      YEAR
                                                  NORMAL
..................................................................
TEMPERATURE (F)
 YESTERDAY
  MAXIMUM         53    254 PM  76    1889  51      2       44
  MINIMUM         30   1055 PM   6    1958  31     -1       30
  AVERAGE         42                        41      1       37

PRECIPITATION (IN)
  YESTERDAY        0.00          2.09 1948   0.10  -0.10     0.00
  MONTH TO DATE    0.29                      1.65  -1.36     0.66
  SINCE DEC 1      0.29                      1.65  -1.36     0.66
  SINCE JAN 1     45.97                     43.82   2.15    31.07

SNOWFALL (IN)
  YESTERDAY        0.0                                       0.0
  MONTH TO DATE    0.0                                        T
  SINCE DEC 1      0.0                                        T
  SINCE JUL 1      0.0                                        T

DEGREE DAYS
 HEATING
  YESTERDAY       23                        24     -1       28
  MONTH TO DATE  261                       308    -47      306
  SINCE DEC 1    261                       308    -47      306
  SINCE JUL 1    697                       873   -176      592
..................................................................


WIND (MPH)
  HIGHEST WIND SPEED    17   HIGHEST WIND DIRECTION    NW (330)
  HIGHEST GUST SPEED    20   HIGHEST GUST DIRECTION     N (340)
  AVERAGE WIND SPEED     6.4


SKY COVER
  POSSIBLE SUNSHINE  MM
  AVERAGE SKY COVER 0.0


WEATHER CONDITIONS
 THE FOLLOWING WEATHER WAS RECORDED YESTERDAY.
  NO SIGNIFICANT WEATHER WAS OBSERVED.


RELATIVE HUMIDITY (PERCENT)
 HIGHEST    78          1100 PM
 LOWEST     35           300 PM
 AVERAGE    57

..........................................................


THE FORT SMITH ARKANSAS CLIMATE NORMALS FOR TODAY
                         NORMAL    RECORD    YEAR
 MAXIMUM TEMPERATURE (F)   51        79      1948
 MINIMUM TEMPERATURE (F)   31         1      1916


SUNRISE AND SUNSET
DECEMBER 15 2017......SUNRISE   719 AM CST   SUNSET   506 PM CST
DECEMBER 16 2017......SUNRISE   720 AM CST   SUNSET   507 PM CST


-  INDICATES NEGATIVE NUMBERS.
R  INDICATES RECORD WAS SET OR TIED.
MM INDICATES DATA IS MISSING.
T  INDICATES TRACE AMOUNT.




$$

&&
...........................................................

THE ARKANSAS RIVER AT VAN BUREN

                   OBSERVED      24 HOUR     24 HOUR
                    VALUE        CHANGE      FORECAST

 STAGE (FEET)
  THIS MORNING       19.5         +0.3

 MEAN FLOW (CFS)
  TODAY                                        662
...........................................................
ALL DATA MEASURED AT THE FORT SMITH REGIONAL AIRPORT
