000
CDUS44 KTSA 190902
CLIFSM

CLIMATE REPORT
NATIONAL WEATHER SERVICE TULSA OK
302 AM CST FRI DEC 19 2014


...................................

...THE FORT SMITH ARKANSAS CLIMATE SUMMARY FOR DECEMBER 18 2014...

CLIMATE NORMAL PERIOD 1981 TO 2010
CLIMATE RECORD PERIOD 1882 TO 2014


WEATHER ITEM   OBSERVED TIME   RECORD YEAR NORMAL DEPARTURE LAST
                VALUE   (LST)  VALUE       VALUE  FROM      YEAR
                                                  NORMAL
..................................................................
TEMPERATURE (F)
 YESTERDAY
  MAXIMUM         42   1029 PM  74    1889  51     -9       68
  MINIMUM         36   1203 AM   8    1964  31      5       32
  AVERAGE         39                        40     -1       50

PRECIPITATION (IN)
  YESTERDAY        0.00          2.51 1924   0.10  -0.10     0.00
  MONTH TO DATE    2.15                      2.06   0.09     1.94
  SINCE DEC 1      2.15                      2.06   0.09     1.94
  SINCE JAN 1     41.98                     44.23  -2.25    44.89

SNOWFALL (IN)
  YESTERDAY        0.0                                       0.0
  MONTH TO DATE    T                                         5.0
  SINCE DEC 1      T                                         5.0
  SINCE JUL 1      T                                         5.0

DEGREE DAYS
 HEATING
  YESTERDAY       26                        24      2       15
  MONTH TO DATE  355                       404    -49      469
  SINCE DEC 1    355                       404    -49      469
  SINCE JUL 1    974                       969      5     1059
..................................................................


WIND (MPH)
  HIGHEST WIND SPEED    13   HIGHEST WIND DIRECTION     E (80)
  HIGHEST GUST SPEED    15   HIGHEST GUST DIRECTION     E (80)
  AVERAGE WIND SPEED     6.7


SKY COVER
  POSSIBLE SUNSHINE  MM
  AVERAGE SKY COVER 1.0


WEATHER CONDITIONS
 THE FOLLOWING WEATHER WAS RECORDED YESTERDAY.
  FOG


RELATIVE HUMIDITY (PERCENT)
 HIGHEST    92          1200 AM
 LOWEST     82           900 PM
 AVERAGE    87

..........................................................


THE FORT SMITH ARKANSAS CLIMATE NORMALS FOR TODAY
                         NORMAL    RECORD    YEAR
 MAXIMUM TEMPERATURE (F)   50        77      1978
 MINIMUM TEMPERATURE (F)   30         7      1929


SUNRISE AND SUNSET
DECEMBER 19 2014......SUNRISE   721 AM CST   SUNSET   508 PM CST
DECEMBER 20 2014......SUNRISE   722 AM CST   SUNSET   508 PM CST


-  INDICATES NEGATIVE NUMBERS.
R  INDICATES RECORD WAS SET OR TIED.
MM INDICATES DATA IS MISSING.
T  INDICATES TRACE AMOUNT.




$$

&&
...........................................................

THE ARKANSAS RIVER AT VAN BUREN

                   OBSERVED      24 HOUR     24 HOUR
                    VALUE        CHANGE      FORECAST

 STAGE (FEET)
  THIS MORNING       18.9         -0.3

MEAN FLOW (CFS)
  TODAY                                        10700
...........................................................
ALL DATA MEASURED AT THE FORT SMITH REGIONAL AIRPORT
