000
CDUS44 KTSA 242122
CLIFSM

CLIMATE REPORT
NATIONAL WEATHER SERVICE TULSA OK
418 PM CDT FRI OCT 24 2014


...................................

...THE FORT SMITH ARKANSAS CLIMATE SUMMARY FOR OCTOBER 24 2014...
VALID TODAY AS OF 0400 PM LOCAL TIME.

CLIMATE NORMAL PERIOD 1981 TO 2010
CLIMATE RECORD PERIOD 1882 TO 2014


WEATHER ITEM   OBSERVED TIME   RECORD YEAR NORMAL DEPARTURE LAST
                VALUE   (LST)  VALUE       VALUE  FROM      YEAR
                                                  NORMAL
..................................................................
TEMPERATURE (F)
 TODAY
  MAXIMUM         78    157 PM  91    2003  72      6       66
  MINIMUM         52    711 AM  28    1982  48      4       44
  AVERAGE         65                        60      5       55

PRECIPITATION (IN)
  TODAY            0.00          2.11 1991   0.14  -0.14     0.00
  MONTH TO DATE    7.62                      3.32   4.30     3.51
  SINCE SEP 1     14.52                      7.37   7.15     5.01
  SINCE JAN 1     37.97                     36.73   1.24    39.88

SNOWFALL (IN)
  TODAY            0.0                                       0.0
  MONTH TO DATE    0.0                                       0.0
  SINCE SEP 1      0.0                                       0.0
  SINCE JUL 1      0.0                                       0.0

DEGREE DAYS
 HEATING
  TODAY            0                         6     -6       10
  MONTH TO DATE   43                        87    -44      103
  SINCE SEP 1     47                       104    -57      103
  SINCE JUL 1     47                       104    -57      103

 COOLING
  TODAY            0                         1     -1        0
  MONTH TO DATE   74                        60     14       81
  SINCE SEP 1    370                       343     27      500
  SINCE JAN 1   2033                      2038     -5     2303
..................................................................


WIND (MPH)
  HIGHEST WIND SPEED     7   HIGHEST WIND DIRECTION    SW (230)
  HIGHEST GUST SPEED    12   HIGHEST GUST DIRECTION     S (200)
  AVERAGE WIND SPEED     4.0


SKY COVER
  POSSIBLE SUNSHINE  MM
  AVERAGE SKY COVER 0.0


WEATHER CONDITIONS
 THE FOLLOWING WEATHER WAS RECORDED TODAY.
  FOG
  HAZE


RELATIVE HUMIDITY (PERCENT)
 HIGHEST    96           600 AM
 LOWEST     50           100 PM
 AVERAGE    73

..........................................................


THE FORT SMITH ARKANSAS CLIMATE NORMALS FOR TOMORROW
                         NORMAL    RECORD    YEAR
 MAXIMUM TEMPERATURE (F)   72        88      1950
 MINIMUM TEMPERATURE (F)   48        29      1982


SUNRISE AND SUNSET
OCTOBER 24 2014.......SUNRISE   732 AM CDT   SUNSET   631 PM CDT
OCTOBER 25 2014.......SUNRISE   732 AM CDT   SUNSET   630 PM CDT


-  INDICATES NEGATIVE NUMBERS.
R  INDICATES RECORD WAS SET OR TIED.
MM INDICATES DATA IS MISSING.
T  INDICATES TRACE AMOUNT.




$$

&&
...........................................................

THE ARKANSAS RIVER AT VAN BUREN

                   OBSERVED      24 HOUR     24 HOUR
                    VALUE        CHANGE      FORECAST

 STAGE (FEET)
  THIS AFTERNOON     19.7         +0.1

MEAN FLOW (CFS)
  TODAY                                        26100
...........................................................
ALL DATA MEASURED AT THE FORT SMITH REGIONAL AIRPORT
