000
CDUS44 KTSA 310803
CLIFSM

CLIMATE REPORT
NATIONAL WEATHER SERVICE TULSA OK
302 AM CDT FRI OCT 31 2014


...................................

...THE FORT SMITH ARKANSAS CLIMATE SUMMARY FOR OCTOBER 30 2014...

CLIMATE NORMAL PERIOD 1981 TO 2010
CLIMATE RECORD PERIOD 1882 TO 2014


WEATHER ITEM   OBSERVED TIME   RECORD YEAR NORMAL DEPARTURE LAST
                VALUE   (LST)  VALUE       VALUE  FROM      YEAR
                                                  NORMAL
..................................................................
TEMPERATURE (F)
 YESTERDAY
  MAXIMUM         75    349 PM  89    1968  70      5       74
                                      1937
  MINIMUM         44    559 AM  22    1917  46     -2       64
  AVERAGE         60                        58      2       69

PRECIPITATION (IN)
  YESTERDAY        0.00          2.98 1941   0.14  -0.14     0.46
  MONTH TO DATE    7.90                      4.18   3.72     4.04
  SINCE SEP 1     14.80                      8.23   6.57     5.54
  SINCE JAN 1     38.25                     37.59   0.66    40.41

SNOWFALL (IN)
  YESTERDAY        0.0                                       0.0
  MONTH TO DATE    0.0                                       0.0
  SINCE SEP 1      0.0                                       0.0
  SINCE JUL 1      0.0                                       0.0

DEGREE DAYS
 HEATING
  YESTERDAY        5                         8     -3        0
  MONTH TO DATE   56                       129    -73      135
  SINCE SEP 1     60                       146    -86      135
  SINCE JUL 1     60                       146    -86      135

 COOLING
  YESTERDAY        0                         1     -1        4
  MONTH TO DATE   94                        66     28       88
  SINCE SEP 1    390                       349     41      507
  SINCE JAN 1   2053                      2044      9     2310
..................................................................


WIND (MPH)
  HIGHEST WIND SPEED    25   HIGHEST WIND DIRECTION     W (260)
  HIGHEST GUST SPEED    29   HIGHEST GUST DIRECTION     W (260)
  AVERAGE WIND SPEED     5.7


SKY COVER
  POSSIBLE SUNSHINE  MM
  AVERAGE SKY COVER 0.1


WEATHER CONDITIONS
 THE FOLLOWING WEATHER WAS RECORDED YESTERDAY.
  NO SIGNIFICANT WEATHER WAS OBSERVED.


RELATIVE HUMIDITY (PERCENT)
 HIGHEST    93           800 AM
 LOWEST     27           200 PM
 AVERAGE    60

..........................................................


THE FORT SMITH ARKANSAS CLIMATE NORMALS FOR TODAY
                         NORMAL    RECORD    YEAR
 MAXIMUM TEMPERATURE (F)   70        87      2003
                                             1950
 MINIMUM TEMPERATURE (F)   46        24      1993


SUNRISE AND SUNSET
OCTOBER 31 2014.......SUNRISE   738 AM CDT   SUNSET   624 PM CDT
NOVEMBER  1 2014......SUNRISE   739 AM CDT   SUNSET   623 PM CDT


-  INDICATES NEGATIVE NUMBERS.
R  INDICATES RECORD WAS SET OR TIED.
MM INDICATES DATA IS MISSING.
T  INDICATES TRACE AMOUNT.




$$

&&
...........................................................

THE ARKANSAS RIVER AT VAN BUREN

                   OBSERVED      24 HOUR     24 HOUR
                    VALUE        CHANGE      FORECAST

 STAGE (FEET)
  THIS MORNING       19.6         -0.0

MEAN FLOW (CFS)
  TODAY                                        9600
...........................................................
ALL DATA MEASURED AT THE FORT SMITH REGIONAL AIRPORT
