000
CDUS44 KTSA 162131 RRA
CLIFSM

CLIMATE REPORT
NATIONAL WEATHER SERVICE TULSA OK
418 PM CDT MON OCT 16 2017


...................................

...THE FORT SMITH ARKANSAS CLIMATE SUMMARY FOR OCTOBER 16 2017...
VALID TODAY AS OF 0400 PM LOCAL TIME.

CLIMATE NORMAL PERIOD 1981 TO 2010
CLIMATE RECORD PERIOD 1882 TO 2017


WEATHER ITEM   OBSERVED TIME   RECORD YEAR NORMAL DEPARTURE LAST
                VALUE   (LST)  VALUE       VALUE  FROM      YEAR
                                                  NORMAL
..................................................................
TEMPERATURE (F)
 TODAY
  MAXIMUM         71    259 PM  92    2011  75     -4       88
                                      1989
  MINIMUM         44    635 AM  29    1966  51     -7       66
  AVERAGE         58                        63     -5       77

PRECIPITATION (IN)
  TODAY            0.00          2.86 1915   0.14  -0.14     0.00
  MONTH TO DATE    1.59                      2.14  -0.55     0.33
  SINCE SEP 1      1.59                      6.19  -4.60     2.12
  SINCE JAN 1     43.70                     35.55   8.15    28.77

SNOWFALL (IN)
  TODAY            0.0                                       0.0
  MONTH TO DATE    0.0                                       0.0
  SINCE SEP 1      0.0                                       0.0
  SINCE JUL 1      0.0                                       0.0

DEGREE DAYS
 HEATING
  TODAY            7                         4      3        0
  MONTH TO DATE   16                        46    -30       10
  SINCE SEP 1     16                        63    -47       10
  SINCE JUL 1     16                        63    -47       10

 COOLING
  TODAY            0                         2     -2       12
  MONTH TO DATE  113                        48     65       91
  SINCE SEP 1    453                       331    122      474
  SINCE JAN 1   2217                      2026    191     2325
..................................................................


WIND (MPH)
  HIGHEST WIND SPEED    10   HIGHEST WIND DIRECTION     E (70)
  HIGHEST GUST SPEED    14   HIGHEST GUST DIRECTION     E (70)
  AVERAGE WIND SPEED     2.2


SKY COVER
  POSSIBLE SUNSHINE  MM
  AVERAGE SKY COVER 0.0


WEATHER CONDITIONS
 THE FOLLOWING WEATHER WAS RECORDED TODAY.
  NO SIGNIFICANT WEATHER WAS OBSERVED.


RELATIVE HUMIDITY (PERCENT)
 HIGHEST    93           400 AM
 LOWEST     31           300 PM
 AVERAGE    62

..........................................................


THE FORT SMITH ARKANSAS CLIMATE NORMALS FOR TOMORROW
                         NORMAL    RECORD    YEAR
 MAXIMUM TEMPERATURE (F)   75        91      1964
 MINIMUM TEMPERATURE (F)   50        34      1976


SUNRISE AND SUNSET
OCTOBER 16 2017.......SUNRISE   725 AM CDT   SUNSET   641 PM CDT
OCTOBER 17 2017.......SUNRISE   726 AM CDT   SUNSET   639 PM CDT


-  INDICATES NEGATIVE NUMBERS.
R  INDICATES RECORD WAS SET OR TIED.
MM INDICATES DATA IS MISSING.
T  INDICATES TRACE AMOUNT.




$$

&&
...........................................................

THE ARKANSAS RIVER AT VAN BUREN

                   OBSERVED      24 HOUR     24 HOUR
                    VALUE        CHANGE      FORECAST

 STAGE (FEET)
  THIS AFTERNOON     20.2         +1.1

 MEAN FLOW (CFS)
  TODAY                                        1584
...........................................................
ALL DATA MEASURED AT THE FORT SMITH REGIONAL AIRPORT
