000
CDUS44 KTSA 232118
CLIFSM

CLIMATE REPORT
NATIONAL WEATHER SERVICE TULSA OK
418 PM CDT WED AUG 23 2017


...................................

...THE FORT SMITH ARKANSAS CLIMATE SUMMARY FOR AUGUST 23 2017...
VALID TODAY AS OF 0400 PM LOCAL TIME.

CLIMATE NORMAL PERIOD 1981 TO 2010
CLIMATE RECORD PERIOD 1882 TO 2017


WEATHER ITEM   OBSERVED TIME   RECORD YEAR NORMAL DEPARTURE LAST
                VALUE   (LST)  VALUE       VALUE  FROM      YEAR
                                                  NORMAL
..................................................................
TEMPERATURE (F)
 TODAY
  MAXIMUM         85    259 PM 103    1963  93     -8       91
                                      1910
  MINIMUM         73    711 AM  53    1891  70      3       72
  AVERAGE         79                        82     -3       82

PRECIPITATION (IN)
  TODAY            0.59          0.99 1990   0.07   0.52     0.00
  MONTH TO DATE    7.00                      1.93   5.07     3.68
  SINCE JUN 1     20.03                      9.51  10.52     9.24
  SINCE JAN 1     42.11                     28.70  13.41    26.45

DEGREE DAYS
 COOLING
  TODAY           14                        17     -3       17
  MONTH TO DATE  362                       407    -45      414
  SINCE JUN 1   1342                      1328     14     1524
  SINCE JAN 1   1660                      1572     88     1709
..................................................................


WIND (MPH)
  HIGHEST WIND SPEED    12   HIGHEST WIND DIRECTION     E (70)
  HIGHEST GUST SPEED    14   HIGHEST GUST DIRECTION     E (70)
  AVERAGE WIND SPEED     4.6


SKY COVER
  POSSIBLE SUNSHINE  MM
  AVERAGE SKY COVER 0.8


WEATHER CONDITIONS
 THE FOLLOWING WEATHER WAS RECORDED TODAY.
  HEAVY RAIN
  RAIN
  LIGHT RAIN
  FOG


RELATIVE HUMIDITY (PERCENT)
 HIGHEST   100           100 AM
 LOWEST     65           300 PM
 AVERAGE    83

..........................................................


THE FORT SMITH ARKANSAS CLIMATE NORMALS FOR TOMORROW
                         NORMAL    RECORD    YEAR
 MAXIMUM TEMPERATURE (F)   93       103      1922
 MINIMUM TEMPERATURE (F)   70        45      1891


SUNRISE AND SUNSET
AUGUST 23 2017........SUNRISE   643 AM CDT   SUNSET   756 PM CDT
AUGUST 24 2017........SUNRISE   644 AM CDT   SUNSET   755 PM CDT


-  INDICATES NEGATIVE NUMBERS.
R  INDICATES RECORD WAS SET OR TIED.
MM INDICATES DATA IS MISSING.
T  INDICATES TRACE AMOUNT.




$$

&&
...........................................................

THE ARKANSAS RIVER AT VAN BUREN

                   OBSERVED      24 HOUR     24 HOUR
                    VALUE        CHANGE      FORECAST

 STAGE (FEET)
  THIS AFTERNOON     19.5         -0.2

 MEAN FLOW (CFS)
  TODAY                                        4104
...........................................................
ALL DATA MEASURED AT THE FORT SMITH REGIONAL AIRPORT
