000
CDUS44 KTSA 230836
CLIFYV

CLIMATE REPORT
NATIONAL WEATHER SERVICE TULSA OK
335 AM CDT SUN APR 23 2017

...................................

...THE FAYETTEVILLE ARKANSAS CLIMATE SUMMARY FOR APRIL 22 2017...

CLIMATE NORMAL PERIOD 1981 TO 2010
CLIMATE RECORD PERIOD 1905 TO 2017


WEATHER ITEM   OBSERVED TIME   RECORD YEAR NORMAL DEPARTURE LAST
                VALUE   (LST)  VALUE       VALUE  FROM      YEAR
                                                  NORMAL
..................................................................
TEMPERATURE (F)
 YESTERDAY
  MAXIMUM         52    110 AM  88    1955  71    -19       75
  MINIMUM         46   1159 PM  29    1982  47     -1       43
  AVERAGE         49                        59    -10       59

PRECIPITATION (IN)
  YESTERDAY        0.13                      0.16  -0.03     0.00
  MONTH TO DATE    4.66                      3.21   1.45     0.95
  SINCE MAR 1     10.61                      7.16   3.45     4.66
  SINCE JAN 1     14.11                     12.81   1.30     5.81

SNOWFALL (IN)
  YESTERDAY       MM                                         0.0
  MONTH TO DATE    0.0                                       0.0
  SINCE MAR 1      0.2                                       0.0
  SINCE JUL 1      1.0                                        T

DEGREE DAYS
 HEATING
  YESTERDAY       16                         7      9        6
  MONTH TO DATE  107                       220   -113      197
  SINCE MAR 1    494                       746   -252      621
  SINCE JUL 1   3065                      4049   -984     3437

 COOLING
  YESTERDAY        0                         1     -1        0
  MONTH TO DATE   15                        19     -4        1
  SINCE MAR 1     28                        23      5        3
  SINCE JAN 1     33                        23     10        3
..................................................................


WIND (MPH)
  HIGHEST WIND SPEED    15   HIGHEST WIND DIRECTION     N (340)
  HIGHEST GUST SPEED    20   HIGHEST GUST DIRECTION     N (340)
  AVERAGE WIND SPEED     6.6


SKY COVER
  POSSIBLE SUNSHINE  MM
  AVERAGE SKY COVER 0.8


WEATHER CONDITIONS
 THE FOLLOWING WEATHER WAS RECORDED YESTERDAY.
  LIGHT RAIN
  FOG


RELATIVE HUMIDITY (PERCENT)
 HIGHEST   100           600 AM
 LOWEST     93           600 PM
 AVERAGE    97

..........................................................


THE FAYETTEVILLE ARKANSAS CLIMATE NORMALS FOR TODAY
                         NORMAL    RECORD    YEAR
 MAXIMUM TEMPERATURE (F)   71        88      1989
 MINIMUM TEMPERATURE (F)   47        30      1951


SUNRISE AND SUNSET
APRIL 23 2017.........SUNRISE   633 AM CDT   SUNSET   757 PM CDT
APRIL 24 2017.........SUNRISE   632 AM CDT   SUNSET   758 PM CDT


-  INDICATES NEGATIVE NUMBERS.
R  INDICATES RECORD WAS SET OR TIED.
MM INDICATES DATA IS MISSING.
T  INDICATES TRACE AMOUNT.




$$
