000
CDUS44 KTSA 302136 RRB
CLIFYV

CLIMATE REPORT
NATIONAL WEATHER SERVICE TULSA OK
418 PM CDT MON MAY 30 2016


...................................

...THE FAYETTEVILLE ARKANSAS CLIMATE SUMMARY FOR MAY 30 2016...
VALID TODAY AS OF 0400 PM LOCAL TIME.

CLIMATE NORMAL PERIOD 1981 TO 2010
CLIMATE RECORD PERIOD 1905 TO 2016


WEATHER ITEM   OBSERVED TIME   RECORD YEAR NORMAL DEPARTURE LAST
                VALUE   (LST)  VALUE       VALUE  FROM      YEAR
                                                  NORMAL
..................................................................
TEMPERATURE (F)
 TODAY
  MAXIMUM         70    822 AM  93    1977  79     -9       71
  MINIMUM         59    503 AM  40    1984  58      1       60
  AVERAGE         65                        69     -4       66

PRECIPITATION (IN)
  TODAY            0.65                      0.17   0.48     0.01
  MONTH TO DATE    5.49                      5.86  -0.37    13.00
  SINCE MAR 1     13.07                     14.38  -1.31    20.39
  SINCE JAN 1     14.22                     20.03  -5.81    23.45

DEGREE DAYS
 COOLING
  TODAY            0                         5     -5        1
  MONTH TO DATE   52                        79    -27       74
  SINCE MAR 1     65                       107    -42       97
  SINCE JAN 1     65                       107    -42       97
..................................................................


WIND (MPH)
  HIGHEST WIND SPEED    15   HIGHEST WIND DIRECTION    SE (150)
  HIGHEST GUST SPEED    19   HIGHEST GUST DIRECTION     S (160)
  AVERAGE WIND SPEED     0.5


SKY COVER
  POSSIBLE SUNSHINE  MM
  AVERAGE SKY COVER 0.2


WEATHER CONDITIONS
 THE FOLLOWING WEATHER WAS RECORDED TODAY.
  THUNDERSTORM
  HEAVY RAIN
  RAIN
  LIGHT RAIN
  FOG


RELATIVE HUMIDITY (PERCENT)
 HIGHEST   100          1200 AM
 LOWEST     90           800 AM
 AVERAGE    95

..........................................................


THE FAYETTEVILLE ARKANSAS CLIMATE NORMALS FOR TOMORROW
                         NORMAL    RECORD    YEAR
 MAXIMUM TEMPERATURE (F)   80        91      1951
 MINIMUM TEMPERATURE (F)   58        42      1984


SUNRISE AND SUNSET
MAY 30 2016...........SUNRISE   602 AM CDT   SUNSET   827 PM CDT
MAY 31 2016...........SUNRISE   601 AM CDT   SUNSET   828 PM CDT


-  INDICATES NEGATIVE NUMBERS.
R  INDICATES RECORD WAS SET OR TIED.
MM INDICATES DATA IS MISSING.
T  INDICATES TRACE AMOUNT.




$$
