000
CDUS44 KTSA 230803
CLIFYV

CLIMATE REPORT
NATIONAL WEATHER SERVICE TULSA OK
147 AM CDT SAT JUL 23 2016


...................................

...THE FAYETTEVILLE ARKANSAS CLIMATE SUMMARY FOR JULY 22 2016...

CLIMATE NORMAL PERIOD 1981 TO 2010
CLIMATE RECORD PERIOD 1905 TO 2016


WEATHER ITEM   OBSERVED TIME   RECORD YEAR NORMAL DEPARTURE LAST
                VALUE   (LST)  VALUE       VALUE  FROM      YEAR
                                                  NORMAL
..................................................................
TEMPERATURE (F)
 YESTERDAY
  MAXIMUM         94    328 PM 104    1974  89      5       86
                                      1954
  MINIMUM         71    251 AM  47    1970  67      4       69
  AVERAGE         83                        78      5       78

PRECIPITATION (IN)
  YESTERDAY        0.00                      0.10  -0.10     1.63
  MONTH TO DATE    4.94                      2.59   2.35     8.03
  SINCE JUN 1      7.81                      7.57   0.24    14.80
  SINCE JAN 1     22.07                     27.78  -5.71    38.26

DEGREE DAYS
 COOLING
  YESTERDAY       18                        13      5       13
  MONTH TO DATE  305                       273     32      286
  SINCE JUN 1    642                       518    124      604
  SINCE JAN 1    709                       631     78      701
..................................................................


WIND (MPH)
  HIGHEST WIND SPEED    13   HIGHEST WIND DIRECTION     S (200)
  HIGHEST GUST SPEED    17   HIGHEST GUST DIRECTION     S (200)
  AVERAGE WIND SPEED     3.7


SKY COVER
  POSSIBLE SUNSHINE  MM
  AVERAGE SKY COVER 0.0


WEATHER CONDITIONS
 THE FOLLOWING WEATHER WAS RECORDED YESTERDAY.
  FOG


RELATIVE HUMIDITY (PERCENT)
 HIGHEST   100          1200 AM
 LOWEST     52          1200 PM
 AVERAGE    76

..........................................................


THE FAYETTEVILLE ARKANSAS CLIMATE NORMALS FOR TODAY
                         NORMAL    RECORD    YEAR
 MAXIMUM TEMPERATURE (F)   89       100      2005
                                             1963
 MINIMUM TEMPERATURE (F)   67        55      1980


SUNRISE AND SUNSET
JULY 23 2016..........SUNRISE   618 AM CDT   SUNSET   828 PM CDT
JULY 24 2016..........SUNRISE   618 AM CDT   SUNSET   828 PM CDT


-  INDICATES NEGATIVE NUMBERS.
R  INDICATES RECORD WAS SET OR TIED.
MM INDICATES DATA IS MISSING.
T  INDICATES TRACE AMOUNT.




$$
