000
CDUS44 KTSA 212136
CLIFYV

CLIMATE REPORT
NATIONAL WEATHER SERVICE TULSA OK
418 PM CDT SUN SEP 21 2014


...................................

...THE FAYETTEVILLE ARKANSAS CLIMATE SUMMARY FOR SEPTEMBER 21 2014...
VALID TODAY AS OF 0400 PM LOCAL TIME.

CLIMATE NORMAL PERIOD 1981 TO 2010
CLIMATE RECORD PERIOD 1905 TO 2014


WEATHER ITEM   OBSERVED TIME   RECORD YEAR NORMAL DEPARTURE LAST
                VALUE   (LST)  VALUE       VALUE  FROM      YEAR
                                                  NORMAL
..................................................................
TEMPERATURE (F)
 TODAY
  MAXIMUM         81    155 PM  94    1955  78      3       76
  MINIMUM         64    328 AM  36    1983  54     10       47
  AVERAGE         73                        66      7       62

PRECIPITATION (IN)
  TODAY            0.03                      0.19  -0.16     0.00
  MONTH TO DATE    3.58                      3.26   0.32     2.81
  SINCE SEP 1      3.58                      3.26   0.32     2.81
  SINCE JAN 1     26.71                     35.15  -8.44    33.88

DEGREE DAYS
 HEATING
  TODAY            0                         2     -2        3
  MONTH TO DATE   17                        16      1        3
  SINCE SEP 1     17                        16      1        3
  SINCE JUL 1     21                        17      4        3

 COOLING
  TODAY            8                         4      4        0
  MONTH TO DATE  153                       132     21      197
  SINCE SEP 1    153                       132     21      197
  SINCE JAN 1   1188                      1257    -69     1326
..................................................................


WIND (MPH)
  HIGHEST WIND SPEED    12   HIGHEST WIND DIRECTION    NW (330)
  HIGHEST GUST SPEED    16   HIGHEST GUST DIRECTION    NW (320)
  AVERAGE WIND SPEED     5.0


SKY COVER
  POSSIBLE SUNSHINE  MM
  AVERAGE SKY COVER 0.6


WEATHER CONDITIONS
 THE FOLLOWING WEATHER WAS RECORDED TODAY.
  LIGHT RAIN
  FOG


RELATIVE HUMIDITY (PERCENT)
 HIGHEST   100          1200 AM
 LOWEST     39           300 PM
 AVERAGE    70

..........................................................


THE FAYETTEVILLE ARKANSAS CLIMATE NORMALS FOR TOMORROW
                         NORMAL    RECORD    YEAR
 MAXIMUM TEMPERATURE (F)   78        93      2005
 MINIMUM TEMPERATURE (F)   54        35      1983
                                             1982


SUNRISE AND SUNSET
SEPTEMBER 21 2014.....SUNRISE   704 AM CDT   SUNSET   715 PM CDT
SEPTEMBER 22 2014.....SUNRISE   705 AM CDT   SUNSET   713 PM CDT


-  INDICATES NEGATIVE NUMBERS.
R  INDICATES RECORD WAS SET OR TIED.
MM INDICATES DATA IS MISSING.
T  INDICATES TRACE AMOUNT.




$$
