000
CDUS44 KTSA 062119
CLIFYV

ZCZC OKCCLIFYV



CLIMATE REPORT
NATIONAL WEATHER SERVICE TULSA OK
418 PM CDT MON JUL 6 2015


...................................

...THE FAYETTEVILLE ARKANSAS CLIMATE SUMMARY FOR JULY 6 2015...
VALID TODAY AS OF 0400 PM LOCAL TIME.

CLIMATE NORMAL PERIOD 1981 TO 2010
CLIMATE RECORD PERIOD 1905 TO 2015


WEATHER ITEM   OBSERVED TIME   RECORD YEAR NORMAL DEPARTURE LAST
                VALUE   (LST)  VALUE       VALUE  FROM      YEAR
                                                  NORMAL
..................................................................
TEMPERATURE (F)
 TODAY
  MAXIMUM         83    250 PM 101    2012  88     -5       86
  MINIMUM         70    435 AM  45    1972  66      4       67
  AVERAGE         77                        77      0       77

PRECIPITATION (IN)
  TODAY            0.00                      0.12  -0.12     0.00
  MONTH TO DATE    0.44                      0.81  -0.37      T
  SINCE JUN 1      7.21                      5.79   1.42     4.10
  SINCE JAN 1     30.67                     26.00   4.67    18.62

DEGREE DAYS
 COOLING
  TODAY           12                        12      0       12
  MONTH TO DATE   70                        70      0       44
  SINCE JUN 1    388                       315     73      306
  SINCE JAN 1    485                       428     57      454
..................................................................


WIND (MPH)
  HIGHEST WIND SPEED    22   HIGHEST WIND DIRECTION     S (190)
  HIGHEST GUST SPEED    27   HIGHEST GUST DIRECTION     S (190)
  AVERAGE WIND SPEED     8.4


SKY COVER
  POSSIBLE SUNSHINE  MM
  AVERAGE SKY COVER 0.6


WEATHER CONDITIONS
 THE FOLLOWING WEATHER WAS RECORDED TODAY.
  HAZE


RELATIVE HUMIDITY (PERCENT)
 HIGHEST    93           100 AM
 LOWEST     74           200 PM
 AVERAGE    84

..........................................................


THE FAYETTEVILLE ARKANSAS CLIMATE NORMALS FOR TOMORROW
                         NORMAL    RECORD    YEAR
 MAXIMUM TEMPERATURE (F)   88       101      1954
 MINIMUM TEMPERATURE (F)   66        49      1972


SUNRISE AND SUNSET
JULY  6 2015..........SUNRISE   606 AM CDT   SUNSET   837 PM CDT
JULY  7 2015..........SUNRISE   606 AM CDT   SUNSET   836 PM CDT


-  INDICATES NEGATIVE NUMBERS.
R  INDICATES RECORD WAS SET OR TIED.
MM INDICATES DATA IS MISSING.
T  INDICATES TRACE AMOUNT.




$$
