000
CDUS44 KTSA 242218
CLIFYV

CLIMATE REPORT
NATIONAL WEATHER SERVICE TULSA OK
417 PM CST SAT FEB 24 2018


...................................

...THE FAYETTEVILLE ARKANSAS CLIMATE SUMMARY FOR FEBRUARY 24 2018...
VALID TODAY AS OF 0400 PM LOCAL TIME.

CLIMATE NORMAL PERIOD 1981 TO 2010
CLIMATE RECORD PERIOD 1905 TO 2018


WEATHER ITEM   OBSERVED TIME   RECORD YEAR NORMAL DEPARTURE LAST
                VALUE   (LST)  VALUE       VALUE  FROM      YEAR
                                                  NORMAL
..................................................................
TEMPERATURE (F)
 TODAY
  MAXIMUM         61   1152 AM  80    1956  54      7       67
  MINIMUM         51    459 AM   8    1967  31     20       29
  AVERAGE         56                        42     14       48

PRECIPITATION (IN)
  TODAY            1.83                      0.11   1.72     0.00
  MONTH TO DATE    7.12                      2.37   4.75     1.10
  SINCE DEC 1     10.74                      8.45   2.29     5.32
  SINCE JAN 1      8.83                      5.21   3.62     3.49

SNOWFALL (IN)
  TODAY            0.0                                       0.0
  MONTH TO DATE    T                                         0.0
  SINCE DEC 1      0.4                                       0.8
  SINCE JUL 1      0.4                                       0.8

DEGREE DAYS
 HEATING
  TODAY            9                        23    -14       17
  MONTH TO DATE  563                       620    -57      371
  SINCE DEC 1   2359                      2385    -26     1968
  SINCE JUL 1   3059                      3214   -155     2495
..................................................................


WIND (MPH)
  HIGHEST WIND SPEED    18   HIGHEST WIND DIRECTION    SW (230)
  HIGHEST GUST SPEED    24   HIGHEST GUST DIRECTION     S (200)
  AVERAGE WIND SPEED     4.6


SKY COVER
  POSSIBLE SUNSHINE  MM
  AVERAGE SKY COVER 1.0


WEATHER CONDITIONS
 THE FOLLOWING WEATHER WAS RECORDED TODAY.
  THUNDERSTORM
  HEAVY RAIN
  RAIN
  LIGHT RAIN
  FOG


RELATIVE HUMIDITY (PERCENT)
 HIGHEST   100          1200 AM
 LOWEST     97          1200 PM
 AVERAGE    99

..........................................................


THE FAYETTEVILLE ARKANSAS CLIMATE NORMALS FOR TOMORROW
                         NORMAL    RECORD    YEAR
 MAXIMUM TEMPERATURE (F)   54        73      1999
                                             1950
 MINIMUM TEMPERATURE (F)   31         4      1965


SUNRISE AND SUNSET
FEBRUARY 24 2018......SUNRISE   653 AM CST   SUNSET   607 PM CST
FEBRUARY 25 2018......SUNRISE   652 AM CST   SUNSET   608 PM CST


-  INDICATES NEGATIVE NUMBERS.
R  INDICATES RECORD WAS SET OR TIED.
MM INDICATES DATA IS MISSING.
T  INDICATES TRACE AMOUNT.




$$
