000
CDUS44 KTSA 202124
CLIFYV

CLIMATE REPORT
NATIONAL WEATHER SERVICE TULSA OK
424 PM CDT SUN APR 20 2014


...................................

...THE FAYETTEVILLE ARKANSAS CLIMATE SUMMARY FOR APRIL 20 2014...
VALID TODAY AS OF 0400 PM LOCAL TIME.

CLIMATE NORMAL PERIOD 1981 TO 2010
CLIMATE RECORD PERIOD 1905 TO 2014


WEATHER ITEM   OBSERVED TIME   RECORD YEAR NORMAL DEPARTURE LAST
                VALUE   (LST)  VALUE       VALUE  FROM      YEAR
                                                  NORMAL
..................................................................
TEMPERATURE (F)
 TODAY
  MAXIMUM         75    255 PM  89    1987  70      5       67
  MINIMUM         48    613 AM  26    1953  46      2       33
  AVERAGE         62                        58      4       50

PRECIPITATION (IN)
  TODAY            0.00                      0.16  -0.16     0.00
  MONTH TO DATE    2.05                      2.89  -0.84     3.81
  SINCE MAR 1      7.63                      6.84   0.79     8.29
  SINCE JAN 1     10.11                     12.49  -2.38    14.14

SNOWFALL (IN)
  TODAY            0.0                                       0.0
  MONTH TO DATE    0.0                                       0.0
  SINCE MAR 1      3.8                                        T
  SINCE JUL 1     17.9                                       2.6

DEGREE DAYS
 HEATING
  TODAY            3                         8     -5       15
  MONTH TO DATE  223                       205     18      210
  SINCE MAR 1    883                       731    152      855
  SINCE JUL 1   4603                      4034    569     3926

 COOLING
  TODAY            0                         1     -1        0
  MONTH TO DATE    9                        17     -8       28
  SINCE MAR 1      9                        21    -12       29
  SINCE JAN 1      9                        21    -12       29
..................................................................


WIND (MPH)
  HIGHEST WIND SPEED    15   HIGHEST WIND DIRECTION     S (180)
  HIGHEST GUST SPEED    23   HIGHEST GUST DIRECTION    SW (210)
  AVERAGE WIND SPEED     4.5


SKY COVER
  POSSIBLE SUNSHINE  MM
  AVERAGE SKY COVER 0.2


WEATHER CONDITIONS
 THE FOLLOWING WEATHER WAS RECORDED TODAY.
  NO SIGNIFICANT WEATHER WAS OBSERVED.


RELATIVE HUMIDITY (PERCENT)
 HIGHEST   100           300 AM
 LOWEST     46          1200 PM
 AVERAGE    73

..........................................................


THE FAYETTEVILLE ARKANSAS CLIMATE NORMALS FOR TOMORROW
                         NORMAL    RECORD    YEAR
 MAXIMUM TEMPERATURE (F)   71        87      1963
 MINIMUM TEMPERATURE (F)   46        29      1966


SUNRISE AND SUNSET
APRIL 20 2014.........SUNRISE   637 AM CDT   SUNSET   755 PM CDT
APRIL 21 2014.........SUNRISE   636 AM CDT   SUNSET   755 PM CDT


-  INDICATES NEGATIVE NUMBERS.
R  INDICATES RECORD WAS SET OR TIED.
MM INDICATES DATA IS MISSING.
T  INDICATES TRACE AMOUNT.




$$
