000
CDUS44 KTSA 280805 RRA
CLIFYV

CLIMATE REPORT
NATIONAL WEATHER SERVICE TULSA OK
300 AM CDT SUN MAY 28 2017

...................................

...THE FAYETTEVILLE ARKANSAS CLIMATE SUMMARY FOR MAY 27 2017...

CLIMATE NORMAL PERIOD 1981 TO 2010
CLIMATE RECORD PERIOD 1905 TO 2017


WEATHER ITEM   OBSERVED TIME   RECORD YEAR NORMAL DEPARTURE LAST
                VALUE   (LST)  VALUE       VALUE  FROM      YEAR
                                                  NORMAL
..................................................................
TEMPERATURE (F)
 YESTERDAY
  MAXIMUM         86    405 PM  91    2012  79      7       77
  MINIMUM         64   1120 PM  37    1961  57      7       64
  AVERAGE         75                        68      7       71

PRECIPITATION (IN)
  YESTERDAY        1.20                      0.19   1.01     0.02
  MONTH TO DATE    5.87                      5.32   0.55     4.82
  SINCE MAR 1     24.68                     13.84  10.84    12.48
  SINCE JAN 1     28.18                     19.49   8.69    13.63

DEGREE DAYS
 COOLING
  YESTERDAY       10                         4      6        6
  MONTH TO DATE   55                        66    -11       42
  SINCE MAR 1     87                        94     -7       55
  SINCE JAN 1     92                        94     -2       55
..................................................................


WIND (MPH)
  HIGHEST WIND SPEED    29   HIGHEST WIND DIRECTION     S (180)
  HIGHEST GUST SPEED    42   HIGHEST GUST DIRECTION     N (350)
  AVERAGE WIND SPEED    10.4


SKY COVER
  POSSIBLE SUNSHINE  MM
  AVERAGE SKY COVER 0.6


WEATHER CONDITIONS
 THE FOLLOWING WEATHER WAS RECORDED YESTERDAY.
  THUNDERSTORM
  HEAVY RAIN
  RAIN
  LIGHT RAIN
  FOG


RELATIVE HUMIDITY (PERCENT)
 HIGHEST   100           600 AM
 LOWEST     70           100 PM
 AVERAGE    85

..........................................................


THE FAYETTEVILLE ARKANSAS CLIMATE NORMALS FOR TODAY
                         NORMAL    RECORD    YEAR
 MAXIMUM TEMPERATURE (F)   79        91      2012
 MINIMUM TEMPERATURE (F)   57        44      1961


SUNRISE AND SUNSET
MAY 28 2017...........SUNRISE   603 AM CDT   SUNSET   826 PM CDT
MAY 29 2017...........SUNRISE   602 AM CDT   SUNSET   826 PM CDT


-  INDICATES NEGATIVE NUMBERS.
R  INDICATES RECORD WAS SET OR TIED.
MM INDICATES DATA IS MISSING.
T  INDICATES TRACE AMOUNT.




$$
