000
CDUS44 KTSA 290649
CLITUL

CLIMATE REPORT
NATIONAL WEATHER SERVICE TULSA OK
147 AM CDT FRI AUG 29 2014


...................................

...THE TULSA OKLAHOMA CLIMATE SUMMARY FOR AUGUST 28 2014...

CLIMATE NORMAL PERIOD 1981 TO 2010
CLIMATE RECORD PERIOD 1882 TO 2014


WEATHER ITEM   OBSERVED TIME   RECORD YEAR NORMAL DEPARTURE LAST
                VALUE   (LST)  VALUE       VALUE  FROM      YEAR
                                                  NORMAL
..................................................................
TEMPERATURE (F)
 YESTERDAY
  MAXIMUM         95    334 PM 104    1963  91      4       94
                                      1912
  MINIMUM         74    441 AM  53    1967  69      5       72
  AVERAGE         85                        80      5       83

PRECIPITATION (IN)
  YESTERDAY        0.00          3.74 1927   0.10  -0.10     0.00
  MONTH TO DATE    0.97                      2.57  -1.60     2.88
  SINCE JUN 1     10.06                     10.65  -0.59     9.50
  SINCE JAN 1     18.51                     27.15  -8.64    23.38

DEGREE DAYS
 COOLING
  YESTERDAY       20                        15      5       18
  MONTH TO DATE  501                       489     12      425
  SINCE JUN 1   1322                      1423   -101     1366
  SINCE JAN 1   1593                      1657    -64     1558
..................................................................


WIND (MPH)
  HIGHEST WIND SPEED    20   HIGHEST WIND DIRECTION    SE (130)
  HIGHEST GUST SPEED    25   HIGHEST GUST DIRECTION    SE (130)
  AVERAGE WIND SPEED     9.5


SKY COVER
  POSSIBLE SUNSHINE  MM
  AVERAGE SKY COVER 0.3


WEATHER CONDITIONS
 THE FOLLOWING WEATHER WAS RECORDED YESTERDAY.
  NO SIGNIFICANT WEATHER WAS OBSERVED.


RELATIVE HUMIDITY (PERCENT)
 HIGHEST    74           500 AM
 LOWEST     31           200 PM
 AVERAGE    53

..........................................................


THE TULSA OKLAHOMA CLIMATE NORMALS FOR TODAY
                         NORMAL    RECORD    YEAR
 MAXIMUM TEMPERATURE (F)   91       107      1984
 MINIMUM TEMPERATURE (F)   69        51      1931


SUNRISE AND SUNSET
AUGUST 29 2014........SUNRISE   653 AM CDT   SUNSET   755 PM CDT
AUGUST 30 2014........SUNRISE   654 AM CDT   SUNSET   754 PM CDT


-  INDICATES NEGATIVE NUMBERS.
R  INDICATES RECORD WAS SET OR TIED.
MM INDICATES DATA IS MISSING.
T  INDICATES TRACE AMOUNT.




$$

&&
...........................................................

THE TULSA PRECIPITATION NORMALS FOR TODAY
                       NORMAL    RECORD      YEAR
  TODAY                 0.10      2.36       1955
  MONTH TO DATE         2.67
  YEAR TO DATE         27.25
...........................................................
ALL DATA MEASURED AT THE TULSA INTERNATIONAL AIRPORT...
EXCEPT SNOWFALL...WHICH IS MEASURED AT THE NWS OFFICE.
