539
CDUS44 KTSA 290648
CLITUL

CLIMATE REPORT
NATIONAL WEATHER SERVICE TULSA OK
147 AM CDT FRI JUL 29 2016


...................................

...THE TULSA OKLAHOMA CLIMATE SUMMARY FOR JULY 28 2016...

CLIMATE NORMAL PERIOD 1981 TO 2010
CLIMATE RECORD PERIOD 1882 TO 2016


WEATHER ITEM   OBSERVED TIME   RECORD YEAR NORMAL DEPARTURE LAST
                VALUE   (LST)  VALUE       VALUE  FROM      YEAR
                                                  NORMAL
..................................................................
TEMPERATURE (F)
 YESTERDAY
  MAXIMUM         96    401 PM 109    1936  94      2       97
  MINIMUM         75   1059 PM  58    2005  73      2       81
  AVERAGE         86                        84      2       89

PRECIPITATION (IN)
  YESTERDAY        T             2.72 1976   0.09  -0.09     0.00
  MONTH TO DATE    3.08                      3.08   0.00     6.71
  SINCE JUN 1      3.85                      7.80  -3.95    11.48
  SINCE JAN 1     17.71                     24.30  -6.59    36.38

DEGREE DAYS
 COOLING
  YESTERDAY       21                        19      2       24
  MONTH TO DATE  584                       499     85      543
  SINCE JUN 1   1117                       878    239     1025
  SINCE JAN 1   1321                      1112    209     1230
..................................................................


WIND (MPH)
  HIGHEST WIND SPEED    29   HIGHEST WIND DIRECTION     S (190)
  HIGHEST GUST SPEED    35   HIGHEST GUST DIRECTION     S (200)
  AVERAGE WIND SPEED     4.9


SKY COVER
  POSSIBLE SUNSHINE  MM
  AVERAGE SKY COVER 0.5


WEATHER CONDITIONS
 THE FOLLOWING WEATHER WAS RECORDED YESTERDAY.
  THUNDERSTORM
  LIGHT RAIN


RELATIVE HUMIDITY (PERCENT)
 HIGHEST   100           300 AM
 LOWEST     49           400 PM
 AVERAGE    75

..........................................................


THE TULSA OKLAHOMA CLIMATE NORMALS FOR TODAY
                         NORMAL    RECORD    YEAR
 MAXIMUM TEMPERATURE (F)   94       110      1986
 MINIMUM TEMPERATURE (F)   73        60      2005
                                             1969


SUNRISE AND SUNSET
JULY 29 2016..........SUNRISE   629 AM CDT   SUNSET   831 PM CDT
JULY 30 2016..........SUNRISE   629 AM CDT   SUNSET   830 PM CDT


-  INDICATES NEGATIVE NUMBERS.
R  INDICATES RECORD WAS SET OR TIED.
MM INDICATES DATA IS MISSING.
T  INDICATES TRACE AMOUNT.




$$

&&
...........................................................

THE TULSA PRECIPITATION NORMALS FOR TODAY
                       NORMAL    RECORD      YEAR
  TODAY                 0.09      1.64       2000
  MONTH TO DATE         3.17
  YEAR TO DATE         24.39
...........................................................
ALL DATA MEASURED AT THE TULSA INTERNATIONAL AIRPORT...
EXCEPT SNOWFALL...WHICH IS MEASURED AT THE NWS OFFICE.
