000
CDUS44 KTSA 180726
CLITUL

CLIMATE REPORT
NATIONAL WEATHER SERVICE TULSA OK
126 AM CST SAT NOV 18 2017


...................................

...THE TULSA OKLAHOMA CLIMATE SUMMARY FOR NOVEMBER 17 2017...

CLIMATE NORMAL PERIOD 1981 TO 2010
CLIMATE RECORD PERIOD 1882 TO 2017


WEATHER ITEM   OBSERVED TIME   RECORD YEAR NORMAL DEPARTURE LAST
                VALUE   (LST)  VALUE       VALUE  FROM      YEAR
                                                  NORMAL
..................................................................
TEMPERATURE (F)
 YESTERDAY
  MAXIMUM         83R   307 PM  80    2016  60     23       80
                                      1969
                                      1966
  MINIMUM         59    531 AM  11    1959  39     20       64
  AVERAGE         71                        50     21       72

PRECIPITATION (IN)
  YESTERDAY        0.00          1.28 2015   0.09  -0.09     0.00
  MONTH TO DATE    0.02                      1.75  -1.73     1.56
  SINCE SEP 1      8.98                      9.94  -0.96     6.73
  SINCE JAN 1     43.98                     37.42   6.56    27.43

SNOWFALL (IN)
  YESTERDAY        0.0                                       0.0
  MONTH TO DATE    0.0                                       0.0
  SINCE SEP 1      0.0                                       0.0
  SINCE JUL 1      0.0                                       0.0

DEGREE DAYS
 HEATING
  YESTERDAY        0                        16    -16        0
  MONTH TO DATE  184                       207    -23       81
  SINCE SEP 1    343                       393    -50      131
  SINCE JUL 1    343                       393    -50      131
..................................................................


WIND (MPH)
  HIGHEST WIND SPEED    29   HIGHEST WIND DIRECTION     S (190)
  HIGHEST GUST SPEED    39   HIGHEST GUST DIRECTION     S (180)
  AVERAGE WIND SPEED    17.5


SKY COVER
  POSSIBLE SUNSHINE  MM
  AVERAGE SKY COVER 1.0


WEATHER CONDITIONS
 THE FOLLOWING WEATHER WAS RECORDED YESTERDAY.
  FOG


RELATIVE HUMIDITY (PERCENT)
 HIGHEST    87           900 AM
 LOWEST     47           300 PM
 AVERAGE    67

..........................................................


THE TULSA OKLAHOMA CLIMATE NORMALS FOR TODAY
                         NORMAL    RECORD    YEAR
 MAXIMUM TEMPERATURE (F)   60        82      1930
 MINIMUM TEMPERATURE (F)   39        14      2014


SUNRISE AND SUNSET
NOVEMBER 18 2017......SUNRISE   704 AM CST   SUNSET   514 PM CST
NOVEMBER 19 2017......SUNRISE   705 AM CST   SUNSET   513 PM CST


-  INDICATES NEGATIVE NUMBERS.
R  INDICATES RECORD WAS SET OR TIED.
MM INDICATES DATA IS MISSING.
T  INDICATES TRACE AMOUNT.




$$

&&
...........................................................

THE TULSA PRECIPITATION NORMALS FOR TODAY
                       NORMAL    RECORD      YEAR
  TODAY                 0.08      1.26       1964
  MONTH TO DATE         1.83
  YEAR TO DATE         37.50
...........................................................
ALL DATA MEASURED AT THE TULSA INTERNATIONAL AIRPORT...
EXCEPT SNOWFALL...WHICH IS MEASURED AT THE NWS OFFICE.
