000
CDUS44 KTSA 060649
CLITUL

CLIMATE REPORT
NATIONAL WEATHER SERVICE TULSA OK
147 AM CDT MON JUL 6 2015


...................................

...THE TULSA OKLAHOMA CLIMATE SUMMARY FOR JULY 5 2015...

CLIMATE NORMAL PERIOD 1981 TO 2010
CLIMATE RECORD PERIOD 1882 TO 2015


WEATHER ITEM   OBSERVED TIME   RECORD YEAR NORMAL DEPARTURE LAST
                VALUE   (LST)  VALUE       VALUE  FROM      YEAR
                                                  NORMAL
..................................................................
TEMPERATURE (F)
 YESTERDAY
  MAXIMUM         95    330 PM 108    1911  92      3       91
  MINIMUM         73    553 AM  53    1915  72      1       72
  AVERAGE         84                        82      2       82

PRECIPITATION (IN)
  YESTERDAY        0.00          1.55 1950   0.12  -0.12     0.00
  MONTH TO DATE    0.66                      0.62   0.04     0.00
  SINCE JUN 1      5.43                      5.34   0.09     4.67
  SINCE JAN 1     30.33                     21.84   8.49    13.12

DEGREE DAYS
 COOLING
  YESTERDAY       19                        17      2       17
  MONTH TO DATE   93                        84      9       59
  SINCE JUN 1    575                       463    112      462
  SINCE JAN 1    780                       697     83      733
..................................................................


WIND (MPH)
  HIGHEST WIND SPEED    22   HIGHEST WIND DIRECTION     S (180)
  HIGHEST GUST SPEED    27   HIGHEST GUST DIRECTION     S (180)
  AVERAGE WIND SPEED    11.7


SKY COVER
  POSSIBLE SUNSHINE  MM
  AVERAGE SKY COVER 0.4


WEATHER CONDITIONS
 THE FOLLOWING WEATHER WAS RECORDED YESTERDAY.
  NO SIGNIFICANT WEATHER WAS OBSERVED.


RELATIVE HUMIDITY (PERCENT)
 HIGHEST    87           400 AM
 LOWEST     52           100 PM
 AVERAGE    70

..........................................................


THE TULSA OKLAHOMA CLIMATE NORMALS FOR TODAY
                         NORMAL    RECORD    YEAR
 MAXIMUM TEMPERATURE (F)   92       111      1996
 MINIMUM TEMPERATURE (F)   72        55      1972
                                             1924


SUNRISE AND SUNSET
JULY  6 2015..........SUNRISE   612 AM CDT   SUNSET   844 PM CDT
JULY  7 2015..........SUNRISE   613 AM CDT   SUNSET   844 PM CDT


-  INDICATES NEGATIVE NUMBERS.
R  INDICATES RECORD WAS SET OR TIED.
MM INDICATES DATA IS MISSING.
T  INDICATES TRACE AMOUNT.




$$

&&
...........................................................

THE TULSA PRECIPITATION NORMALS FOR TODAY
                       NORMAL    RECORD      YEAR
  TODAY                 0.12      1.62       1932
  MONTH TO DATE         0.74
  YEAR TO DATE         21.96
...........................................................
ALL DATA MEASURED AT THE TULSA INTERNATIONAL AIRPORT...
EXCEPT SNOWFALL...WHICH IS MEASURED AT THE NWS OFFICE.
