000
CDUS44 KTSA 290656
CLITUL

CLIMATE REPORT
NATIONAL WEATHER SERVICE TULSA OK
147 AM CDT WED JUL 29 2015


...................................

...THE TULSA OKLAHOMA CLIMATE SUMMARY FOR JULY 28 2015...

CLIMATE NORMAL PERIOD 1981 TO 2010
CLIMATE RECORD PERIOD 1882 TO 2015


WEATHER ITEM   OBSERVED TIME   RECORD YEAR NORMAL DEPARTURE LAST
                VALUE   (LST)  VALUE       VALUE  FROM      YEAR
                                                  NORMAL
..................................................................
TEMPERATURE (F)
 YESTERDAY
  MAXIMUM         97    340 PM 109    1936  94      3       90
  MINIMUM         81    602 AM  58    2005  73      8       65
  AVERAGE         89                        84      5       78

PRECIPITATION (IN)
  YESTERDAY        0.00          2.72 1976   0.09  -0.09     0.00
  MONTH TO DATE    6.71                      3.08   3.63     2.48
  SINCE JUN 1     11.48                      7.80   3.68     7.15
  SINCE JAN 1     36.38                     24.30  12.08    15.60

DEGREE DAYS
 COOLING
  YESTERDAY       24                        19      5       13
  MONTH TO DATE  543                       499     44      390
  SINCE JUN 1   1025                       878    147      793
  SINCE JAN 1   1230                      1112    118     1064
..................................................................


WIND (MPH)
  HIGHEST WIND SPEED    23   HIGHEST WIND DIRECTION     S (180)
  HIGHEST GUST SPEED    29   HIGHEST GUST DIRECTION     S (170)
  AVERAGE WIND SPEED    12.2


SKY COVER
  POSSIBLE SUNSHINE  MM
  AVERAGE SKY COVER 0.0


WEATHER CONDITIONS
 THE FOLLOWING WEATHER WAS RECORDED YESTERDAY.
  NO SIGNIFICANT WEATHER WAS OBSERVED.


RELATIVE HUMIDITY (PERCENT)
 HIGHEST    74           600 AM
 LOWEST     42           200 PM
 AVERAGE    58

..........................................................


THE TULSA OKLAHOMA CLIMATE NORMALS FOR TODAY
                         NORMAL    RECORD    YEAR
 MAXIMUM TEMPERATURE (F)   94       110      1986
 MINIMUM TEMPERATURE (F)   73        60      2005
                                             1969


SUNRISE AND SUNSET
JULY 29 2015..........SUNRISE   628 AM CDT   SUNSET   832 PM CDT
JULY 30 2015..........SUNRISE   629 AM CDT   SUNSET   831 PM CDT


-  INDICATES NEGATIVE NUMBERS.
R  INDICATES RECORD WAS SET OR TIED.
MM INDICATES DATA IS MISSING.
T  INDICATES TRACE AMOUNT.




$$

&&
...........................................................

THE TULSA PRECIPITATION NORMALS FOR TODAY
                       NORMAL    RECORD      YEAR
  TODAY                 0.09      1.64       2000
  MONTH TO DATE         3.17
  YEAR TO DATE         24.39
...........................................................
ALL DATA MEASURED AT THE TULSA INTERNATIONAL AIRPORT...
EXCEPT SNOWFALL...WHICH IS MEASURED AT THE NWS OFFICE.
