000
CDUS44 KTSA 300648
CLITUL

CLIMATE REPORT
NATIONAL WEATHER SERVICE TULSA OK
1247 AM CST FRI JAN 30 2015


...................................

...THE TULSA OKLAHOMA CLIMATE SUMMARY FOR JANUARY 29 2015...

CLIMATE NORMAL PERIOD 1981 TO 2010
CLIMATE RECORD PERIOD 1882 TO 2015


WEATHER ITEM   OBSERVED TIME   RECORD YEAR NORMAL DEPARTURE LAST
                VALUE   (LST)  VALUE       VALUE  FROM      YEAR
                                                  NORMAL
..................................................................
TEMPERATURE (F)
 YESTERDAY
  MAXIMUM         64    103 AM  76    2011  49     15       46
                                      1947
  MINIMUM         31   1118 PM  -2    1949  28      3       16
  AVERAGE         48                        39      9       31

PRECIPITATION (IN)
  YESTERDAY        0.00          1.43 1939   0.06  -0.06     0.00
  MONTH TO DATE    0.41                      1.54  -1.13     0.13
  SINCE DEC 1      2.38                      4.03  -1.65     1.91
  SINCE JAN 1      0.41                      1.54  -1.13     0.13

SNOWFALL (IN)
  YESTERDAY        0.0                                       0.0
  MONTH TO DATE    T                                         1.1
  SINCE DEC 1      2.0                                       6.1
  SINCE JUL 1      2.4                                       6.1

DEGREE DAYS
 HEATING
  YESTERDAY       17                        26     -9       34
  MONTH TO DATE  769                       797    -28      847
  SINCE DEC 1   1461                      1589   -128     1760
  SINCE JUL 1   2162                      2225    -63     2461
..................................................................


WIND (MPH)
  HIGHEST WIND SPEED    28   HIGHEST WIND DIRECTION     N (360)
  HIGHEST GUST SPEED    36   HIGHEST GUST DIRECTION     N (350)
  AVERAGE WIND SPEED    13.9


SKY COVER
  POSSIBLE SUNSHINE  MM
  AVERAGE SKY COVER 0.7


WEATHER CONDITIONS
 THE FOLLOWING WEATHER WAS RECORDED YESTERDAY.
  NO SIGNIFICANT WEATHER WAS OBSERVED.


RELATIVE HUMIDITY (PERCENT)
 HIGHEST    82          1100 PM
 LOWEST     36           100 AM
 AVERAGE    59

..........................................................


THE TULSA OKLAHOMA CLIMATE NORMALS FOR TODAY
                         NORMAL    RECORD    YEAR
 MAXIMUM TEMPERATURE (F)   50        74      1931
 MINIMUM TEMPERATURE (F)   28        -6      1949


SUNRISE AND SUNSET
JANUARY 30 2015.......SUNRISE   726 AM CST   SUNSET   548 PM CST
JANUARY 31 2015.......SUNRISE   725 AM CST   SUNSET   549 PM CST


-  INDICATES NEGATIVE NUMBERS.
R  INDICATES RECORD WAS SET OR TIED.
MM INDICATES DATA IS MISSING.
T  INDICATES TRACE AMOUNT.




$$

&&
...........................................................

THE TULSA PRECIPITATION NORMALS FOR TODAY
                       NORMAL    RECORD      YEAR
  TODAY                 0.06      1.80       2002
  MONTH TO DATE         1.60
  YEAR TO DATE          1.60
...........................................................
ALL DATA MEASURED AT THE TULSA INTERNATIONAL AIRPORT...
EXCEPT SNOWFALL...WHICH IS MEASURED AT THE NWS OFFICE.
