852
CDUS44 KTSA 120717
CLITUL

CLIMATE REPORT
NATIONAL WEATHER SERVICE TULSA OK
1247 AM CST FRI FEB 12 2016


...................................

...THE TULSA OKLAHOMA CLIMATE SUMMARY FOR FEBRUARY 11 2016...

CLIMATE NORMAL PERIOD 1981 TO 2010
CLIMATE RECORD PERIOD 1882 TO 2016


WEATHER ITEM   OBSERVED TIME   RECORD YEAR NORMAL DEPARTURE LAST
                VALUE   (LST)  VALUE       VALUE  FROM      YEAR
                                                  NORMAL
..................................................................
TEMPERATURE (F)
 YESTERDAY
  MAXIMUM         56    411 PM  77    1951  52      4       52
                                      1938
  MINIMUM         33   1100 PM  -3    1981  30      3       27
  AVERAGE         45                        41      4       40

PRECIPITATION (IN)
  YESTERDAY        0.00          1.18 1977   0.07  -0.07     0.00
  MONTH TO DATE    0.11                      0.64  -0.53     0.11
  SINCE DEC 1      9.32                      4.79   4.53     2.83
  SINCE JAN 1      0.72                      2.30  -1.58     0.86

SNOWFALL (IN)
  YESTERDAY        0.0                                       0.0
  MONTH TO DATE    0.0                                        T
  SINCE DEC 1      3.0                                       2.0
  SINCE JUL 1      3.0                                       2.4

DEGREE DAYS
 HEATING
  YESTERDAY       20                        24     -4       25
  MONTH TO DATE  232                       275    -43      255
  SINCE DEC 1   1619                      1912   -293     1764
  SINCE JUL 1   2094                      2548   -454     2465
..................................................................


WIND (MPH)
  HIGHEST WIND SPEED    18   HIGHEST WIND DIRECTION     N (10)
  HIGHEST GUST SPEED    24   HIGHEST GUST DIRECTION     N (350)
  AVERAGE WIND SPEED     8.2


SKY COVER
  POSSIBLE SUNSHINE  MM
  AVERAGE SKY COVER 0.5


WEATHER CONDITIONS
 THE FOLLOWING WEATHER WAS RECORDED YESTERDAY.
  NO SIGNIFICANT WEATHER WAS OBSERVED.


RELATIVE HUMIDITY (PERCENT)
 HIGHEST    76           600 AM
 LOWEST     38           200 PM
 AVERAGE    57

..........................................................


THE TULSA OKLAHOMA CLIMATE NORMALS FOR TODAY
                         NORMAL    RECORD    YEAR
 MAXIMUM TEMPERATURE (F)   52        86      1962
 MINIMUM TEMPERATURE (F)   30         0      1905


SUNRISE AND SUNSET
FEBRUARY 12 2016......SUNRISE   715 AM CST   SUNSET   601 PM CST
FEBRUARY 13 2016......SUNRISE   714 AM CST   SUNSET   602 PM CST


-  INDICATES NEGATIVE NUMBERS.
R  INDICATES RECORD WAS SET OR TIED.
MM INDICATES DATA IS MISSING.
T  INDICATES TRACE AMOUNT.




$$

&&
...........................................................

THE TULSA PRECIPITATION NORMALS FOR TODAY
                       NORMAL    RECORD      YEAR
  TODAY                 0.06      1.78       1978
  MONTH TO DATE         0.70
  YEAR TO DATE          2.36
...........................................................
ALL DATA MEASURED AT THE TULSA INTERNATIONAL AIRPORT...
EXCEPT SNOWFALL...WHICH IS MEASURED AT THE NWS OFFICE.
