000
CDUS44 KTSA 250648
CLITUL

CLIMATE REPORT
NATIONAL WEATHER SERVICE TULSA OK
147 AM CDT SUN SEP 25 2016


...................................

...THE TULSA OKLAHOMA CLIMATE SUMMARY FOR SEPTEMBER 24 2016...

CLIMATE NORMAL PERIOD 1981 TO 2010
CLIMATE RECORD PERIOD 1882 TO 2016


WEATHER ITEM   OBSERVED TIME   RECORD YEAR NORMAL DEPARTURE LAST
                VALUE   (LST)  VALUE       VALUE  FROM      YEAR
                                                  NORMAL
..................................................................
TEMPERATURE (F)
 YESTERDAY
  MAXIMUM         93    153 PM  99    1931  80     13       89
  MINIMUM         72   1138 PM  37    1989  58     14       64
  AVERAGE         83                        69     14       77

PRECIPITATION (IN)
  YESTERDAY        T             2.33 1945   0.15  -0.15     0.00
  MONTH TO DATE    1.63                      3.44  -1.81     2.93
  SINCE SEP 1      1.63                      3.44  -1.81     2.93
  SINCE JAN 1     22.33                     30.92  -8.59    44.48

DEGREE DAYS
 HEATING
  YESTERDAY        0                         1     -1        0
  MONTH TO DATE    0                        10    -10        0
  SINCE SEP 1      0                        10    -10        0
  SINCE JUL 1      0                        10    -10        0

 COOLING
  YESTERDAY       18                         6     12       12
  MONTH TO DATE  356                       233    123      305
  SINCE SEP 1    356                       233    123      305
  SINCE JAN 1   2296                      1934    362     2044
..................................................................


WIND (MPH)
  HIGHEST WIND SPEED    24   HIGHEST WIND DIRECTION    NW (320)
  HIGHEST GUST SPEED    30   HIGHEST GUST DIRECTION    SE (150)
  AVERAGE WIND SPEED    12.3


SKY COVER
  POSSIBLE SUNSHINE  MM
  AVERAGE SKY COVER 0.4


WEATHER CONDITIONS
 THE FOLLOWING WEATHER WAS RECORDED YESTERDAY.
  LIGHT RAIN


RELATIVE HUMIDITY (PERCENT)
 HIGHEST    87           500 AM
 LOWEST     44           200 PM
 AVERAGE    66

..........................................................


THE TULSA OKLAHOMA CLIMATE NORMALS FOR TODAY
                         NORMAL    RECORD    YEAR
 MAXIMUM TEMPERATURE (F)   80        99      1939
 MINIMUM TEMPERATURE (F)   58        42      2001


SUNRISE AND SUNSET
SEPTEMBER 25 2016.....SUNRISE   714 AM CDT   SUNSET   715 PM CDT
SEPTEMBER 26 2016.....SUNRISE   715 AM CDT   SUNSET   714 PM CDT


-  INDICATES NEGATIVE NUMBERS.
R  INDICATES RECORD WAS SET OR TIED.
MM INDICATES DATA IS MISSING.
T  INDICATES TRACE AMOUNT.




$$

&&
...........................................................

THE TULSA PRECIPITATION NORMALS FOR TODAY
                       NORMAL    RECORD      YEAR
  TODAY                 0.14      2.07       1959
  MONTH TO DATE         3.58
  YEAR TO DATE         31.06
...........................................................
ALL DATA MEASURED AT THE TULSA INTERNATIONAL AIRPORT...
EXCEPT SNOWFALL...WHICH IS MEASURED AT THE NWS OFFICE.
