000
CDUS44 KTSA 021412
CLITUL

CLIMATE REPORT
NATIONAL WEATHER SERVICE TULSA OK
912 AM CDT THU OCT 2 2014


...................................

...THE TULSA OKLAHOMA CLIMATE SUMMARY FOR OCTOBER 2 2014...
VALID AS OF 0900 AM LOCAL TIME.

CLIMATE NORMAL PERIOD 1981 TO 2010
CLIMATE RECORD PERIOD 1882 TO 2014


WEATHER ITEM   OBSERVED TIME   RECORD YEAR NORMAL DEPARTURE LAST
                VALUE   (LST)  VALUE       VALUE  FROM      YEAR
                                                  NORMAL
..................................................................
TEMPERATURE (F)
 TODAY
  MAXIMUM         78    456 AM  96    1978  77      1       86
  MINIMUM         71    624 AM  39    2003  55     16       69
                                      1975
  AVERAGE         75                        66      9       78

PRECIPITATION (IN)
  TODAY            0.05          5.45 1959   0.12  -0.07     0.00
  MONTH TO DATE    0.05                      0.25  -0.20     0.00
  SINCE SEP 1      2.24                      4.51  -2.27     2.50
  SINCE JAN 1     20.76                     31.99 -11.23    25.88

SNOWFALL (IN)
  TODAY            0.0                                       0.0
  MONTH TO DATE    0.0                                       0.0
  SINCE SEP 1      0.0                                       0.0
  SINCE JUL 1      0.0                                       0.0

DEGREE DAYS
 HEATING
  TODAY            0                         3     -3        0
  MONTH TO DATE    0                         6     -6        0
  SINCE SEP 1     12                        30    -18        1
  SINCE JUL 1     13                        30    -17        1

 COOLING
  TODAY           10                         4      6       13
  MONTH TO DATE   27                         8     19       23
  SINCE SEP 1    308                       272     36      371
  SINCE JAN 1   1961                      1973    -12     2000
..................................................................


WIND (MPH)
  HIGHEST WIND SPEED    22   HIGHEST WIND DIRECTION     S (170)
  HIGHEST GUST SPEED    32   HIGHEST GUST DIRECTION     S (200)
  AVERAGE WIND SPEED    12.7


SKY COVER
  POSSIBLE SUNSHINE  MM
  AVERAGE SKY COVER 0.9


WEATHER CONDITIONS
 THE FOLLOWING WEATHER WAS RECORDED TODAY.
  THUNDERSTORM
  LIGHT RAIN
  FOG


RELATIVE HUMIDITY (PERCENT)
 HIGHEST    93           800 AM
 LOWEST     74          1200 AM
 AVERAGE    84

..........................................................


THE TULSA OKLAHOMA CLIMATE NORMALS FOR TOMORROW
                         NORMAL    RECORD    YEAR
 MAXIMUM TEMPERATURE (F)   77        95      1963
 MINIMUM TEMPERATURE (F)   55        37      2010


SUNRISE AND SUNSET
OCTOBER  2 2014.......SUNRISE   720 AM CDT   SUNSET   706 PM CDT
OCTOBER  3 2014.......SUNRISE   720 AM CDT   SUNSET   704 PM CDT


-  INDICATES NEGATIVE NUMBERS.
R  INDICATES RECORD WAS SET OR TIED.
MM INDICATES DATA IS MISSING.
T  INDICATES TRACE AMOUNT.




$$

&&
...........................................................

HOURLY TEMPERATURE DATA
 YESTERDAY
11AM NOON  1PM  2PM  3PM  4PM  5PM  6PM  7PM  8PM  9PM 10PM 11PM
  82   86   89   91   91   90   90   87   85   83   82   80   79

 TODAY
 MID  1AM  2AM  3AM  4AM  5AM  6AM  7AM  8AM  9AM
  79   78   78   77   77   77   78   72   72   74
...........................................................
ALL DATA MEASURED AT THE TULSA INTERNATIONAL AIRPORT...
EXCEPT SNOWFALL...WHICH IS MEASURED AT THE NWS OFFICE.
