000
CDUS44 KTSA 242133
CLITUL

CLIMATE REPORT
NATIONAL WEATHER SERVICE TULSA OK
432 PM CDT FRI JUN 24 2016


...................................

...THE TULSA OKLAHOMA CLIMATE SUMMARY FOR JUNE 24 2016...
VALID TODAY AS OF 0400 PM LOCAL TIME.

CLIMATE NORMAL PERIOD 1981 TO 2010
CLIMATE RECORD PERIOD 1882 TO 2016


WEATHER ITEM   OBSERVED TIME   RECORD YEAR NORMAL DEPARTURE LAST
                VALUE   (LST)  VALUE       VALUE  FROM      YEAR
                                                  NORMAL
..................................................................
TEMPERATURE (F)
 TODAY
  MAXIMUM         93    257 PM 104    1933  90      3       95
                                      1922
                                      1918
  MINIMUM         77    421 AM  55    1974  70      7       75
  AVERAGE         85                        80      5       85

PRECIPITATION (IN)
  TODAY            0.00          5.30 1921   0.13  -0.13     0.00
  MONTH TO DATE    0.65                      3.92  -3.27     4.77
  SINCE JUN 1      0.65                      3.92  -3.27     4.77
  SINCE JAN 1     14.51                     20.42  -5.91    29.67

DEGREE DAYS
 COOLING
  TODAY           20                        15      5       20
  MONTH TO DATE  411                       285    126      380
  SINCE JUN 1    411                       285    126      380
  SINCE JAN 1    615                       519     96      585
..................................................................


WIND (MPH)
  HIGHEST WIND SPEED    16   HIGHEST WIND DIRECTION     S (180)
  HIGHEST GUST SPEED    22   HIGHEST GUST DIRECTION     S (180)
  AVERAGE WIND SPEED     8.6


SKY COVER
  POSSIBLE SUNSHINE  MM
  AVERAGE SKY COVER 0.8


WEATHER CONDITIONS
 THE FOLLOWING WEATHER WAS RECORDED TODAY.
  NO SIGNIFICANT WEATHER WAS OBSERVED.


RELATIVE HUMIDITY (PERCENT)
 HIGHEST    88           400 AM
 LOWEST     52           300 PM
 AVERAGE    70

..........................................................


THE TULSA OKLAHOMA CLIMATE NORMALS FOR TOMORROW
                         NORMAL    RECORD    YEAR
 MAXIMUM TEMPERATURE (F)   90       105      2012
                                             1933
 MINIMUM TEMPERATURE (F)   70        52      1974


SUNRISE AND SUNSET
JUNE 24 2016..........SUNRISE   608 AM CDT   SUNSET   845 PM CDT
JUNE 25 2016..........SUNRISE   608 AM CDT   SUNSET   845 PM CDT


-  INDICATES NEGATIVE NUMBERS.
R  INDICATES RECORD WAS SET OR TIED.
MM INDICATES DATA IS MISSING.
T  INDICATES TRACE AMOUNT.




$$

&&
...........................................................

TULSA RECORD LOW MAX AND HIGH MIN TEMPERATURES FOR TOMORROW
                      RECORD        YEAR
  LOW MAXIMUM           70          1967
  HIGH MINIMUM          80          *1980
...........................................................
ALL DATA MEASURED AT THE TULSA INTERNATIONAL AIRPORT...
EXCEPT SNOWFALL...WHICH IS MEASURED AT THE NWS OFFICE.
