000
CDUS44 KTSA 190648
CLITUL

CLIMATE REPORT
NATIONAL WEATHER SERVICE TULSA OK
147 AM CDT SAT AUG 19 2017


...................................

...THE TULSA OKLAHOMA CLIMATE SUMMARY FOR AUGUST 18 2017...

CLIMATE NORMAL PERIOD 1981 TO 2010
CLIMATE RECORD PERIOD 1882 TO 2017


WEATHER ITEM   OBSERVED TIME   RECORD YEAR NORMAL DEPARTURE LAST
                VALUE   (LST)  VALUE       VALUE  FROM      YEAR
                                                  NORMAL
..................................................................
TEMPERATURE (F)
 YESTERDAY
  MAXIMUM         93    410 PM 109    1918  93      0       89
  MINIMUM         71    241 AM  54    1943  71      0       73
  AVERAGE         82                        82      0       81

PRECIPITATION (IN)
  YESTERDAY        0.00          1.82 1928   0.09  -0.09     0.00
  MONTH TO DATE    6.07                      1.60   4.47     2.04
  SINCE JUN 1     11.07                      9.68   1.39     6.57
  SINCE JAN 1     35.00                     26.18   8.82    20.43

DEGREE DAYS
 COOLING
  YESTERDAY       17                        17      0       16
  MONTH TO DATE  244                       327    -83      348
  SINCE JUN 1   1230                      1261    -31     1518
  SINCE JAN 1   1517                      1495     22     1722
..................................................................


WIND (MPH)
  HIGHEST WIND SPEED    16   HIGHEST WIND DIRECTION     S (200)
  HIGHEST GUST SPEED    20   HIGHEST GUST DIRECTION     S (160)
  AVERAGE WIND SPEED     6.4


SKY COVER
  POSSIBLE SUNSHINE  MM
  AVERAGE SKY COVER 0.4


WEATHER CONDITIONS
 THE FOLLOWING WEATHER WAS RECORDED YESTERDAY.
  NO SIGNIFICANT WEATHER WAS OBSERVED.


RELATIVE HUMIDITY (PERCENT)
 HIGHEST   100           100 AM
 LOWEST     52           400 PM
 AVERAGE    76

..........................................................


THE TULSA OKLAHOMA CLIMATE NORMALS FOR TODAY
                         NORMAL    RECORD    YEAR
 MAXIMUM TEMPERATURE (F)   93       108      1934
 MINIMUM TEMPERATURE (F)   71        56      1932


SUNRISE AND SUNSET
AUGUST 19 2017........SUNRISE   645 AM CDT   SUNSET   808 PM CDT
AUGUST 20 2017........SUNRISE   646 AM CDT   SUNSET   807 PM CDT


-  INDICATES NEGATIVE NUMBERS.
R  INDICATES RECORD WAS SET OR TIED.
MM INDICATES DATA IS MISSING.
T  INDICATES TRACE AMOUNT.




$$

&&
...........................................................

THE TULSA PRECIPITATION NORMALS FOR TODAY
                       NORMAL    RECORD      YEAR
  TODAY                 0.09      3.02       2015
  MONTH TO DATE         1.69
  YEAR TO DATE         26.27
...........................................................
ALL DATA MEASURED AT THE TULSA INTERNATIONAL AIRPORT...
EXCEPT SNOWFALL...WHICH IS MEASURED AT THE NWS OFFICE.
