000
CDUS44 KTSA 302142
CLITUL

CLIMATE REPORT
NATIONAL WEATHER SERVICE TULSA OK
418 PM CDT MON MAR 30 2015


...................................

...THE TULSA OKLAHOMA CLIMATE SUMMARY FOR MARCH 30 2015...
VALID TODAY AS OF 0400 PM LOCAL TIME.

CLIMATE NORMAL PERIOD 1981 TO 2010
CLIMATE RECORD PERIOD 1882 TO 2015


WEATHER ITEM   OBSERVED TIME   RECORD YEAR NORMAL DEPARTURE LAST
                VALUE   (LST)  VALUE       VALUE  FROM      YEAR
                                                  NORMAL
..................................................................
TEMPERATURE (F)
 TODAY
  MAXIMUM         76    259 PM  86    1981  67      9       76
  MINIMUM         41    546 AM  21    1964  44     -3       44
  AVERAGE         59                        56      3       60

PRECIPITATION (IN)
  TODAY            0.00          1.78 1973   0.12  -0.12     0.00
  MONTH TO DATE    3.71                      3.17   0.54     2.36
  SINCE MAR 1      3.71                      3.17   0.54     2.36
  SINCE JAN 1      6.03                      6.68  -0.65     2.81

SNOWFALL (IN)
  TODAY            0.0                                       0.0
  MONTH TO DATE    0.3                                       2.4
  SINCE MAR 1      0.3                                       2.4
  SINCE JUL 1      8.5                                      12.4

DEGREE DAYS
 HEATING
  TODAY            6                        10     -4        5
  MONTH TO DATE  382                       427    -45      562
  SINCE MAR 1    382                       427    -45      562
  SINCE JUL 1   3397                      3338     59     3863

 COOLING
  TODAY            0                         1     -1        0
  MONTH TO DATE    5                         9     -4        1
  SINCE MAR 1      5                         9     -4        1
  SINCE JAN 1      5                        10     -5        1
..................................................................


WIND (MPH)
  HIGHEST WIND SPEED    13   HIGHEST WIND DIRECTION     S (190)
  HIGHEST GUST SPEED    20   HIGHEST GUST DIRECTION     S (190)
  AVERAGE WIND SPEED     4.5


SKY COVER
  POSSIBLE SUNSHINE  MM
  AVERAGE SKY COVER 0.1


WEATHER CONDITIONS
 THE FOLLOWING WEATHER WAS RECORDED TODAY.
  FOG


RELATIVE HUMIDITY (PERCENT)
 HIGHEST    96           600 AM
 LOWEST     27           200 PM
 AVERAGE    62

..........................................................


THE TULSA OKLAHOMA CLIMATE NORMALS FOR TOMORROW
                         NORMAL    RECORD    YEAR
 MAXIMUM TEMPERATURE (F)   67        96      1974
 MINIMUM TEMPERATURE (F)   44        24      1926


SUNRISE AND SUNSET
MARCH 30 2015.........SUNRISE   713 AM CDT   SUNSET   744 PM CDT
MARCH 31 2015.........SUNRISE   712 AM CDT   SUNSET   745 PM CDT


-  INDICATES NEGATIVE NUMBERS.
R  INDICATES RECORD WAS SET OR TIED.
MM INDICATES DATA IS MISSING.
T  INDICATES TRACE AMOUNT.




$$

&&
...........................................................

TULSA RECORD LOW MAX AND HIGH MIN TEMPERATURES FOR TOMORROW
                      RECORD        YEAR
  LOW MAXIMUM           44          1926
  HIGH MINIMUM          68          1917
...........................................................
ALL DATA MEASURED AT THE TULSA INTERNATIONAL AIRPORT...
EXCEPT SNOWFALL...WHICH IS MEASURED AT THE NWS OFFICE.
