000
CXAK57 PAJK 031020
CLMAJK
NATIONAL WEATHER SERVICE JUNEAU AK
147 AM AKDT WED APR 03 2024
...................................
...THE JUNEAU CLIMATE SUMMARY FOR THE MONTH OF MARCH 2024...
CLIMATE NORMAL PERIOD: 1991 TO 2020
CLIMATE RECORD PERIOD: 1936 TO 2024
WEATHER OBSERVED NORMAL DEPART LAST YEAR`S
VALUE DATE(S) VALUE FROM VALUE
NORMAL
..............................................................
TEMPERATURE (F)
RECORD
HIGH 61 03/21/1998
LOW -15 03/07/1972
HIGHEST 56 03/19 49 7
LOWEST 6 03/03 13 -7
03/04
03/05
AVG. MAXIMUM 43.1 39.2 3.9
AVG. MINIMUM 26.9 26.6 0.3
MEAN 35.0 32.9 2.1
DAYS MAX >= 90 0 0.0 0.0
DAYS MAX <= 32 5 4.5 0.5
DAYS MIN <= 32 21 22.1 -1.1
DAYS MIN <= 0 0 0.1 -0.1
PRECIPITATION (INCHES)
RECORD
MAXIMUM 6.50 1994
MINIMUM 0.45 2020
TOTALS 3.08 3.67 -0.59
DAILY AVG. 0.10 0.12 -0.02
DAYS >= .01 13 17.8 -4.8
DAYS >= .10 8 10.9 -2.9
DAYS >= .50 2 1.7 0.3
DAYS >= 1.00 0 0.2 -0.2
GREATEST
24 HR. TOTAL 0.86 03/13 TO 03/14
SNOWFALL (INCHES)
RECORDS
TOTAL 62.7
TOTALS 2.6 12.4 -9.8 13.6
SINCE 7/1 117.5 86.4 31.1
DAYS >= TRACE 8 7.5 0.5 6
DAYS >= 1.0 1 3.5 -2.5 2
DEGREE DAYS
HEATING TOTAL 923 995 -72
SINCE 7/1 6160 6800 -640
COOLING TOTAL 0 0 0
SINCE 1/1 0 0 0
FREEZE DATES
RECORD
EARLIEST 08/24/1969
LATEST 06/13/1965
EARLIEST 10/21
LATEST 05/05
..............................................................
WIND (MPH)
AVERAGE WIND SPEED 8.9
HIGHEST WIND SPEED/DIRECTION 43/110 DATE 03/08
HIGHEST GUST SPEED/DIRECTION 58/110 DATE 03/08
WEATHER CONDITIONS. NUMBER OF DAYS WITH
THUNDERSTORM 0 MIXED PRECIP 1
HEAVY RAIN 0 RAIN 3
LIGHT RAIN 16 FREEZING RAIN 0
LT FREEZING RAIN 0 HAIL 0
HEAVY SNOW 0 SNOW 1
LIGHT SNOW 8 SLEET 0
FOG 23 FOG W/VIS <= 1/4 MILE 3
HAZE 0
- INDICATES NEGATIVE NUMBERS.
R INDICATES RECORD WAS SET OR TIED.
MM INDICATES DATA IS MISSING.
T INDICATES TRACE AMOUNT.
$$
...A MAINLY BENIGN MARCH WAS EXPERIENCED ACROSS SOUTHEAST ALASKA...
Daily average temperatures were a bit above normal and total
precipitation values were a bit below normal as a whole for the
region for March. This is primarily due to most of the frontal
systems approaching the Panhandle from a south or southwesterly
direction, which brought primarily southerly warm air advection to
the area out ahead of those. Also, high temperatures skyrocketed on
several days during March between weather systems during prolonged
periods of widespread mostly sunny to sunny skies over the area.
Many of the aforementioned frontal systems were also relatively
quick-moving, which means they did not dump massive amounts of
liquid equivalent precipitation over the region. The only exception
is Yakutat, which experienced 1.21 inches above normal liquid
equivalent precipitation mainly due to a long deep swath of
atmospheric moisture aimed at the northeastern Gulf Coast region
from a frontal system approaching from the southwest around the
middle of the month. Significant snow storms were also not
experienced during the month for the 4 climate sites.
Juneau Airport`s average temperature was 2.1 degrees above normal
and their liquid equivalent precipitation was 0.59 inches below
normal for March. For Yakutat, their average temperature was 3.1
degrees above normal and their liquid equivalent precipitation was
1.21 inches above normal for the month. For Sitka, their average
temperature was 2.5 degrees above normal and their liquid equivalent
precipitation was just 0.06 inches below normal for March. For
Ketchikan, their average temperature was 1 degree above normal and
their liquid equivalent precipitation was 2.64 inches below normal
for the month.
As for records tied or broken during the month, On March 5th,
Ketchikan Airport set a record low temperature of 8 degrees, which
broke their previous record of 9 degrees, which was set way back in
1951. On March 14th, Ketchikan Airport set record liquid equivalent
precipitation with 1.95 inches, which broke their old record of 1.77
inches, which was set in 2017. On that same day, Juneau Airport
reported a record high temperature of 48, which broke their previous
record of 47, which was set back in 1998. On March 15th, Yakutat
reported 2.65 inches of liquid equivalent precipitation, which tied
their old record, which was set way back in 1947. On the 16th,
Ketchikan Airport broke their old high temperature record of 55 with
56 degrees, which was set back in 1966. On the 23rd, Juneau Airport
broke their high temperature record of 51 with 52 degrees, which was
set in 2019.
Chambers
$$