000
CXUS52 KGSP 011244
CLMCLT
CLIMATE REPORT
NATIONAL WEATHER SERVICE GREENVILLE-SPARTANBURG SC
744 AM EST FRI MAR 01 2024
...................................
...THE CHARLOTTE NC CLIMATE SUMMARY FOR THE MONTH OF FEBRUARY 2024...
CLIMATE NORMAL PERIOD 1991 TO 2020
CLIMATE RECORD PERIOD 1878 TO 2024
WEATHER OBSERVED NORMAL DEPART LAST YEAR`S
VALUE DATE(S) VALUE FROM VALUE DATE(S)
NORMAL
................................................................
TEMPERATURE (F)
RECORD
HIGH 82 02/16/2018
02/27/2011
02/25/1930
LOW -5 02/14/1899
HIGHEST 72 02/26 MM MM 80 02/23
LOWEST 28 02/19 MM MM 27 02/04
02/18
AVG. MAXIMUM 61.1 56.6 4.5 64.7
AVG. MINIMUM 38.7 34.9 3.8 43.1
MEAN 49.9 45.7 4.2 53.9
DAYS MAX >= 90 0 0.0 0.0 0
DAYS MAX <= 32 0 0.3 -0.3 0
DAYS MIN <= 32 9 12.0 -3.0 4
DAYS MIN <= 0 0 0.0 0.0 0
PRECIPITATION (INCHES)
RECORD
MAXIMUM 8.38 1929
MINIMUM 0.66 1938
TOTALS 0.94 3.13 -2.19 3.13
DAILY AVG. 0.03 NAN NAN 0.11
DAYS >= .01 6 9.7 -3.7 10
DAYS >= .10 3 6.4 -3.4 6
DAYS >= .50 1 2.2 -1.2 2
DAYS >= 1.00 0 0.6 -0.6 1
GREATEST
24 HR. TOTAL 0.50 02/12 TO 02/12 1.76 02/11 TO 02/12
STORM TOTAL 0.50 1.34
(MM/DD(HH)) MM
SNOWFALL (INCHES)
RECORDS
TOTAL 17.4 1902
24 HR TOTAL 16.5 02/14/1902 TO 02/15/1902
SNOW DEPTH MM MM
TOTALS 0.0 1.1 -1.1 0.0
LIQUID EQUIV 0.00 0.10 -0.10 0.00
SINCE 7/1 0.0 3.2 -3.2 MM
LIQUID 7/1 0.00 0.30 -0.30 MM
SNOWDEPTH AVG. 0 0
DAYS >= TRACE 0 0.5 -0.5 0
DAYS >= 1.0 0 0.3 -0.3 0
GREATEST
SNOW DEPTH 0 0 MM
24 HR TOTAL MM MM
STORM TOTAL 0.0 0.0
(MM/DD(HH)) MM
DEGREE DAYS
HEATING TOTAL 432 540 -108 317
SINCE 7/1 2069 2496 -427 MM
COOLING TOTAL 0 2 -2 13
SINCE 1/1 1 2 -1 MM
FREEZE DATES
RECORD
EARLIEST MM
LATEST MM
EARLIEST 11/02
LATEST 03/21
................................................................
WIND (MPH)
AVERAGE WIND SPEED 7.4
HIGHEST WIND SPEED/DIRECTION 29/320 DATE 02/28
HIGHEST GUST SPEED/DIRECTION 43/200 DATE 02/28
SKY COVER
POSSIBLE SUNSHINE (PERCENT) MM
AVERAGE SKY COVER 0.51
NUMBER OF DAYS FAIR 11
NUMBER OF DAYS PC 10
NUMBER OF DAYS CLOUDY 8
AVERAGE RH (PERCENT) 55
WEATHER CONDITIONS. NUMBER OF DAYS WITH
THUNDERSTORM 0 MIXED PRECIP 0
HEAVY RAIN 0 RAIN 4
LIGHT RAIN 10 FREEZING RAIN 0
LT FREEZING RAIN 0 HAIL 0
HEAVY SNOW 0 SNOW 0
LIGHT SNOW 0 SLEET 0
FOG 6 FOG W/VIS <= 1/4 MILE 0
HAZE 3
- INDICATES NEGATIVE NUMBERS.
R INDICATES RECORD WAS SET OR TIED.
MM INDICATES DATA IS MISSING.
T INDICATES TRACE AMOUNT.
$$