000
CXUS54 KEPZ 011017
CLMELP
CLIMATE REPORT
NATIONAL WEATHER SERVICE EL PASO TX/SANTA TERESA NM
417 AM MDT MON APR 01 2024
...................................
...THE EL PASO CLIMATE SUMMARY FOR THE MONTH OF MARCH 2024...
CLIMATE NORMAL PERIOD 1991 TO 2020
CLIMATE RECORD PERIOD 1879 TO 2024
WEATHER OBSERVED NORMAL DEPART LAST YEAR`S
VALUE DATE(S) VALUE FROM VALUE DATE(S)
NORMAL
................................................................
TEMPERATURE (F)
RECORD
HIGH 93 03/22/2017
03/20/1907
06/17/2215507
LOW 14 03/03/1971
HIGHEST 84 03/29 74 10 82 03/10
LOWEST 39 03/10 37 2 31 03/19
AVG. MAXIMUM 71.7 71.9 -0.2 72.2
AVG. MINIMUM 48.6 45.5 3.1 46.1
MEAN 60.2 58.7 1.5 59.2
DAYS MAX >= 90 0 0.1 -0.1 0
DAYS MAX <= 32 0 0.0 0.0 0
DAYS MIN <= 32 0 1.9 -1.9 1
DAYS MIN <= 0 0 0.0 0.0 0
PRECIPITATION (INCHES)
RECORD
MAXIMUM 2.26 1958
MINIMUM 0.00 2011
TOTALS 0.04 0.24 -0.20 0.05
DAYS >= .01 2 4
DAYS >= .10 0 0
DAYS >= .50 0 0
DAYS >= 1.00 0 0
GREATEST
24 HR. TOTAL 0.03 03/18 TO 03/18
SNOWFALL (INCHES)
TOTALS 0.0 T
SNOWDEPTH AVG. 0 0
DAYS >= TRACE 0 1
GREATEST
SNOW DEPTH 0
24 HR TOTAL 0.0
DEGREE DAYS
HEATING TOTAL 154 215 -61 192
SINCE 7/1 1708 2138 -430 MM
COOLING TOTAL 15 20 -5 17
SINCE 1/1 23 21 2 MM
FREEZE DATES
RECORD
EARLIEST 10/16/1880
LATEST 05/02/1967
EARLIEST 11/23
LATEST 03/19
................................................................
WIND (MPH)
AVERAGE WIND SPEED 11.1
HIGHEST WIND SPEED/DIRECTION 46/250 DATE 03/24
HIGHEST GUST SPEED/DIRECTION 63/260 DATE 03/24
SKY COVER
AVERAGE SKY COVER 0.49
AVERAGE RH (PERCENT) 32
WEATHER CONDITIONS. NUMBER OF DAYS WITH
THUNDERSTORM 1 MIXED PRECIP 0
HEAVY RAIN 0 RAIN 0
LIGHT RAIN 5 FREEZING RAIN 0
LT FREEZING RAIN 0 HAIL 0
HEAVY SNOW 0 SNOW 0
LIGHT SNOW 0 SLEET 0
FOG 0 FOG W/VIS <= 1/4 MILE 0
HAZE 3
- INDICATES NEGATIVE NUMBERS.
R INDICATES RECORD WAS SET OR TIED.
MM INDICATES DATA IS MISSING.
T INDICATES TRACE AMOUNT.
$$