000
CXUS54 KHGX 011410
CF611R
PRELIMINARY LOCAL CLIMATOLOGICAL DATA (WS FORM: F-6)
STATION: BRENHAM
MONTH: OCTOBER
YEAR: 2023
LATITUDE: 30 13 N
LONGITUDE: 96 22 W
TEMPERATURE IN F: :PCPN: SNOW: WIND :SUNSHINE: SKY :PK WND
================================================================================
1 2 3 4 5 6A 6B 7 8 9 10 11 12 13 14 15 16 17 18
12Z AVG MX 2MIN
DY MAX MIN AVG DEP HDD CDD WTR SNW DPTH SPD SPD DIR MIN PSBL S-S WX SPD DR
================================================================================
1 96 69 83 M 0 18 0.00 0.0 0 4.2 12 70 M M 1 18 80
2 95 71 83 M 0 18 0.00 0.0 0 3.7 12 140 M M 0 17 110
3 85 69 77 M 0 12 M 0.0 0 5.4 12 80 M M 7 18 110
4 94 77 86 M 0 21 M 0.0 0 7.8 16 150 M M 8 24 140
5 82 70 76 M 0 11 1.68 0.0 0 4.5 13 170 M M 7 13 31 130
6 87 69 78 M 0 13 0.00 0.0 0 4.6 10 70 M M 0 18 30
7 78 61 70 M 0 5 0.00 0.0 0 6.7 14 10 M M 0 18 20
8 78 52 65 M 0 0 0.00 0.0 0 1.5 7 110 M M 0 M M
9 86 55 71 M 0 6 M 0.0 0 3.9 10 230 M M 0 M M
10 76 64 70 M 0 5 M 0.0 0 1.2 8 150 M M 6 16 170
11 73 63 68 M 0 3 0.15 0.0 0 3.6 9 140 M M 7 M M
12 83 61 72 M 0 7 M 0.0 0 5.9 10 180 M M 6 1 16 170
13 91 68 80 M 0 15 M 0.0 0 4.7 12 340 M M 7 M M
14 77 58 68 M 0 3 M 0.0 0 9.7 18 350 M M 1 24 350
15 74 54 64 M 1 0 0.00 0.0 0 11.6 23 330 M M 0 30 340
16 72 47 60 M 5 0 0.00 0.0 0 8.0 20 340 M M 0 28 340
17 76 41 59 M 6 0 0.00 0.0 0 1.1 7 140 M M 0 M M
18 84 49 67 M 0 2 0.00 0.0 0 5.1 13 170 M M 0 1 20 210
19 88 57 73 M 0 8 0.00 0.0 0 3.7 12 240 M M 0 18 230
20 96 54 75 M 0 10 M 0.0 0 2.8 12 240 M M 0 17 220
21 93 56 75 M 0 10 0.00 0.0 0 1.1 5 180 M M 0 M M
22 91 67 79 M 0 14 M 0.0 0 4.7 12 180 M M 5 12 17 110
23 89 73 81 M 0 16 M 0.0 0 7.5 15 140 M M 6 24 140
24 90 73 82 M 0 17 M 0.0 0 10.5 21 150 M M 5 28 140
25 88 71 80 M 0 15 M 0.0 0 8.6 14 150 M M 8 22 170
26 90 73 82 M 0 17 1.27 0.0 0 6.7 14 210 M M 10 13 27 180
27 85 75 80 M 0 15 0.09 0.0 0 4.7 10 170 M M 8 13 M M
28 89 76 83 M 0 18 0.00 0.0 0 7.2 10 180 M M 9 3 17 170
29 83 48 66 M 0 1 0.00 0.0 0 11.5 22 340 M M 10 1 28 350
30 48 43 46 M 19 0 0.14 M M 15.1 22 360 M M 10 31 350
31 62 43 53 M 12 0 M 0.0 0 9.9 17 360 M M 5 23 360
================================================================================
SM 2579 1907 43 280 3.33 0.0 187.2 M 126
================================================================================
AV 83.2 61.5 6.0 FASTST M M 4 MAX(MPH)
MISC ----> 23 330 # 31 130
================================================================================
NOTES:
# LAST OF SEVERAL OCCURRENCES
COLUMN 17 PEAK WIND IN M.P.H.
PRELIMINARY LOCAL CLIMATOLOGICAL DATA (WS FORM: F-6) , PAGE 2
STATION: BRENHAM
MONTH: OCTOBER
YEAR: 2023
LATITUDE: 30 13 N
LONGITUDE: 96 22 W
[TEMPERATURE DATA] [PRECIPITATION DATA] SYMBOLS USED IN COLUMN 16
AVERAGE MONTHLY: 72.4 TOTAL FOR MONTH: 3.33 1 = FOG OR MIST
DPTR FM NORMAL: 20.0 DPTR FM NORMAL: -0.57 2 = FOG REDUCING VISIBILITY
HIGHEST: 96 ON 20, 1 GRTST 24HR 1.68 ON 5- 5 TO 1/4 MILE OR LESS
LOWEST: 41 ON 17 3 = THUNDER
SNOW, ICE PELLETS, HAIL 4 = ICE PELLETS
TOTAL MONTH: 0.0 INCH 5 = HAIL
GRTST 24HR 0.0 6 = FREEZING RAIN OR DRIZZLE
GRTST DEPTH: 0 7 = DUSTSTORM OR SANDSTORM:
VSBY 1/2 MILE OR LESS
8 = SMOKE OR HAZE
[NO. OF DAYS WITH] [WEATHER - DAYS WITH] 9 = BLOWING SNOW
X = TORNADO
MAX 32 OR BELOW: 0 0.01 INCH OR MORE: 5
MAX 90 OR ABOVE: 9 0.10 INCH OR MORE: 4
MIN 32 OR BELOW: 0 0.50 INCH OR MORE: 2
MIN 0 OR BELOW: 0 1.00 INCH OR MORE: 2
[HDD (BASE 65) ]
TOTAL THIS MO. 43 CLEAR (SCALE 0-3) 14
DPTR FM NORMAL M PTCLDY (SCALE 4-7) 13
TOTAL FM JUL 1 43 CLOUDY (SCALE 8-10) 4
DPTR FM NORMAL M
[CDD (BASE 65) ]
TOTAL THIS MO. 280
DPTR FM NORMAL M [PRESSURE DATA]
TOTAL FM JAN 1 3415 HIGHEST SLP M ON M
DPTR FM NORMAL M LOWEST SLP M ON M
[REMARKS]
#FINAL-10-23#