000
CXUS53 KUNR 010930
CF62WX
PRELIMINARY LOCAL CLIMATOLOGICAL DATA (WS FORM: F-6)
STATION: BUFFALO SD
MONTH: MAY
YEAR: 2023
LATITUDE: 45 35 N
LONGITUDE: 103 33 W
TEMPERATURE IN F: :PCPN: SNOW: WIND :SUNSHINE: SKY :PK WND
================================================================================
1 2 3 4 5 6A 6B 7 8 9 10 11 12 13 14 15 16 17 18
12Z AVG MX 2MIN
DY MAX MIN AVG DEP HDD CDD WTR SNW DPTH SPD SPD DIR MIN PSBL S-S WX SPD DR
================================================================================
1 65 34 50 1 15 0 0.00 M M 7.2 16 90 M M M 22 100
2 69 34 52 3 13 0 0.00 M M 14.1 24 130 M M M 35 130
3 82 42 62 13 3 0 0.00 M M 5.4 17 60 M M M 22 50
4 80 44 62 12 3 0 0.00 M M 12.3 22 80 M M M 31 80
5 70 45 58 8 7 0 0.00 M M 12.1 24 80 M M M 34 80
6 68 45 57 7 8 0 0.56 M M 12.0 29 80 M M M 38 80
7 62 39 51 0 14 0 0.02 M M 8.0 48 220 M M M 58 220
8 69 43 56 5 9 0 0.00 M M 7.8 18 340 M M M 23 350
9 76 48 62 10 3 0 0.00 M M 7.0 16 210 M M M 21 210
10 79 48 64 12 1 0 0.00 M M 8.8 15 110 M M M 21 110
11 67 53 60 8 5 0 0.44 M M 11.1 26 340 M M M 32 340
12 61 53 57 4 8 0 0.41 M M 18.5 36 320 M M M 45 320
13 54 51 53 0 12 0 0.41 M M 18.0 25 70 M M M 35 60
14 70 51 61 7 4 0 0.01 M M 11.1 21 60 M M M 29 80
15 73 47 60 6 5 0 0.00 M M 6.7 17 160 M M M 22 150
16 78 49 64 10 1 0 0.00 M M 4.8 14 170 M M M 21 160
17 67 46 57 2 8 0 0.00 M M 16.4 33 300 M M M 44 330
18 62 40 51 -4 14 0 0.00 M M 14.5 30 330 M M M 36 340
19 66 37 52 -3 13 0 0.00 M M 7.7 14 150 M M M 20 130
20 82 42 62 6 3 0 0.00 M M 7.4 16 190 M M M 23 190
21 80 50 65 9 0 0 0.00 M M 6.9 17 140 M M M 22 140
22 82 53 68 12 0 3 0.00 M M 9.2 18 120 M M M 25 130
23 86 56 71 14 0 6 0.00 M M 8.3 15 110 M M M 21 80
24 82 58 70 13 0 5 0.00 M M 17.9 32 140 M M M 43 150
25 84 58 71 14 0 6 0.00 M M 12.7 29 150 M M M 37 150
26 81 57 69 11 0 4 0.00 M M 14.1 24 130 M M M 32 150
27 83 54 69 11 0 4 0.65 M M 10.9 44 240 M M M 62 240
28 72 53 63 5 2 0 0.00 M M 6.8 16 230 M M M 22 210
29 80 50 65 6 0 0 0.00 M M 6.6 18 270 M M M 23 260
30 82 51 67 8 0 2 0.00 M M 6.3 28 320 M M M 37 240
31 82 54 68 9 0 3 0.00 M M 9.6 23 140 M M M 30 150
================================================================================
SM 2294 1485 151 33 2.50 M 320.2 M M
================================================================================
AV 74.0 47.9 10.3 FASTST M M M MAX(MPH)
MISC ----> 48 220 62 240
================================================================================
NOTES:
# LAST OF SEVERAL OCCURRENCES
COLUMN 17 PEAK WIND IN M.P.H.
PRELIMINARY LOCAL CLIMATOLOGICAL DATA (WS FORM: F-6) , PAGE 2
STATION: BUFFALO SD
MONTH: MAY
YEAR: 2023
LATITUDE: 45 35 N
LONGITUDE: 103 33 W
[TEMPERATURE DATA] [PRECIPITATION DATA] SYMBOLS USED IN COLUMN 16
AVERAGE MONTHLY: 61.0 TOTAL FOR MONTH: 2.50 1 = FOG OR MIST
DPTR FM NORMAL: 6.9 DPTR FM NORMAL: 0.03 2 = FOG REDUCING VISIBILITY
HIGHEST: 86 ON 23 GRTST 24HR 0.65 ON 27-27 TO 1/4 MILE OR LESS
LOWEST: 34 ON 2, 1 3 = THUNDER
SNOW, ICE PELLETS, HAIL 4 = ICE PELLETS
TOTAL MONTH: M 5 = HAIL
GRTST 24HR M ON M 6 = FREEZING RAIN OR DRIZZLE
GRTST DEPTH: M ON M 7 = DUSTSTORM OR SANDSTORM:
VSBY 1/2 MILE OR LESS
8 = SMOKE OR HAZE
[NO. OF DAYS WITH] [WEATHER - DAYS WITH] 9 = BLOWING SNOW
X = TORNADO
MAX 32 OR BELOW: 0 0.01 INCH OR MORE: 7
MAX 90 OR ABOVE: 0 0.10 INCH OR MORE: 5
MIN 32 OR BELOW: 0 0.50 INCH OR MORE: 2
MIN 0 OR BELOW: 0 1.00 INCH OR MORE: 0
[HDD (BASE 65) ]
TOTAL THIS MO. 151 CLEAR (SCALE 0-3) 0
DPTR FM NORMAL -197 PTCLDY (SCALE 4-7) 0
TOTAL FM JUL 1 7365 CLOUDY (SCALE 8-10) 31
DPTR FM NORMAL -205
[CDD (BASE 65) ]
TOTAL THIS MO. 33
DPTR FM NORMAL 23 [PRESSURE DATA]
TOTAL FM JAN 1 36 HIGHEST SLP 30.53 ON 14
DPTR FM NORMAL 26 LOWEST SLP 29.68 ON 6
[REMARKS]
#FINAL-05-23#