000
CXUS53 KUNR 011525
CLM2WX
CLIMATE REPORT
NATIONAL WEATHER SERVICE RAPID CITY SD
925 AM MDT WED NOV 01 2023
...................................
...THE BUFFALO SD CLIMATE SUMMARY FOR THE MONTH OF OCTOBER 2023...
CLIMATE NORMAL PERIOD 1991 TO 2020
CLIMATE RECORD PERIOD 9999 TO 9999
WEATHER OBSERVED NORMAL DEPART LAST YEAR`S
VALUE DATE(S) VALUE FROM VALUE DATE(S)
NORMAL
................................................................
TEMPERATURE (F)
HIGHEST 77 10/16 80 10/05
10/20
LOWEST 3 10/27 23 10/07
AVG. MAXIMUM 55.4 58.1 -2.7 62.4
AVG. MINIMUM 33.8 33.7 0.1 36.4
MEAN 44.6 45.9 -1.3 49.4
DAYS MAX >= 90 0 0
DAYS MAX <= 32 4 0
DAYS MIN <= 32 11 9
DAYS MIN <= 0 0 0
PRECIPITATION (INCHES)
TOTALS 0.95 1.09 -0.14 0.41
DAILY AVG. 0.03 0.04 -0.01 0.01
DAYS >= .01 8 4
DAYS >= .10 3 1
DAYS >= .50 0 0
DAYS >= 1.00 0 0
GREATEST
24 HR. TOTAL 0.43 10/02 TO 10/03 0.26
DEGREE DAYS
HEATING TOTAL 623 595 28 477
SINCE 7/1 709 829 -120 MM
COOLING TOTAL 0 3 -3 0
SINCE 1/1 695 579 116 MM
................................................................
WIND (MPH)
AVERAGE WIND SPEED 12.7
HIGHEST WIND SPEED/DIRECTION 54/330 DATE 10/17
HIGHEST GUST SPEED/DIRECTION 70/320 DATE 10/17
AVERAGE RH (PERCENT) 67
- INDICATES NEGATIVE NUMBERS.
R INDICATES RECORD WAS SET OR TIED.
MM INDICATES DATA IS MISSING.
T INDICATES TRACE AMOUNT.
$$