000
CXUS55 KBOU 010900
CF633V
PRELIMINARY LOCAL CLIMATOLOGICAL DATA (WS FORM: F-6)
STATION: WALDEN
MONTH: MARCH
YEAR: 2023
LATITUDE: 40 45 N
LONGITUDE: 106 16 W
TEMPERATURE IN F: :PCPN: SNOW: WIND :SUNSHINE: SKY :PK WND
================================================================================
1 2 3 4 5 6A 6B 7 8 9 10 11 12 13 14 15 16 17 18
12Z AVG MX 2MIN
DY MAX MIN AVG DEP HDD CDD WTR SNW DPTH SPD SPD DIR MIN PSBL S-S WX SPD DR
================================================================================
1 21 0 11 M 54 0 M M M 4.3 13 140 M M 6 M M
2 27 0 14 M 51 0 M M M 5.4 12 220 M M 3 17 220
3 28 3 16 M 49 0 M M M 8.6 18 230 M M 8 22 230
4 28 1 15 M 50 0 M M M 8.8 20 210 M M 5 31 230
5 28 14 21 M 44 0 M M M 13.0 30 230 M M 9 36 230
6 30 0 15 M 50 0 M M M 4.9 14 30 M M 4 M M
7 19 0 10 M 55 0 M M M 3.3 13 350 M M 6 M M
8 32 0 16 M 49 0 M M M 2.3 18 220 M M 8 31 220
9 30 12 21 M 44 0 M M M 11.5 22 240 M M 5 30 240
10 36 18 27 M 38 0 M M M 15.1 22 200 M M 6 31 190
11 32 14 23 M 42 0 M M M 15.2 29 220 M M 3 35 230
12 28 1 15 M 50 0 M M M 1.8 8 140 M M 6 M M
13 34 18 26 M 39 0 M M M 6.8 12 240 M M 8 18 200
14 37 27 32 M 33 0 M M M 12.1 20 210 M M 7 25 210
15 37 28 33 M 32 0 M M M 12.9 22 220 M M 9 28 180
16 28 0 14 M 51 0 M M M 14.0 21 350 M M 2 24 350
17 18 -13 3 M 62 0 M M M 4.4 10 140 M M 0 M M
18 16 -13 2 M 63 0 M M M 3.3 9 140 M M 0 M M
19 32 -9 12 M 53 0 M M M 11.5 20 240 M M 0 30 240
20 34 16 25 M 40 0 M M M 7.2 16 220 M M 9 23 200
21 32 16 24 M 41 0 M M M 9.4 15 230 M M 5 23 230
22 34 21 28 M 37 0 M M M 8.7 23 210 M M 9 31 210
23 32 18 25 M 40 0 M M M 9.2 18 210 M M 6 22 210
24 30 10 20 M 45 0 M M M 8.5 16 340 M M 6 23 230
25 18 -4 7 M 58 0 M M M 12.2 21 230 M M 4 25 240
26 21 -13 4 M 61 0 M M M 4.7 9 190 M M 5 M M
27 18 -6 6 M 59 0 M M M 5.2 14 360 M M 6 M M
28 34 -8 13 M 52 0 M M M 11.8 21 220 M M 3 25 220
29 43 18 31 M 34 0 M M M 8.1 14 210 M M 2 21 140
30 41 21 31 M 34 0 M M M 13.6 24 240 M M 5 39 210
31 28 18 23 M 42 0 M M M 10.7 23 270 M M 8 28 270
================================================================================
SM 906 208 1452 0 M M 268.6 M 163
================================================================================
AV 29.2 6.7 8.7 FASTST M M 5 MAX(MPH)
MISC ----> 30 230 39 210
================================================================================
NOTES:
# LAST OF SEVERAL OCCURRENCES
COLUMN 17 PEAK WIND IN M.P.H.
PRELIMINARY LOCAL CLIMATOLOGICAL DATA (WS FORM: F-6) , PAGE 2
STATION: WALDEN
MONTH: MARCH
YEAR: 2023
LATITUDE: 40 45 N
LONGITUDE: 106 16 W
[TEMPERATURE DATA] [PRECIPITATION DATA] SYMBOLS USED IN COLUMN 16
AVERAGE MONTHLY: 18.0 TOTAL FOR MONTH: M 1 = FOG OR MIST
DPTR FM NORMAL: 0.0 DPTR FM NORMAL: M 2 = FOG REDUCING VISIBILITY
HIGHEST: 43 ON 29 GRTST 24HR M ON M TO 1/4 MILE OR LESS
LOWEST: -13 ON 26,17 3 = THUNDER
SNOW, ICE PELLETS, HAIL 4 = ICE PELLETS
TOTAL MONTH: M 5 = HAIL
GRTST 24HR M ON M 6 = FREEZING RAIN OR DRIZZLE
GRTST DEPTH: M ON M 7 = DUSTSTORM OR SANDSTORM:
VSBY 1/2 MILE OR LESS
8 = SMOKE OR HAZE
[NO. OF DAYS WITH] [WEATHER - DAYS WITH] 9 = BLOWING SNOW
X = TORNADO
MAX 32 OR BELOW: 22 0.01 INCH OR MORE: 0
MAX 90 OR ABOVE: 0 0.10 INCH OR MORE: 0
MIN 32 OR BELOW: 31 0.50 INCH OR MORE: 0
MIN 0 OR BELOW: 13 1.00 INCH OR MORE: 0
[HDD (BASE 65) ]
TOTAL THIS MO. 1452 CLEAR (SCALE 0-3) 8
DPTR FM NORMAL M PTCLDY (SCALE 4-7) 19
TOTAL FM JUL 1 8709 CLOUDY (SCALE 8-10) 4
DPTR FM NORMAL M
[CDD (BASE 65) ]
TOTAL THIS MO. 0
DPTR FM NORMAL M [PRESSURE DATA]
TOTAL FM JAN 1 0 HIGHEST SLP M ON M
DPTR FM NORMAL M LOWEST SLP M ON M
[REMARKS]
#FINAL-03-23#