000
CXUS52 KTAE 011502
CLMAAF
CLIMATE REPORT
NATIONAL WEATHER SERVICE TALLAHASSEE FL
1002 AM EST FRI MAR 01 2024
...................................
...THE APALACHICOLA CLIMATE SUMMARY FOR THE MONTH OF FEBRUARY 2024...
CLIMATE NORMAL PERIOD 1991 TO 2020
CLIMATE RECORD PERIOD 1931 TO 2024
WEATHER OBSERVED NORMAL DEPART LAST YEAR`S
VALUE DATE(S) VALUE FROM VALUE DATE(S)
NORMAL
................................................................
TEMPERATURE (F)
RECORD
HIGH 82 02/25/2017
02/23/2017
LOW 19 02/04/1996
HIGHEST 76 02/23 76 0 81 02/25
LOWEST 35 02/19 31 4 37 02/13
02/18
AVG. MAXIMUM 67.2 66.3 0.9 71.5
AVG. MINIMUM 47.3 47.4 -0.1 55.1
MEAN 57.2 56.8 0.4 63.3
DAYS MAX >= 90 0 0.0 0.0 0
DAYS MAX <= 32 0 0.0 0.0 0
DAYS MIN <= 32 0 1.7 -1.7 0
DAYS MIN <= 0 0 0.0 0.0 0
PRECIPITATION (INCHES)
RECORD
MAXIMUM 10.12 2005
MINIMUM 0.49 1976
TOTALS 3.50 4.17 -0.67 3.64
DEGREE DAYS
HEATING TOTAL 233 241 -8 111
SINCE 7/1 983 1051 -68 MM
COOLING TOTAL 17 13 4 71
SINCE 1/1 24 22 2 MM
................................................................
WIND (MPH)
AVERAGE WIND SPEED 7.0
HIGHEST WIND SPEED/DIRECTION 29/360 DATE 02/04
29/260 02/12
HIGHEST GUST SPEED/DIRECTION 47/360 DATE 02/04
SKY COVER
POSSIBLE SUNSHINE (PERCENT) MM
AVERAGE SKY COVER 0.26
NUMBER OF DAYS FAIR 20
NUMBER OF DAYS PC 5
NUMBER OF DAYS CLOUDY 4
AVERAGE RH (PERCENT) 74
WEATHER CONDITIONS. NUMBER OF DAYS WITH
THUNDERSTORM 2 MIXED PRECIP 0
HEAVY RAIN 3 RAIN 4
LIGHT RAIN 8 FREEZING RAIN 0
LT FREEZING RAIN 0 HAIL 0
HEAVY SNOW 0 SNOW 0
LIGHT SNOW 0 SLEET 0
FOG 10 FOG W/VIS <= 1/4 MILE 2
HAZE 0
- INDICATES NEGATIVE NUMBERS.
R INDICATES RECORD WAS SET OR TIED.
MM INDICATES DATA IS MISSING.
T INDICATES TRACE AMOUNT.
$$