000
CXUS56 KMFR 011610
CF6AAT
PRELIMINARY LOCAL CLIMATOLOGICAL DATA (WS FORM: F-6)
STATION: ALTURAS CA
MONTH: MARCH
YEAR: 2021
LATITUDE: 41 29 N
LONGITUDE: 120 34 W
TEMPERATURE IN F: :PCPN: SNOW: WIND :SUNSHINE: SKY :PK WND
================================================================================
1 2 3 4 5 6A 6B 7 8 9 10 11 12 13 14 15 16 17 18
12Z AVG MX 2MIN
DY MAX MIN AVG DEP HDD CDD WTR SNW DPTH SPD SPD DIR MIN PSBL S-S WX SPD DR
================================================================================
1 56 20 38 1 27 0 0.00 M M 6.4 20 170 M M 0 18 27 190
2 58 15 37 0 28 0 0.00 M M 2.2 14 160 M M 0 18 18 150
3 59 14 37 0 28 0 0.00 M M 3.5 20 150 M M 0 18 24 150
4 58 17 38 1 27 0 0.00 M M 7.1 20 240 M M 0 8 24 160
5 61 28 45 8 20 0 0.00 M M 16.1 37 200 M M 0 48 200
6 44 25 35 -2 30 0 0.17 M M 6.7 21 260 M M 7 18 26 260
7 49 25 37 -1 28 0 0.00 M M 4.3 12 260 M M 6 8 18 230
8 43 27 35 -3 30 0 0.11 M M 9.5 31 230 M M 7 128 43 240
9 40 22 31 -7 34 0 0.03 M M 7.4 21 240 M M 7 1 30 190
10 40 25 33 -5 32 0 0.01 M M 3.3 21 260 M M 8 1 25 270
11 48 27 38 0 27 0 T M M 9.1 24 40 M M 5 1 32 60
12 53 19 36 -2 29 0 0.00 M M 4.2 16 360 M M 0 8 26 340
13 60 13 37 -1 28 0 0.00 M M 2.1 9 250 M M 0 18 12 250
14 53 18 36 -2 29 0 0.01 M M 7.3 29 180 M M 4 35 180
15 37 21 29 -9 36 0 0.38 M M 6.6 15 320 M M 10 12 19 330
16 44 6 25 -13 40 0 0.00 M M 2.1 9 280 M M 6 18 10 280
17 55 23 39 0 26 0 0.00 M M 3.2 14 280 M M 2 1 16 270
18 55 29 42 3 23 0 0.01 M M 13.6 33 180 M M 8 45 180
19 49 30 40 1 25 0 T M M 10.6 23 260 M M 8 29 270
20 46 25 36 -3 29 0 0.02 M M 8.0 23 310 M M 6 1 29 310
21 50 13 32 -7 33 0 0.00 M M 2.6 14 300 M M 3 18 17 300
22 45 30 38 -1 27 0 0.18 M M 7.0 21 10 M M 10 1 29 10
23 47 21 34 -5 31 0 0.00 M M 8.0 21 20 M M 2 8 27 10
24 51 15 33 -6 32 0 0.02 M M 4.7 20 300 M M 5 18 25 290
25 44 28 36 -3 29 0 T M M 8.1 18 320 M M 8 23 20
26 55 21 38 -1 27 0 0.00 M M 3.0 13 360 M M 0 18 16 10
27 67 18 43 3 22 0 0.00 M M 1.6 9 260 M M 0 18 11 30
28 67 20 44 4 21 0 0.00 M M 9.2 30 250 M M 0 8 37 240
29 49 30 40 0 25 0 0.00 M M 9.8 21 360 M M 1 27 10
30 56 14 35 -5 30 0 0.00 M M 3.9 15 30 M M 0 20 10
31 68 14 41 1 24 0 0.00 M M 5.5 20 190 M M 0 25 180
================================================================================
SM 1607 653 877 0 0.94 M 196.7 M 113
================================================================================
AV 51.8 21.1 6.3 FASTST M M 4 MAX(MPH)
MISC ----> 37 200 48 200
================================================================================
NOTES:
# LAST OF SEVERAL OCCURRENCES
COLUMN 17 PEAK WIND IN M.P.H.
PRELIMINARY LOCAL CLIMATOLOGICAL DATA (WS FORM: F-6) , PAGE 2
STATION: ALTURAS CA
MONTH: MARCH
YEAR: 2021
LATITUDE: 41 29 N
LONGITUDE: 120 34 W
[TEMPERATURE DATA] [PRECIPITATION DATA] SYMBOLS USED IN COLUMN 16
AVERAGE MONTHLY: 36.5 TOTAL FOR MONTH: 0.94 1 = FOG OR MIST
DPTR FM NORMAL: -1.9 DPTR FM NORMAL: -0.58 2 = FOG REDUCING VISIBILITY
HIGHEST: 68 ON 31 GRTST 24HR 0.39 ON 14-15 TO 1/4 MILE OR LESS
LOWEST: 6 ON 16 3 = THUNDER
SNOW, ICE PELLETS, HAIL 4 = ICE PELLETS
TOTAL MONTH: M 5 = HAIL
GRTST 24HR M ON M 6 = FREEZING RAIN OR DRIZZLE
GRTST DEPTH: M ON M 7 = DUSTSTORM OR SANDSTORM:
VSBY 1/2 MILE OR LESS
8 = SMOKE OR HAZE
[NO. OF DAYS WITH] [WEATHER - DAYS WITH] 9 = BLOWING SNOW
X = TORNADO
MAX 32 OR BELOW: 0 0.01 INCH OR MORE: 10
MAX 90 OR ABOVE: 0 0.10 INCH OR MORE: 4
MIN 32 OR BELOW: 31 0.50 INCH OR MORE: 0
MIN 0 OR BELOW: 0 1.00 INCH OR MORE: 0
[HDD (BASE 65) ]
TOTAL THIS MO. 877 CLEAR (SCALE 0-3) 15
DPTR FM NORMAL 52 PTCLDY (SCALE 4-7) 12
TOTAL FM JUL 1 5264 CLOUDY (SCALE 8-10) 4
DPTR FM NORMAL -427
[CDD (BASE 65) ]
TOTAL THIS MO. 0
DPTR FM NORMAL 0 [PRESSURE DATA]
TOTAL FM JAN 1 0 HIGHEST SLP 30.41 ON 31
DPTR FM NORMAL 0 LOWEST SLP 29.69 ON 15
[REMARKS]
#FINAL-03-21#