000
CXUS51 KPHI 081342
CF6ABE
PRELIMINARY LOCAL CLIMATOLOGICAL DATA (WS FORM: F-6)
STATION: ALLENTOWN PA
MONTH: AUGUST
YEAR: 2020
LATITUDE: 40 39 N
LONGITUDE: 75 26 W
TEMPERATURE IN F: :PCPN: SNOW: WIND :SUNSHINE: SKY :PK WND
================================================================================
1 2 3 4 5 6A 6B 7 8 9 10 11 12 13 14 15 16 17 18
12Z AVG MX 2MIN
DY MAX MIN AVG DEP HDD CDD WTR SNW DPTH SPD SPD DIR MIN PSBL S-S WX SPD DR
================================================================================
1 90 63 77 4 0 12 0.00 0.0 0 3.3 13 180 M M 2 1 15 160
2 90 72 81 8 0 16 1.62 0.0 0 7.0 22 320 M M 7 123 33 300
3 86 70 78 5 0 13 T 0.0 M 6.4 16 240 M M 2 20 240
4 79 68 74 1 0 9 5.48 0.0 0 9.3 39 330 M M 7 12 52 320
5 83 64 74 1 0 9 0.00 0.0 0 5.4 14 230 M M 1 20 260
6 81 63 72 -1 0 7 T 0.0 0 4.8 14 60 M M 5 22 100
7 78 66 72 -1 0 7 0.69 0.0 0 6.6 16 80 M M 9 13 19 70
8 85 64 75 2 0 10 0.00 0.0 0 2.5 9 190 M M 4 18 13 140
9 87 65 76 3 0 11 0.00 0.0 0 3.9 15 260 M M 1 18 19 260
10 91 67 79 7 0 14 0.00 0.0 0 3.7 14 250 M M 0 18 22 260
11 91 68 80 8 0 15 0.00 0.0 0 4.7 15 190 M M 3 18 19 190
12 90 72 81 9 0 16 0.07 0.0 0 3.4 14 160 M M 1 3 18 170
13 82 70 76 4 0 11 0.00 0.0 0 5.8 14 70 M M 2 19 130
14 85 67 76 4 0 11 0.00 0.0 0 6.5 16 50 M M 2 19 60
15 83 65 74 2 0 9 0.01 0.0 0 7.5 15 100 M M 2 19 120
16 74 60 67 -5 0 2 0.13 0.0 0 9.0 17 30 M M 7 1 22 60
17 83 57 70 -2 0 5 0.25 0.0 0 4.4 33 290 M M 3 13 42 290
18 83 59 71 -1 0 6 0.89 0.0 0 4.9 31 260 M M 3 13 44 240
19 80 62 71 -1 0 6 0.42 0.0 0 4.5 13 60 M M 6 1 16 50
20 80 54 67 -4 0 2 0.00 0.0 0 2.9 10 250 M M 0 16 260
21 85 58 72 1 0 7 0.00 0.0 0 6.2 16 240 M M 0 19 250
22 89 68 79 8 0 14 0.00 0.0 0 5.8 14 250 M M 1 13 18 240
23 88 67 78 7 0 13 0.00 0.0 0 3.5 13 190 M M 1 22 160
24 89 68 79 8 0 14 0.23 0.0 0 4.8 24 340 M M 2 13 31 350
25 87 66 77 7 0 12 0.00 0.0 0 8.6 18 360 M M 1 1 25 260
26 80 62 71 1 0 6 0.00 0.0 0 6.8 17 330 M M 1 22 330
27 93 64 79 9 0 14 0.20 0.0 M 8.9 40 250 M M 4 13 56 240
28 83 67 75 5 0 10 0.05 0.0 0 7.4 21 230 M M 2 3 26 220
29 83 67 75 5 0 10 0.28 0.0 0 7.4 26 340 M M 7 13 36 330
30 78 58 68 -1 0 3 0.00 0.0 0 6.6 17 310 M M 2 23 310
31 77 55 66 -3 0 1 0.01 0.0 0 6.0 14 150 M M 4 20 150
================================================================================
SM 2613 1996 0 295 10.33 0.0 178.5 M 92
================================================================================
AV 84.3 64.4 5.8 FASTST M M 3 MAX(MPH)
MISC ----> 40 250 56 240
================================================================================
NOTES:
# LAST OF SEVERAL OCCURRENCES
COLUMN 17 PEAK WIND IN M.P.H.
PRELIMINARY LOCAL CLIMATOLOGICAL DATA (WS FORM: F-6) , PAGE 2
STATION: ALLENTOWN PA
MONTH: AUGUST
YEAR: 2020
LATITUDE: 40 39 N
LONGITUDE: 75 26 W
[TEMPERATURE DATA] [PRECIPITATION DATA] SYMBOLS USED IN COLUMN 16
AVERAGE MONTHLY: 74.3 TOTAL FOR MONTH: 10.33 1 = FOG OR MIST
DPTR FM NORMAL: 2.6 DPTR FM NORMAL: 6.64 2 = FOG REDUCING VISIBILITY
HIGHEST: 93 ON 27 GRTST 24HR 5.48 ON 4- 4 TO 1/4 MILE OR LESS
LOWEST: 54 ON 20 3 = THUNDER
SNOW, ICE PELLETS, HAIL 4 = ICE PELLETS
TOTAL MONTH: 0.0 INCH 5 = HAIL
GRTST 24HR 0.0 6 = FREEZING RAIN OR DRIZZLE
GRTST DEPTH: 0 7 = DUSTSTORM OR SANDSTORM:
VSBY 1/2 MILE OR LESS
8 = SMOKE OR HAZE
[NO. OF DAYS WITH] [WEATHER - DAYS WITH] 9 = BLOWING SNOW
X = TORNADO
MAX 32 OR BELOW: 0 0.01 INCH OR MORE: 14
MAX 90 OR ABOVE: 6 0.10 INCH OR MORE: 10
MIN 32 OR BELOW: 0 0.50 INCH OR MORE: 4
MIN 0 OR BELOW: 0 1.00 INCH OR MORE: 2
[HDD (BASE 65) ]
TOTAL THIS MO. 0 CLEAR (SCALE 0-3) 21
DPTR FM NORMAL -8 PTCLDY (SCALE 4-7) 9
TOTAL FM JUL 1 0 CLOUDY (SCALE 8-10) 1
DPTR FM NORMAL -7
[CDD (BASE 65) ]
TOTAL THIS MO. 295
DPTR FM NORMAL 81 [PRESSURE DATA]
TOTAL FM JAN 1 946 HIGHEST SLP 30.18 ON 8
DPTR FM NORMAL 267 LOWEST SLP 29.45 ON 4
[REMARKS]
#FINAL-08-20#