000
CXUS55 KABQ 021632
CLMABQ
CLIMATE REPORT
NATIONAL WEATHER SERVICE ALBUQUERQUE NM
1032 AM MDT SUN JUL 02 2023
...................................
...THE ALBUQUERQUE NM CLIMATE SUMMARY FOR THE MONTH OF JUNE 2023...
CLIMATE NORMAL PERIOD 1991 TO 2020
CLIMATE RECORD PERIOD 1891 TO 2023
WEATHER OBSERVED NORMAL DEPART LAST YEAR`S
VALUE DATE(S) VALUE FROM VALUE DATE(S)
NORMAL
................................................................
TEMPERATURE (F)
RECORD
HIGH 107 06/26/1994
LOW 40 06/02/1980
HIGHEST 98 06/26 100 -2 101 06/11
LOWEST 51 06/03 48 3 58 06/02
06/26
06/28
AVG. MAXIMUM 89.1 90.4 -1.3 88.2
AVG. MINIMUM 60.2 61.9 -1.7 62.9
MEAN 74.7 76.1 -1.4 75.5
DAYS MAX >= 90 13 19.0 -6.0 13
DAYS MAX <= 32 0 0.0 0.0 0
DAYS MIN <= 32 0 0.0 0.0 0
DAYS MIN <= 0 0 0.0 0.0 0
PRECIPITATION (INCHES)
RECORD
MAXIMUM 3.81 1933
MINIMUM T 2011
TOTALS TR 0.57 -0.57 2.38
DAILY AVG. T 0.02 -0.02 0.08
DAYS >= .01 0 3.5 -3.5 7
DAYS >= .10 0 1.5 -1.5 6
DAYS >= .50 0 0.4 -0.4 2
DAYS >= 1.00 0 0.0 0.0 0
GREATEST
24 HR. TOTAL T 06/28 TO 06/28 0.73
06/29 TO 06/29
06/30 TO 06/30
SNOWFALL (INCHES)
RECORDS
TOTAL T 2017
TOTALS 0.0 0.0 0.0 0.0
SINCE 7/1 3.2 7.9 -4.7 MM
SNOWDEPTH AVG. 0 0
DAYS >= 1.0 0 0.0 0.0 0
GREATEST
SNOW DEPTH 0 0 MM
24 HR TOTAL MM MM
DEGREE DAYS
HEATING TOTAL 0 2 -2 0
SINCE 7/1 4132 3996 136 MM
COOLING TOTAL 296 336 -40 324
SINCE 1/1 387 448 -61 MM
................................................................
WIND (MPH)
AVERAGE WIND SPEED 8.8
HIGHEST WIND SPEED/DIRECTION 38/220 DATE 06/21
HIGHEST GUST SPEED/DIRECTION 57/160 DATE 06/21
57/290 06/26
SKY COVER
POSSIBLE SUNSHINE (PERCENT) MM
AVERAGE SKY COVER 0.39
NUMBER OF DAYS FAIR 13
NUMBER OF DAYS PC 16
NUMBER OF DAYS CLOUDY 1
AVERAGE RH (PERCENT) 24
WEATHER CONDITIONS. NUMBER OF DAYS WITH
THUNDERSTORM 8 MIXED PRECIP 0
HEAVY RAIN 0 RAIN 0
LIGHT RAIN 9 FREEZING RAIN 0
LT FREEZING RAIN 0 HAIL 0
HEAVY SNOW 0 SNOW 0
LIGHT SNOW 0 SLEET 0
FOG 0 FOG W/VIS <= 1/4 MILE 0
HAZE 3
- INDICATES NEGATIVE NUMBERS.
R INDICATES RECORD WAS SET OR TIED.
MM INDICATES DATA IS MISSING.
T INDICATES TRACE AMOUNT.
$$