000
CXUS53 KABR 011200
CF6ABR
PRELIMINARY LOCAL CLIMATOLOGICAL DATA (WS FORM: F-6)
STATION: ABERDEEN SD
MONTH: FEBRUARY
YEAR: 2022
LATITUDE: 45 27 N
LONGITUDE: 98 26 W
TEMPERATURE IN F: :PCPN: SNOW: WIND :SUNSHINE: SKY :PK WND
================================================================================
1 2 3 4 5 6A 6B 7 8 9 10 11 12 13 14 15 16 17 18
12Z AVG MX 2MIN
DY MAX MIN AVG DEP HDD CDD WTR SNW DPTH SPD SPD DIR MIN PSBL S-S WX SPD DR
================================================================================
1 37 -1 18 4 47 0 T T T 20.9 38 310 M M 2 52 310
2 5 -9 -2 -16 67 0 0.00 0.0 T 8.5 16 350 M M 1 20 340
3 14 -11 2 -12 63 0 0.00 0.0 T 11.0 22 190 M M 2 29 170
4 15 -4 6 -8 59 0 0.00 0.0 T 13.3 28 330 M M 5 37 340
5 47 9 28 14 37 0 0.00 0.0 T 14.8 32 300 M M 5 45 300
6 33 12 23 8 42 0 T 0.1 T 13.0 31 340 M M 7 45 310
7 56 15 36 21 29 0 0.00 0.0 T 7.2 12 180 M M 3 16 180
8 48 29 39 24 26 0 0.00 0.0 0 16.7 37 320 M M 5 47 320
9 39 19 29 14 36 0 0.00 0.0 0 16.3 30 330 M M 7 40 330
10 51 15 33 17 32 0 0.06 0.2 0 16.2 31 310 M M 4 1 45 310
11 40 0 20 4 45 0 T T 0 23.9 38 330 M M 6 8 50 340
12 20 -4 8 -8 57 0 0.03 0.4 0 9.4 23 10 M M 7 18 29 10
13 31 -10 11 -6 54 0 0.00 0.0 T 10.2 28 330 M M 5 38 340
14 27 2 15 -2 50 0 0.00 0.0 T 10.5 28 350 M M 3 37 350
15 37 12 25 8 40 0 T T T 9.7 21 170 M M 1 28 170
16 28 6 17 -1 48 0 T T T 14.6 24 340 M M 4 32 350
17 22 -3 10 -8 55 0 0.00 0.0 T 9.6 18 350 M M 4 24 180
18 42 4 23 5 42 0 T T T 19.1 40 330 M M 4 8 53 330
19 47 -3 22 3 43 0 0.00 0.0 0 16.3 33 190 M M 2 43 190
20 46 3 25 6 40 0 0.03 0.4 0 17.5 31 350 M M 6 41 350
21 3 -7 -2 -22 67 0 0.14 2.6 2 24.8 32 10 M M 10 8 44 360
22 -3 -7 -5 -25 70 0 0.09 1.5 4 24.0 35 350 M M 9 8 43 350
23 6 -22 -8 -28 73 0 0.00 0.0 5 4.3 13 330 M M 0 16 330
24 6 -13 -3 -24 68 0 0.04 0.3 5 4.4 10 30 M M 8 18 15 20
25 16 -20 -2 -23 67 0 0.00 0.0 5 7.3 18 190 M M 2 18 23 180
26 33 -6 14 -8 51 0 0.00 0.0 5 10.2 20 250 M M 0 26 250
27 42 3 23 1 42 0 0.00 0.0 4 7.5 16 210 M M 0 20 220
28 52 18 35 12 30 0 0.00 0.0 2 M 23 280 M M 0 30 300
================================================================================
SM 840 27 1380 0 0.39 5.5 361.2 M 112
================================================================================
AV 30.0 1.0 13.4 FASTST M M 4 MAX(MPH)
MISC ----> 40 330 53 330
================================================================================
NOTES:
# LAST OF SEVERAL OCCURRENCES
COLUMN 17 PEAK WIND IN M.P.H.
PRELIMINARY LOCAL CLIMATOLOGICAL DATA (WS FORM: F-6) , PAGE 2
STATION: ABERDEEN SD
MONTH: FEBRUARY
YEAR: 2022
LATITUDE: 45 27 N
LONGITUDE: 98 26 W
[TEMPERATURE DATA] [PRECIPITATION DATA] SYMBOLS USED IN COLUMN 16
AVERAGE MONTHLY: 15.5 TOTAL FOR MONTH: 0.39 1 = FOG OR MIST
DPTR FM NORMAL: -2.0 DPTR FM NORMAL: -0.23 2 = FOG REDUCING VISIBILITY
HIGHEST: 56 ON 7 GRTST 24HR 0.16 ON 21-22 TO 1/4 MILE OR LESS
LOWEST: -22 ON 23 3 = THUNDER
SNOW, ICE PELLETS, HAIL 4 = ICE PELLETS
TOTAL MONTH: 5.5 INCHES 5 = HAIL
GRTST 24HR 2.6 ON 21-21 6 = FREEZING RAIN OR DRIZZLE
GRTST DEPTH: 5 ON 26,25 7 = DUSTSTORM OR SANDSTORM:
VSBY 1/2 MILE OR LESS
8 = SMOKE OR HAZE
[NO. OF DAYS WITH] [WEATHER - DAYS WITH] 9 = BLOWING SNOW
X = TORNADO
MAX 32 OR BELOW: 13 0.01 INCH OR MORE: 6
MAX 90 OR ABOVE: 0 0.10 INCH OR MORE: 1
MIN 32 OR BELOW: 28 0.50 INCH OR MORE: 0
MIN 0 OR BELOW: 15 1.00 INCH OR MORE: 0
[HDD (BASE 65) ]
TOTAL THIS MO. 1380 CLEAR (SCALE 0-3) 12
DPTR FM NORMAL 49 PTCLDY (SCALE 4-7) 14
TOTAL FM JUL 1 5782 CLOUDY (SCALE 8-10) 2
DPTR FM NORMAL -436
[CDD (BASE 65) ]
TOTAL THIS MO. 0
DPTR FM NORMAL 0 [PRESSURE DATA]
TOTAL FM JAN 1 0 HIGHEST SLP 30.87 ON 23
DPTR FM NORMAL 0 LOWEST SLP 29.40 ON 10
[REMARKS]
#FINAL-02-22#