000
CXUS55 KABR 011100
CF6ABR
PRELIMINARY LOCAL CLIMATOLOGICAL DATA (WS FORM: F-6)
STATION: ABERDEEN SD
MONTH: AUGUST
YEAR: 2020
LATITUDE: 45 27 N
LONGITUDE: 98 26 W
TEMPERATURE IN F: :PCPN: SNOW: WIND :SUNSHINE: SKY :PK WND
================================================================================
1 2 3 4 5 6A 6B 7 8 9 10 11 12 13 14 15 16 17 18
12Z AVG MX 2MIN
DY MAX MIN AVG DEP HDD CDD WTR SNW DPTH SPD SPD DIR MIN PSBL S-S WX SPD DR
================================================================================
1 83 62 73 2 0 8 0.00 0.0 0 13.6 22 20 M M 2 31 20
2 80 57 69 -2 0 4 0.00 0.0 0 9.1 16 10 M M 1 22 60
3 79 51 65 -6 0 0 0.00 0.0 0 3.9 12 90 M M 1 1 15 80
4 81 50 66 -5 0 1 0.00 0.0 0 8.2 20 150 M M 2 18 25 180
5 75 58 67 -4 0 2 0.01 0.0 0 5.1 16 180 M M 7 1 22 190
6 85 55 70 -1 0 5 0.00 0.0 0 5.6 13 150 M M 3 128 17 140
7 89 68 79 8 0 14 T 0.0 0 12.1 24 170 M M 2 8 37 160
8 91 70 81 10 0 16 T 0.0 0 9.6 33 340 M M 4 18 45 30
9 94 60 77 7 0 12 T 0.0 0 10.9 29 340 M M 2 38 350
10 86 58 72 2 0 7 0.00 0.0 0 7.3 16 290 M M 0 8 22 300
11 85 57 71 1 0 6 0.01 0.0 0 9.4 22 170 M M 1 8 32 170
12 88 64 76 6 0 11 0.49 0.0 0 9.2 24 260 M M 1 13 37 260
13 92 72 82 12 0 17 0.00 0.0 0 13.8 24 180 M M 1 34 200
14 81 56 69 -1 0 4 T 0.0 0 12.5 26 340 M M 3 35 340
15 91 51 71 1 0 6 0.00 0.0 0 7.2 20 330 M M 0 8 25 340
16 88 53 71 2 0 6 0.00 0.0 0 6.8 21 340 M M 0 33 320
17 88 54 71 2 0 6 0.00 0.0 0 4.3 12 80 M M 0 17 100
18 89 59 74 5 0 9 0.00 0.0 0 9.2 17 170 M M 0 23 150
19 88 65 77 8 0 12 0.00 0.0 0 12.4 24 190 M M 0 8 30 210
20 90 65 78 10 0 13 0.00 0.0 0 7.1 15 150 M M 0 18 140
21 90 63 77 9 0 12 T 0.0 0 3.6 15 80 M M 1 138 20 360
22 96 61 79 11 0 14 0.00 0.0 0 4.6 15 360 M M 2 128 17 360
23 94 61 78 10 0 13 0.00 0.0 0 6.2 36 10 M M 0 13 52 10
24 85 68 77 9 0 12 0.00 0.0 0 12.0 31 60 M M 1 3 41 50
25 93 68 81 14 0 16 0.00 0.0 0 7.0 14 170 M M 0 18 20 170
26 87 69 78 11 0 13 0.03 0.0 0 7.8 21 50 M M 1 13 31 70
27 85 62 74 7 0 9 0.26 0.0 0 6.4 17 110 M M 1 13 26 130
28 81 53 67 1 0 2 0.34 0.0 0 13.0 35 160 M M 3 13 50 170
29 79 51 65 -1 0 0 0.00 0.0 0 6.0 13 140 M M 0 18 150
30 82 57 70 4 0 5 0.05 0.0 0 16.4 29 160 M M 4 3 41 170
31 79 51 65 0 0 0 T 0.0 0 9.4 20 320 M M 1 8 32 320
================================================================================
SM 2674 1849 0 255 1.19 0.0 269.7 M 44
================================================================================
AV 86.3 59.6 8.7 FASTST M M 1 MAX(MPH)
MISC ----> 36 10 52 10
================================================================================
NOTES:
# LAST OF SEVERAL OCCURRENCES
COLUMN 17 PEAK WIND IN M.P.H.
PRELIMINARY LOCAL CLIMATOLOGICAL DATA (WS FORM: F-6) , PAGE 2
STATION: ABERDEEN SD
MONTH: AUGUST
YEAR: 2020
LATITUDE: 45 27 N
LONGITUDE: 98 26 W
[TEMPERATURE DATA] [PRECIPITATION DATA] SYMBOLS USED IN COLUMN 16
AVERAGE MONTHLY: 73.0 TOTAL FOR MONTH: 1.19 1 = FOG OR MIST
DPTR FM NORMAL: 4.0 DPTR FM NORMAL: -1.24 2 = FOG REDUCING VISIBILITY
HIGHEST: 96 ON 22 GRTST 24HR 0.60 ON 27-28 TO 1/4 MILE OR LESS
LOWEST: 50 ON 4 3 = THUNDER
SNOW, ICE PELLETS, HAIL 4 = ICE PELLETS
TOTAL MONTH: 0.0 INCH 5 = HAIL
GRTST 24HR 0.0 6 = FREEZING RAIN OR DRIZZLE
GRTST DEPTH: 0 7 = DUSTSTORM OR SANDSTORM:
VSBY 1/2 MILE OR LESS
8 = SMOKE OR HAZE
[NO. OF DAYS WITH] [WEATHER - DAYS WITH] 9 = BLOWING SNOW
X = TORNADO
MAX 32 OR BELOW: 0 0.01 INCH OR MORE: 7
MAX 90 OR ABOVE: 9 0.10 INCH OR MORE: 3
MIN 32 OR BELOW: 0 0.50 INCH OR MORE: 0
MIN 0 OR BELOW: 0 1.00 INCH OR MORE: 0
[HDD (BASE 65) ]
TOTAL THIS MO. 0 CLEAR (SCALE 0-3) 27
DPTR FM NORMAL -37 PTCLDY (SCALE 4-7) 4
TOTAL FM JUL 1 0 CLOUDY (SCALE 8-10) 0
DPTR FM NORMAL -52
[CDD (BASE 65) ]
TOTAL THIS MO. 255
DPTR FM NORMAL 95 [PRESSURE DATA]
TOTAL FM JAN 1 838 HIGHEST SLP 30.21 ON 3
DPTR FM NORMAL 355 LOWEST SLP 29.50 ON 30
[REMARKS]
#FINAL-08-20#