000
CXUS52 KTAE 010800
CF6ABY
PRELIMINARY LOCAL CLIMATOLOGICAL DATA (WS FORM: F-6)
STATION: ALBANY
MONTH: MAY
YEAR: 2021
LATITUDE: 31 31 N
LONGITUDE: 84 11 W
TEMPERATURE IN F: :PCPN: SNOW: WIND :SUNSHINE: SKY :PK WND
================================================================================
1 2 3 4 5 6A 6B 7 8 9 10 11 12 13 14 15 16 17 18
12Z AVG MX 2MIN
DY MAX MIN AVG DEP HDD CDD WTR SNW DPTH SPD SPD DIR MIN PSBL S-S WX SPD DR
================================================================================
1 87 55 71 0 0 6 0.00 0.0 M 3.9 13 70 M M 0 8 17 60
2 89 64 77 6 0 12 0.00 0.0 M 7.7 16 190 M M 0 21 200
3 92 68 80 8 0 15 0.21 0.0 M 8.7 24 200 M M 4 138 31 210
4 92 67 80 8 0 15 0.28 0.0 M 9.3 40 300 M M 5 13 62 300
5 81 67 74 2 0 9 0.06 0.0 M 7.2 18 270 M M 4 24 190
6 82 64 73 0 0 8 0.00 0.0 0 7.3 15 300 M M 1 1 21 300
7 80 53 67 -6 0 2 0.00 0.0 0 8.8 26 340 M M 0 34 340
8 83 48 66 -7 0 1 0.00 0.0 0 1.9 9 270 M M 0 11 270
9 92 55 74 0 0 9 0.00 0.0 0 9.5 22 190 M M 1 29 190
10 82 69 76 2 0 11 0.09 0.0 0 5.9 15 240 M M 5 1 22 250
11 88 69 79 5 0 14 0.08 0.0 0 4.0 23 210 M M 6 13 29 210
12 78 55 67 -7 0 2 0.51 M M 5.7 20 50 M M 7 13 26 360
13 75 53 64 -11 1 0 0.00 M M 7.7 16 60 M M 5 23 50
14 81 51 66 -9 0 1 0.00 M M 4.9 16 70 M M 1 21 50
15 83 51 67 -8 0 2 0.00 M M 3.8 18 60 M M 0 23 60
16 84 52 68 -8 0 3 0.00 0.0 0 3.9 17 120 M M 0 20 140
17 88 57 73 -3 0 8 0.00 0.0 0 7.4 17 120 M M 0 22 160
18 91 63 77 1 0 12 0.00 0.0 0 10.4 20 130 M M 1 26 130
19 89 66 78 2 0 13 0.00 0.0 0 11.9 22 90 M M 2 26 120
20 89 66 78 2 0 13 0.00 0.0 M 11.8 22 100 M M 2 29 110
21 91 63 77 0 0 12 0.00 0.0 0 9.1 18 70 M M 1 25 90
22 90 64 77 0 0 12 0.00 0.0 M 6.7 15 50 M M 2 23 80
23 93 63 78 1 0 13 0.00 0.0 M 2.2 8 290 M M 0 14 260
24 97 65 81 4 0 16 0.00 0.0 0 2.7 12 290 M M 1 18 300
25 97 66 82 4 0 17 0.00 0.0 0 2.9 13 170 M M 0 18 170
26 95 67 81 3 0 16 0.00 0.0 0 5.0 13 260 M M 1 18 270
27 95 68 82 4 0 17 0.00 0.0 0 5.3 17 230 M M 1 21 220
28 94 69 82 4 0 17 0.00 0.0 0 8.6 18 230 M M 2 1 23 230
29 91 70 81 3 0 16 0.06 0.0 M 7.6 18 300 M M 5 26 290
30 87 60 74 -5 0 9 0.00 0.0 0 6.0 13 350 M M 0 18 20
31 92 64 78 -1 0 13 0.00 0.0 0 6.8 15 90 M M 1 20 100
================================================================================
SM 2728 1912 1 314 1.29 0.0 204.6 M 58
================================================================================
AV 88.0 61.7 6.6 FASTST M M 2 MAX(MPH)
MISC ----> 40 300 62 300
================================================================================
NOTES:
# LAST OF SEVERAL OCCURRENCES
COLUMN 17 PEAK WIND IN M.P.H.
PRELIMINARY LOCAL CLIMATOLOGICAL DATA (WS FORM: F-6) , PAGE 2
STATION: ALBANY
MONTH: MAY
YEAR: 2021
LATITUDE: 31 31 N
LONGITUDE: 84 11 W
[TEMPERATURE DATA] [PRECIPITATION DATA] SYMBOLS USED IN COLUMN 16
AVERAGE MONTHLY: 74.8 TOTAL FOR MONTH: 1.29 1 = FOG OR MIST
DPTR FM NORMAL: -0.5 DPTR FM NORMAL: -1.12 2 = FOG REDUCING VISIBILITY
HIGHEST: 97 ON 25,24 GRTST 24HR 0.59 ON 11-12 TO 1/4 MILE OR LESS
LOWEST: 48 ON 8 3 = THUNDER
SNOW, ICE PELLETS, HAIL 4 = ICE PELLETS
TOTAL MONTH: 0.0 INCH 5 = HAIL
GRTST 24HR 0.0 6 = FREEZING RAIN OR DRIZZLE
GRTST DEPTH: 0 7 = DUSTSTORM OR SANDSTORM:
VSBY 1/2 MILE OR LESS
8 = SMOKE OR HAZE
[NO. OF DAYS WITH] [WEATHER - DAYS WITH] 9 = BLOWING SNOW
X = TORNADO
MAX 32 OR BELOW: 0 0.01 INCH OR MORE: 7
MAX 90 OR ABOVE: 14 0.10 INCH OR MORE: 3
MIN 32 OR BELOW: 0 0.50 INCH OR MORE: 1
MIN 0 OR BELOW: 0 1.00 INCH OR MORE: 0
[HDD (BASE 65) ]
TOTAL THIS MO. 1 CLEAR (SCALE 0-3) 23
DPTR FM NORMAL -3 PTCLDY (SCALE 4-7) 8
TOTAL FM JUL 1 1455 CLOUDY (SCALE 8-10) 0
DPTR FM NORMAL -225
[CDD (BASE 65) ]
TOTAL THIS MO. 314
DPTR FM NORMAL -9 [PRESSURE DATA]
TOTAL FM JAN 1 563 HIGHEST SLP 30.39 ON 21
DPTR FM NORMAL 62 LOWEST SLP 29.84 ON 3
[REMARKS]
#FINAL-05-21#