000
CXUS54 KLZK 011230
CF6ADF
PRELIMINARY LOCAL CLIMATOLOGICAL DATA (WS FORM: F-6)
STATION: ARKADELPHIA AIRPORT
MONTH: OCTOBER
YEAR: 2022
LATITUDE: 34 9 N
LONGITUDE: 93 4 W
TEMPERATURE IN F: :PCPN: SNOW: WIND :SUNSHINE: SKY :PK WND
================================================================================
1 2 3 4 5 6A 6B 7 8 9 10 11 12 13 14 15 16 17 18
12Z AVG MX 2MIN
DY MAX MIN AVG DEP HDD CDD WTR SNW DPTH SPD SPD DIR MIN PSBL S-S WX SPD DR
================================================================================
1 82 39 61 -7 4 0 0.00 M M 2.1 8 60 M M 0 M M
2 84 40 62 -5 3 0 0.00 M M 2.2 8 20 M M 0 18 20
3 84 45 65 -2 0 0 0.00 M M 3.0 12 10 M M 0 M M
4 84 44 64 -3 1 0 0.00 M M 1.8 7 30 M M 0 M M
5 86 43 65 -1 0 0 0.00 M M 0.6 5 180 M M 0 8 M M
6 90 48 69 3 0 4 0.00 M M 2.3 10 340 M M 0 17 340
7 87 50 69 3 0 4 0.00 M M 2.6 9 20 M M 1 M M
8 77 48 63 -2 2 0 0.00 M M 4.0 9 40 M M 4 M M
9 79 44 62 -3 3 0 0.00 M M 1.4 7 240 M M 3 M M
10 84 49 67 3 0 2 0.00 M M 1.2 5 160 M M 3 M M
11 86 49 68 4 0 3 0.00 M M 3.6 12 170 M M 0 1 17 170
12 88 51 70 6 0 5 0.23 M M 4.5 16 220 M M 3 1 21 220
13 80 43 62 -1 3 0 0.00 M M 2.8 12 280 M M 0 1 M M
14 86 38 62 -1 3 0 0.00 M M 4.3 17 240 M M 0 23 250
15 91 47 69 6 0 4 0.00 M M 5.1 15 220 M M 1 31 20
16 76 59 68 6 0 3 0.05 M M 4.9 10 200 M M 4 M M
17 69 43 56 -6 9 0 0.00 M M 8.0 14 10 M M 0 20 360
18 58 27 43 -19 22 0 0.00 M M 4.3 15 10 M M 0 8 20 350
19 62 21 42 -19 23 0 0.00 M M 2.1 10 260 M M 0 12 17 270
20 77 27 52 -9 13 0 0.00 M M 1.7 10 180 M M 0 M M
21 84 37 61 0 4 0 0.00 M M 2.5 10 200 M M 0 16 220
22 82 50 66 6 0 1 0.00 M M 7.9 21 180 M M 1 1 26 200
23 85 63 74 14 0 9 0.00 M M 9.2 17 190 M M 4 23 190
24 85 65 75 15 0 10 0.03 M M 9.5 20 170 M M 8 31 170
25 72 37 55 -5 10 0 0.03 M M 10.2 25 280 M M 7 39 200
26 72 31 52 -7 13 0 0.00 M M 2.1 7 30 M M 1 12 17 80
27 M M M M M M 0.00 M M M M M M M M M M
28 M M M M M M 0.00 M M M M M M M M M M
29 M M M M M M 0.00 M M M M M M M M M M
30 M M M M M M 0.00 M M M M M M M M M M
31 M M M M M M 0.00 M M M M M M M M M M
================================================================================
SM 2090 1138 113 45 0.34 M 103.8 M 40
================================================================================
AV 80.4 43.8 4.0 FASTST M M 2 MAX(MPH)
MISC ----> 25 280 39 200
================================================================================
NOTES:
# LAST OF SEVERAL OCCURRENCES
COLUMN 17 PEAK WIND IN M.P.H.
PRELIMINARY LOCAL CLIMATOLOGICAL DATA (WS FORM: F-6) , PAGE 2
STATION: ARKADELPHIA AIRPORT
MONTH: OCTOBER
YEAR: 2022
LATITUDE: 34 9 N
LONGITUDE: 93 4 W
[TEMPERATURE DATA] [PRECIPITATION DATA] SYMBOLS USED IN COLUMN 16
AVERAGE MONTHLY: 62.1 TOTAL FOR MONTH: 0.34 1 = FOG OR MIST
DPTR FM NORMAL: -0.4 DPTR FM NORMAL: -5.01 2 = FOG REDUCING VISIBILITY
HIGHEST: 91 ON 15 GRTST 24HR 0.23 ON 12-12 TO 1/4 MILE OR LESS
LOWEST: 21 ON 19 3 = THUNDER
SNOW, ICE PELLETS, HAIL 4 = ICE PELLETS
TOTAL MONTH: M 5 = HAIL
GRTST 24HR M ON M 6 = FREEZING RAIN OR DRIZZLE
GRTST DEPTH: M ON M 7 = DUSTSTORM OR SANDSTORM:
VSBY 1/2 MILE OR LESS
8 = SMOKE OR HAZE
[NO. OF DAYS WITH] [WEATHER - DAYS WITH] 9 = BLOWING SNOW
X = TORNADO
MAX 32 OR BELOW: 0 0.01 INCH OR MORE: 4
MAX 90 OR ABOVE: 2 0.10 INCH OR MORE: 1
MIN 32 OR BELOW: 4 0.50 INCH OR MORE: 0
MIN 0 OR BELOW: 0 1.00 INCH OR MORE: 0
[HDD (BASE 65) ]
TOTAL THIS MO. 113 CLEAR (SCALE 0-3) 19
DPTR FM NORMAL -28 PTCLDY (SCALE 4-7) 7
TOTAL FM JUL 1 121 CLOUDY (SCALE 8-10) 5
DPTR FM NORMAL -35
[CDD (BASE 65) ]
TOTAL THIS MO. 45
DPTR FM NORMAL -18 [PRESSURE DATA]
TOTAL FM JAN 1 1031 HIGHEST SLP M ON M
DPTR FM NORMAL -880 LOWEST SLP M ON M
[REMARKS]
#FINAL-10-22#