000
CXUS54 KFWD 010830
CF6AFW
PRELIMINARY LOCAL CLIMATOLOGICAL DATA (WS FORM: F-6)
STATION: FORT WORTH ALLIANCE
MONTH: JANUARY
YEAR: 2023
LATITUDE: 32 58 N
LONGITUDE: 97 19 W
TEMPERATURE IN F: :PCPN: SNOW: WIND :SUNSHINE: SKY :PK WND
================================================================================
1 2 3 4 5 6A 6B 7 8 9 10 11 12 13 14 15 16 17 18
12Z AVG MX 2MIN
DY MAX MIN AVG DEP HDD CDD WTR SNW DPTH SPD SPD DIR MIN PSBL S-S WX SPD DR
================================================================================
1 78 53 66 20 0 1 0.00 M M 12.5 18 160 M M 7 1 24 180
2 78 58 68 22 0 3 T M M 13.5 29 190 M M 8 18 37 180
3 66 44 55 9 10 0 0.00 M M 8.0 21 270 M M 6 27 280
4 58 33 46 0 19 0 0.00 M M 5.4 12 310 M M 2 8 18 300
5 61 34 48 2 17 0 0.00 M M 4.1 9 310 M M 3 8 13 110
6 71 42 57 11 8 0 0.00 M M 11.9 24 180 M M 6 8 32 150
7 65 44 55 9 10 0 0.00 M M 10.8 17 340 M M 5 18 25 300
8 61 35 48 2 17 0 0.00 M M 5.5 13 360 M M 3 16 360
9 69 39 54 8 11 0 0.00 M M 8.7 21 170 M M 3 8 26 170
10 83 47 65 19 0 0 0.00 M M 10.6 22 230 M M 4 29 230
11 85 55 70 24 0 5 0.00 M M 12.9 28 220 M M 6 39 220
12 66 38 52 6 13 0 0.00 M M 17.8 31 320 M M 2 41 320
13 59 31 45 -1 20 0 0.00 M M 4.6 14 20 M M 2 8 20 300
14 63 37 50 4 15 0 0.00 M M 12.9 25 170 M M 3 35 170
15 69 46 58 12 7 0 0.00 M M 21.0 35 170 M M 6 44 170
16 76 55 66 20 0 1 0.00 M M 12.8 25 190 M M 8 37 180
17 75 51 63 17 2 0 0.00 M M 7.9 17 150 M M 6 25 170
18 70 50 60 13 5 0 0.02 M M 12.2 26 300 M M 6 1 36 290
19 60 38 49 2 16 0 0.00 M M 9.2 22 330 M M 3 31 310
20 62 37 50 3 15 0 0.00 M M 6.9 16 120 M M 7 23 80
21 62 45 54 7 11 0 T M M 9.3 17 310 M M 5 25 310
22 54 34 44 -3 21 0 0.00 M M 9.7 21 340 M M 2 41 280
23 53 28 41 -6 24 0 0.00 M M 6.0 13 50 M M 4 19 110
24 48 33 41 -6 24 0 0.84 M M 12.7 22 20 M M 10 1 35 80
25 44 35 40 -7 25 0 0.00 M M 10.1 20 310 M M 7 27 300
26 54 31 43 -5 22 0 0.00 M M 8.9 18 310 M M 0 27 290
27 61 33 47 -1 18 0 0.00 M M 12.8 23 220 M M 2 31 220
28 69 46 58 10 7 0 0.00 M M 14.4 25 200 M M 8 36 200
29 59 28 44 -4 21 0 0.00 M M 13.4 24 330 M M 9 1 35 340
30 28 24 26 -22 39 0 0.35 M M 14.6 21 360 M M 10 1346 26 10
31 28 24 26 -22 39 0 T M M 13.7 21 350 M M 10 136 25 350
================================================================================
SM 1935 1228 436 10 1.21 M 334.8 M 163
================================================================================
AV 62.4 39.6 10.8 FASTST M M 5 MAX(MPH)
MISC ----> 35 170 44 170
================================================================================
NOTES:
# LAST OF SEVERAL OCCURRENCES
COLUMN 17 PEAK WIND IN M.P.H.
PRELIMINARY LOCAL CLIMATOLOGICAL DATA (WS FORM: F-6) , PAGE 2
STATION: FORT WORTH ALLIANCE
MONTH: JANUARY
YEAR: 2023
LATITUDE: 32 58 N
LONGITUDE: 97 19 W
[TEMPERATURE DATA] [PRECIPITATION DATA] SYMBOLS USED IN COLUMN 16
AVERAGE MONTHLY: 51.0 TOTAL FOR MONTH: 1.21 1 = FOG OR MIST
DPTR FM NORMAL: 4.3 DPTR FM NORMAL: -0.73 2 = FOG REDUCING VISIBILITY
HIGHEST: 85 ON 11 GRTST 24HR 1.51 ON 24-24 TO 1/4 MILE OR LESS
LOWEST: 24 ON 31,30 3 = THUNDER
SNOW, ICE PELLETS, HAIL 4 = ICE PELLETS
TOTAL MONTH: M 5 = HAIL
GRTST 24HR M ON M 6 = FREEZING RAIN OR DRIZZLE
GRTST DEPTH: M ON M 7 = DUSTSTORM OR SANDSTORM:
VSBY 1/2 MILE OR LESS
8 = SMOKE OR HAZE
[NO. OF DAYS WITH] [WEATHER - DAYS WITH] 9 = BLOWING SNOW
X = TORNADO
MAX 32 OR BELOW: 2 0.01 INCH OR MORE: 3
MAX 90 OR ABOVE: 0 0.10 INCH OR MORE: 2
MIN 32 OR BELOW: 6 0.50 INCH OR MORE: 1
MIN 0 OR BELOW: 0 1.00 INCH OR MORE: 0
[HDD (BASE 65) ]
TOTAL THIS MO. 436 CLEAR (SCALE 0-3) 10
DPTR FM NORMAL -136 PTCLDY (SCALE 4-7) 14
TOTAL FM JUL 1 1334 CLOUDY (SCALE 8-10) 7
DPTR FM NORMAL -119
[CDD (BASE 65) ]
TOTAL THIS MO. 10
DPTR FM NORMAL 7 [PRESSURE DATA]
TOTAL FM JAN 1 10 HIGHEST SLP 30.50 ON 13
DPTR FM NORMAL 7 LOWEST SLP 29.57 ON 2
[REMARKS]
#FINAL-01-23#