000
CXUS52 KCAE 011500
CF6AGS
PRELIMINARY LOCAL CLIMATOLOGICAL DATA (WS FORM: F-6)
STATION: AUGUSTA BUSH FIELD GA
MONTH: DECEMBER
YEAR: 2022
LATITUDE: 33 22 N
LONGITUDE: 81 58 W
TEMPERATURE IN F: :PCPN: SNOW: WIND :SUNSHINE: SKY :PK WND
================================================================================
1 2 3 4 5 6A 6B 7 8 9 10 11 12 13 14 15 16 17 18
12Z AVG MX 2MIN
DY MAX MIN AVG DEP HDD CDD WTR SNW DPTH SPD SPD DIR MIN PSBL S-S WX SPD DR
================================================================================
1 60 28 44 -8 21 0 0.00 0.0 0 2.6 13 80 M M 0 8 16 30
2 67 30 49 -3 16 0 0.00 0.0 0 2.5 10 120 M M 2 13 120
3 73 45 59 8 6 0 0.02 M 0 2.6 17 230 M M 7 12 22 240
4 67 50 59 8 6 0 0.00 0.0 0 3.8 13 340 M M 6 12 15 360
5 55 50 53 2 12 0 0.90 0.0 0 3.4 10 20 M M 10 1 13 100
6 62 51 57 6 8 0 0.17 0.0 0 2.2 8 130 M M 10 12 10 140
7 78 56 67 16 0 2 0.00 0.0 0 2.2 13 240 M M 7 128 16 230
8 76 53 65 15 0 0 T 0.0 0 2.3 8 30 M M 6 12 11 40
9 64 52 58 8 7 0 0.43 0.0 0 4.3 13 60 M M 9 12 15 90
10 54 50 52 2 13 0 T 0.0 0 4.3 10 50 M M 10 1 12 50
11 57 50 54 4 11 0 0.06 0.0 M 2.3 12 180 M M 10 1 12 190
12 58 50 54 4 11 0 0.00 0.0 M 3.1 10 10 M M 10 1 12 20
13 56 42 49 -1 16 0 T 0.0 M 7.2 15 70 M M 5 22 60
14 51 45 48 -2 17 0 0.06 0.0 0 4.6 10 70 M M 10 1 13 80
15 66 40 53 4 12 0 0.88 0.0 0 6.8 22 320 M M 6 1 26 320
16 58 34 46 -3 19 0 0.00 0.0 0 7.9 21 260 M M 0 26 250
17 55 33 44 -5 21 0 T 0.0 0 5.8 13 270 M M 7 19 220
18 54 26 40 -9 25 0 0.00 0.0 0 6.7 15 310 M M 0 19 320
19 55 23 39 -10 26 0 0.00 0.0 0 3.0 9 120 M M 1 12 110
20 46 37 42 -7 23 0 0.37 0.0 0 6.5 15 50 M M 10 18 19 70
21 45 37 41 -8 24 0 0.18 0.0 0 8.5 16 30 M M 10 1 22 20
22 47 40 44 -4 21 0 0.69 0.0 0 7.1 17 350 M M 10 1 22 360
23 53 18 36 -12 29 0 T 0.0 0 18.0 36 300 M M 3 46 300
24 30 12 21 -27 44 0 0.00 0.0 0 11.9 21 280 M M 0 30 280
25 42 15 29 -19 36 0 0.00 0.0 0 5.2 14 270 M M 0 18 250
26 47 12 30 -18 35 0 0.00 0.0 0 2.3 10 280 M M 0 13 250
27 54 20 37 -11 28 0 0.00 0.0 0 1.6 9 320 M M 2 14 330
28 59 21 40 -8 25 0 0.00 0.0 0 1.0 8 210 M M 0 1 11 130
29 68 24 46 -2 19 0 0.00 0.0 0 1.8 9 160 M M 1 1 11 150
30 68 46 57 9 8 0 T 0.0 0 2.3 14 130 M M 8 1 17 130
31 64 M M M M M M 0.0 0 2.0 13 150 M M 8 12 18 150
================================================================================
SM 1789 1090 539 2 3.76 0.0 145.8 M 168
================================================================================
AV 57.7 36.3 4.7 FASTST M M 5 MAX(MPH)
MISC ----> 36 300 46 300
================================================================================
NOTES:
# LAST OF SEVERAL OCCURRENCES
COLUMN 17 PEAK WIND IN M.P.H.
PRELIMINARY LOCAL CLIMATOLOGICAL DATA (WS FORM: F-6) , PAGE 2
STATION: AUGUSTA BUSH FIELD GA
MONTH: DECEMBER
YEAR: 2022
LATITUDE: 33 22 N
LONGITUDE: 81 58 W
[TEMPERATURE DATA] [PRECIPITATION DATA] SYMBOLS USED IN COLUMN 16
AVERAGE MONTHLY: 47.0 TOTAL FOR MONTH: 3.76 1 = FOG OR MIST
DPTR FM NORMAL: -2.4 DPTR FM NORMAL: -0.11 2 = FOG REDUCING VISIBILITY
HIGHEST: 78 ON 7 GRTST 24HR 1.06 ON 5- 6 TO 1/4 MILE OR LESS
LOWEST: 12 ON 26,24 3 = THUNDER
SNOW, ICE PELLETS, HAIL 4 = ICE PELLETS
TOTAL MONTH: 0.0 INCH 5 = HAIL
GRTST 24HR 0.0 6 = FREEZING RAIN OR DRIZZLE
GRTST DEPTH: 0 7 = DUSTSTORM OR SANDSTORM:
VSBY 1/2 MILE OR LESS
8 = SMOKE OR HAZE
[NO. OF DAYS WITH] [WEATHER - DAYS WITH] 9 = BLOWING SNOW
X = TORNADO
MAX 32 OR BELOW: 1 0.01 INCH OR MORE: 10
MAX 90 OR ABOVE: 0 0.10 INCH OR MORE: 7
MIN 32 OR BELOW: 11 0.50 INCH OR MORE: 3
MIN 0 OR BELOW: 0 1.00 INCH OR MORE: 0
[HDD (BASE 65) ]
TOTAL THIS MO. 539 CLEAR (SCALE 0-3) 12
DPTR FM NORMAL 50 PTCLDY (SCALE 4-7) 8
TOTAL FM JUL 1 922 CLOUDY (SCALE 8-10) 11
DPTR FM NORMAL 52
[CDD (BASE 65) ]
TOTAL THIS MO. 2
DPTR FM NORMAL -3 [PRESSURE DATA]
TOTAL FM JAN 1 2135 HIGHEST SLP 30.53 ON 2
DPTR FM NORMAL -229 LOWEST SLP 29.70 ON 15
[REMARKS]
#FINAL-12-22#