000
CXUS55 KCAE 072020
CF6AGS
PRELIMINARY LOCAL CLIMATOLOGICAL DATA (WS FORM: F-6)
STATION: AUGUSTA BUSH FIELD GA
MONTH: DECEMBER
YEAR: 2020
LATITUDE: 33 22 N
LONGITUDE: 81 58 W
TEMPERATURE IN F: :PCPN: SNOW: WIND :SUNSHINE: SKY :PK WND
================================================================================
1 2 3 4 5 6A 6B 7 8 9 10 11 12 13 14 15 16 17 18
12Z AVG MX 2MIN
DY MAX MIN AVG DEP HDD CDD WTR SNW DPTH SPD SPD DIR MIN PSBL S-S WX SPD DR
================================================================================
1 49 34 42 -9 23 0 0.00 0.0 0 12.7 22 310 M M 0 27 300
2 59 25 42 -8 23 0 0.00 0.0 0 2.1 9 290 M M 0 12 280
3 59 26 43 -7 22 0 0.00 0.0 0 0.4 8 130 M M 0 12 11 140
4 70 35 53 3 12 0 0.21 0.0 0 5.4 21 210 M M 6 1 29 280
5 62 36 49 -1 16 0 0.00 0.0 0 5.4 23 290 M M 0 1 29 290
6 63 31 47 -2 18 0 0.01 0.0 0 2.0 9 200 M M 3 128 14 240
7 61 40 51 2 14 0 0.25 0.0 0 8.7 18 300 M M 7 1 24 290
8 54 28 41 -8 24 0 0.00 0.0 0 3.1 13 310 M M 0 1 16 310
9 64 26 45 -3 20 0 0.00 0.0 0 2.9 15 270 M M 0 1 19 280
10 70 33 52 4 13 0 0.00 0.0 0 2.0 9 140 M M 0 128 13 120
11 71 36 54 6 11 0 0.00 0.0 0 0.4 9 200 M M 3 128 12 200
12 73 40 57 9 8 0 0.00 0.0 0 2.1 12 260 M M 1 128 16 210
13 71 52 62 14 3 0 T 0.0 0 2.3 9 200 M M 8 1 13 120
14 69 45 57 10 8 0 0.17 0.0 0 9.2 25 290 M M 5 1 31 290
15 52 39 46 -1 19 0 T 0.0 0 8.6 17 60 M M 6 22 50
16 46 41 44 -3 21 0 0.26 0.0 0 6.9 18 310 M M 10 1 22 310
17 45 32 39 -8 26 0 0.00 0.0 0 5.2 14 290 M M 9 12 19 290
18 54 27 41 -5 24 0 0.00 0.0 0 3.3 12 30 M M 0 15 10
19 56 25 41 -5 24 0 0.00 0.0 0 2.0 9 130 M M 1 1 15 130
20 55 45 50 4 15 0 0.37 0.0 0 3.8 13 330 M M 10 1 15 330
21 62 42 52 6 13 0 T 0.0 0 6.0 17 270 M M 5 1 23 260
22 67 33 50 4 15 0 0.00 0.0 0 6.6 16 310 M M 0 21 290
23 69 30 50 4 15 0 0.00 0.0 0 3.3 12 160 M M 1 1 18 150
24 63 38 51 5 14 0 1.05 0.0 0 9.1 30 290 M M 8 1 41 280
25 41 24 33 -13 32 0 T T 0 11.6 24 270 M M 2 31 270
26 48 20 34 -11 31 0 0.00 0.0 0 2.7 10 230 M M 0 14 220
27 61 22 42 -3 23 0 0.00 0.0 0 1.6 10 200 M M 0 14 190
28 66 25 46 1 19 0 0.00 0.0 0 2.6 15 270 M M 0 1 19 290
29 68 31 50 5 15 0 0.00 0.0 0 2.7 10 90 M M 0 1 14 80
30 59 37 48 3 17 0 T 0.0 0 5.2 10 70 M M 8 13 90
31 56 49 53 8 12 0 0.85 0.0 0 1.8 13 290 M M 10 12 15 290
================================================================================
SM 1863 1047 550 0 3.17 T 141.7 M 103
================================================================================
AV 60.1 33.8 4.6 FASTST M M 3 MAX(MPH)
MISC ----> 30 290 41 280
================================================================================
NOTES:
# LAST OF SEVERAL OCCURRENCES
COLUMN 17 PEAK WIND IN M.P.H.
PRELIMINARY LOCAL CLIMATOLOGICAL DATA (WS FORM: F-6) , PAGE 2
STATION: AUGUSTA BUSH FIELD GA
MONTH: DECEMBER
YEAR: 2020
LATITUDE: 33 22 N
LONGITUDE: 81 58 W
[TEMPERATURE DATA] [PRECIPITATION DATA] SYMBOLS USED IN COLUMN 16
AVERAGE MONTHLY: 46.9 TOTAL FOR MONTH: 3.17 1 = FOG OR MIST
DPTR FM NORMAL: -0.3 DPTR FM NORMAL: -0.22 2 = FOG REDUCING VISIBILITY
HIGHEST: 73 ON 12 GRTST 24HR 1.05 ON 24-24 TO 1/4 MILE OR LESS
LOWEST: 20 ON 26 3 = THUNDER
SNOW, ICE PELLETS, HAIL 4 = ICE PELLETS
TOTAL MONTH: T 5 = HAIL
GRTST 24HR T ON 25-25 6 = FREEZING RAIN OR DRIZZLE
GRTST DEPTH: 0 7 = DUSTSTORM OR SANDSTORM:
VSBY 1/2 MILE OR LESS
8 = SMOKE OR HAZE
[NO. OF DAYS WITH] [WEATHER - DAYS WITH] 9 = BLOWING SNOW
X = TORNADO
MAX 32 OR BELOW: 0 0.01 INCH OR MORE: 8
MAX 90 OR ABOVE: 0 0.10 INCH OR MORE: 7
MIN 32 OR BELOW: 14 0.50 INCH OR MORE: 2
MIN 0 OR BELOW: 0 1.00 INCH OR MORE: 1
[HDD (BASE 65) ]
TOTAL THIS MO. 550 CLEAR (SCALE 0-3) 19
DPTR FM NORMAL -3 PTCLDY (SCALE 4-7) 8
TOTAL FM JUL 1 741 CLOUDY (SCALE 8-10) 4
DPTR FM NORMAL -236
[CDD (BASE 65) ]
TOTAL THIS MO. 0
DPTR FM NORMAL -3 [PRESSURE DATA]
TOTAL FM JAN 1 2604 HIGHEST SLP 30.45 ON 19
DPTR FM NORMAL 515 LOWEST SLP 29.61 ON 24
[REMARKS]
#FINAL-12-20#