000
CXUS52 KFFC 011010
CF6AHN
PRELIMINARY LOCAL CLIMATOLOGICAL DATA (WS FORM: F-6)
STATION: ATHENS
MONTH: AUGUST
YEAR: 2022
LATITUDE: 33 57 N
LONGITUDE: 83 19 W
TEMPERATURE IN F: :PCPN: SNOW: WIND :SUNSHINE: SKY :PK WND
================================================================================
1 2 3 4 5 6A 6B 7 8 9 10 11 12 13 14 15 16 17 18
12Z AVG MX 2MIN
DY MAX MIN AVG DEP HDD CDD WTR SNW DPTH SPD SPD DIR MIN PSBL S-S WX SPD DR
================================================================================
1 86 70 78 -3 0 13 0.00 0.0 M 3.4 14 310 M M 2 20 310
2 93 72 83 2 0 18 0.00 0.0 M 4.5 14 310 M M 0 23 300
3 91 70 81 0 0 16 0.64 0.0 M 2.6 23 50 M M 2 13 31 50
4 91 69 80 -1 0 15 0.00 0.0 M 3.2 9 100 M M 4 1 16 110
5 91 70 81 0 0 16 T 0.0 M 2.7 8 160 M M 2 16 100
6 91 72 82 1 0 17 0.00 0.0 M 3.9 12 100 M M 5 3 19 100
7 91 70 81 0 0 16 0.01 0.0 M 2.3 14 70 M M 4 13 20 60
8 88 71 80 -1 0 15 0.36 0.0 M 0.9 12 30 M M 2 138 19 190
9 88 70 79 -2 0 14 0.28 0.0 M 2.8 10 250 M M 4 13 23 190
10 85 70 78 -2 0 13 0.00 0.0 M 2.1 9 180 M M 3 20 170
11 86 69 78 -2 0 13 0.00 0.0 M 2.5 10 180 M M 1 19 180
12 90 71 81 1 0 16 0.52 0.0 M 3.9 16 90 M M 6 13 23 80
13 85 67 76 -4 0 11 0.00 0.0 M 4.9 15 90 M M 2 22 120
14 87 65 76 -4 0 11 0.00 0.0 M 1.9 8 240 M M 2 14 250
15 90 68 79 -1 0 14 0.00 0.0 M 3.2 12 270 M M 4 19 260
16 87 69 78 -2 0 13 0.00 0.0 M 5.5 15 60 M M 5 1 20 60
17 80 68 74 -6 0 9 T 0.0 M 3.3 12 50 M M 8 1 16 50
18 83 69 76 -4 0 11 0.00 0.0 M 3.4 10 80 M M 8 15 90
19 78 70 74 -6 0 9 0.13 0.0 M 4.8 9 90 M M 8 1 13 80
20 88 71 80 0 0 15 0.56 0.0 M 1.6 9 240 M M 7 13 17 220
21 86 69 78 -1 0 13 0.18 0.0 M 2.7 12 230 M M 4 13 21 260
22 87 71 79 0 0 14 T 0.0 M 3.2 9 300 M M 4 3 14 230
23 88 71 80 1 0 15 0.00 0.0 M 2.3 8 60 M M 0 11 60
24 87 70 79 0 0 14 0.00 0.0 M 1.0 9 60 M M 6 1 11 60
25 81 69 75 -4 0 10 0.35 0.0 M 0.7 9 110 M M 6 1 11 110
26 90 70 80 1 0 15 0.00 0.0 M 1.9 7 260 M M 5 12 13 280
27 92 68 80 2 0 15 0.00 0.0 M 3.0 10 30 M M 3 14 200
28 91 70 81 3 0 16 0.00 0.0 M 4.9 13 100 M M 1 12 17 100
29 92 68 80 2 0 15 0.00 0.0 M 4.0 12 100 M M 2 19 120
30 92 68 80 2 0 15 0.15 0.0 M 3.2 17 360 M M 4 123 27 360
31 93 69 81 3 0 16 0.00 0.0 M 2.6 12 60 M M 1 19 100
================================================================================
SM 2728 2154 0 433 3.18 0.0 92.9 M 115
================================================================================
AV 88.0 69.5 3.0 FASTST M M 4 MAX(MPH)
MISC ----> 23 50 31 50
================================================================================
NOTES:
# LAST OF SEVERAL OCCURRENCES
COLUMN 17 PEAK WIND IN M.P.H.
PRELIMINARY LOCAL CLIMATOLOGICAL DATA (WS FORM: F-6) , PAGE 2
STATION: ATHENS
MONTH: AUGUST
YEAR: 2022
LATITUDE: 33 57 N
LONGITUDE: 83 19 W
[TEMPERATURE DATA] [PRECIPITATION DATA] SYMBOLS USED IN COLUMN 16
AVERAGE MONTHLY: 78.7 TOTAL FOR MONTH: 3.18 1 = FOG OR MIST
DPTR FM NORMAL: -1.1 DPTR FM NORMAL: -1.37 2 = FOG REDUCING VISIBILITY
HIGHEST: 93 ON 31, 2 GRTST 24HR 0.74 ON 20-21 TO 1/4 MILE OR LESS
LOWEST: 65 ON 14 3 = THUNDER
SNOW, ICE PELLETS, HAIL 4 = ICE PELLETS
TOTAL MONTH: 0.0 INCH 5 = HAIL
GRTST 24HR 0.0 6 = FREEZING RAIN OR DRIZZLE
GRTST DEPTH: M ON M 7 = DUSTSTORM OR SANDSTORM:
VSBY 1/2 MILE OR LESS
8 = SMOKE OR HAZE
[NO. OF DAYS WITH] [WEATHER - DAYS WITH] 9 = BLOWING SNOW
X = TORNADO
MAX 32 OR BELOW: 0 0.01 INCH OR MORE: 10
MAX 90 OR ABOVE: 14 0.10 INCH OR MORE: 9
MIN 32 OR BELOW: 0 0.50 INCH OR MORE: 3
MIN 0 OR BELOW: 0 1.00 INCH OR MORE: 0
[HDD (BASE 65) ]
TOTAL THIS MO. 0 CLEAR (SCALE 0-3) 14
DPTR FM NORMAL 0 PTCLDY (SCALE 4-7) 17
TOTAL FM JUL 1 0 CLOUDY (SCALE 8-10) 0
DPTR FM NORMAL 0
[CDD (BASE 65) ]
TOTAL THIS MO. 433
DPTR FM NORMAL -26 [PRESSURE DATA]
TOTAL FM JAN 1 1719 HIGHEST SLP 30.26 ON 7
DPTR FM NORMAL 119 LOWEST SLP 29.81 ON 15
[REMARKS]
#FINAL-08-22#