000
CXUS52 KFFC 061137
CLMAHN
CLIMATE REPORT
NATIONAL WEATHER SERVICE PEACHTREE CITY GA
737 AM EDT TUE JUN 06 2023
...................................
...THE ATHENS CLIMATE SUMMARY FOR THE MONTH OF MAY 2023...
CLIMATE NORMAL PERIOD: 1991 TO 2020
CLIMATE RECORD PERIOD: 1898 TO 2023
WEATHER OBSERVED NORMAL DEPART LAST YEAR`S
VALUE DATE(S) VALUE FROM VALUE DATE(S)
NORMAL
................................................................
TEMPERATURE (F)
RECORD
HIGH 100 05/25/1926
05/31/1918
LOW 35 05/05/1900
HIGHEST 89 05/09 94 -5 95 05/19
LOWEST 38 05/04 37 1 51 05/10
AVG. MAXIMUM 78.0 82.3 -4.3 85.5
AVG. MINIMUM 58.2 58.6 -0.4 61.5
MEAN 68.1 70.5 -2.4 73.5
DAYS MAX >= 90 0 3.7 -3.7 8
DAYS MAX <= 32 0 0.0 0.0 0
DAYS MIN <= 32 0 0.0 0.0 0
DAYS MIN <= 0 0 0.0 0.0 0
PRECIPITATION (INCHES)
RECORD
MAXIMUM 11.32 1923
MINIMUM 0.11 1914
TOTALS 3.03 3.28 -0.25 2.17
DAILY AVG. 0.10 0.11 -0.01 0.07
GREATEST
24 HR. TOTAL 1.05 04/30 TO 04/30 0.95 05/26 TO 05/27
SNOWFALL (INCHES)
RECORDS
TOTAL 0.0 2002
24 HR TOTAL MM
TOTALS 0.0 MM MM 0.0
SINCE 7/1 0.0 MM MM MM
SNOWDEPTH AVG. MM MM
DAYS >= TRACE 0 MM MM 0
DAYS >= 1.0 0 MM MM 0
GREATEST
24 HR TOTAL MM MM
DEGREE DAYS
HEATING TOTAL 39 26 13 3
SINCE 7/1 2302 2667 -365 MM
COOLING TOTAL 139 195 -56 274
SINCE 1/1 222 263 -41 MM
................................................................
WIND (MPH)
AVERAGE WIND SPEED 5.9
HIGHEST WIND SPEED/DIRECTION 26/300 DATE 05/02
HIGHEST GUST SPEED/DIRECTION 43/290 DATE 05/02
SKY COVER
POSSIBLE SUNSHINE (PERCENT) MM
AVERAGE SKY COVER 0.46
NUMBER OF DAYS FAIR 11
NUMBER OF DAYS PC 16
NUMBER OF DAYS CLOUDY 4
AVERAGE RH (PERCENT) 70
WEATHER CONDITIONS. NUMBER OF DAYS WITH
THUNDERSTORM 5 MIXED PRECIP 0
HEAVY RAIN 4 RAIN 9
LIGHT RAIN 14 FREEZING RAIN 0
LT FREEZING RAIN 0 HAIL 0
HEAVY SNOW 0 SNOW 0
LIGHT SNOW 0 SLEET 0
FOG 19 FOG W/VIS <= 1/4 MILE 2
HAZE 7
- INDICATES NEGATIVE NUMBERS.
R INDICATES RECORD WAS SET OR TIED.
MM INDICATES DATA IS MISSING.
T INDICATES TRACE AMOUNT.
$$