469
CXUS55 KCYS 011016
CF6AIA
PRELIMINARY LOCAL CLIMATOLOGICAL DATA (WS FORM: F-6) ...CORRECTED...
STATION: ALLIANCE NEBRASKA AIRPORT
MONTH: OCTOBER
YEAR: 2020
LATITUDE: 42 2 N
LONGITUDE: 102 48 W
TEMPERATURE IN F: :PCPN: SNOW: WIND :SUNSHINE: SKY :PK WND
================================================================================
1 2 3 4 5 6A 6B 7 8 9 10 11 12 13 14 15 16 17 18
12Z AVG MX 2MIN
DY MAX MIN AVG DEP HDD CDD WTR SNW DPTH SPD SPD DIR MIN PSBL S-S WX SPD DR
================================================================================
1 65 25 45 -7 20 0 0.00 M M 8.2 20 340 M M 1 26 10
2 78 26 52 0 13 0 0.00 M M 9.7 35 20 M M 1 8 50 350
3 68 36 52 1 13 0 0.00 M M 10.7 21 340 M M 0 29 340
4 80 27 54 3 11 0 0.00 M M 6.1 15 230 M M 0 19 240
5 81 35 58 8 7 0 0.00 M M 10.6 26 330 M M 0 36 320
6 86 31 59 9 6 0 0.00 M M 7.3 17 320 M M 0 24 310
7 79 36 58 9 7 0 0.00 M M 10.2 16 80 M M 0 24 100
8 86 31 59 10 6 0 0.00 M M 6.7 14 200 M M 0 8 23 200
9 85 34 60 12 5 0 0.00 M M 8.6 17 330 M M 0 8 22 340
10 80 30 55 7 10 0 0.00 M M 13.8 28 160 M M 0 8 38 160
11 72 30 51 3 14 0 0.00 M M 14.2 38 330 M M 1 8 54 300
12 73 20 47 0 18 0 0.00 M M 14.7 36 270 M M 0 49 290
13 69 26 48 1 17 0 0.00 M M 12.6 26 180 M M 0 35 170
14 64 36 50 4 15 0 T M M 13.1 26 320 M M 6 38 330
15 50 24 37 -9 28 0 0.00 M M 11.0 30 340 M M 2 38 340
16 65 18 42 -4 23 0 0.00 M M 9.3 21 240 M M 2 29 250
17 61 29 45 0 20 0 T M M 11.3 26 20 M M 6 1 35 30
18 36 28 32 -13 33 0 T M M 11.6 24 160 M M 9 1 32 140
19 56 31 44 -1 21 0 T M M 10.4 21 150 M M 4 30 150
20 60 34 47 3 18 0 T M M 11.4 22 330 M M 2 28 310
21 69 31 50 6 15 0 T M M 16.6 20 350 M M 4 1 25 360
22 32 24 28 -15 37 0 T M M 17.8 30 360 M M 10 16 39 360
23 28 17 23 -20 42 0 0.00 M M 10.1 20 150 M M 7 25 150
24 31 19 25 -18 40 0 T M M 15.1 26 160 M M 9 16 36 160
25 19 2 11 -31 54 0 T M M 15.1 24 20 M M 10 18 32 10
26 19 -14 3 -39 62 0 0.00 M M 7.5 15 210 M M 4 16 220
27 33 -13 10 -32 55 0 0.00 M M 8.7 17 250 M M 0 20 250
28 46 18 32 -9 33 0 0.00 M M 7.7 15 290 M M 2 8 19 280
29 57 28 43 2 22 0 0.00 M M 9.1 18 250 M M 4 24 250
30 67 24 46 6 19 0 0.00 M M 10.1 23 190 M M 0 32 200
31 56 21 39 -1 26 0 0.00 M M 11.3 29 320 M M 1 38 310
================================================================================
SM 1851 744 710 0 T M 340.6 M 85
================================================================================
AV 59.7 24.0 11.0 FASTST M M 3 MAX(MPH)
MISC ----> # 38 330 # 54 300
================================================================================
NOTES:
# LAST OF SEVERAL OCCURRENCES
COLUMN 17 PEAK WIND IN M.P.H.
PRELIMINARY LOCAL CLIMATOLOGICAL DATA (WS FORM: F-6) , PAGE 2
STATION: ALLIANCE NEBRASKA AIRPORT
MONTH: OCTOBER
YEAR: 2020
LATITUDE: 42 2 N
LONGITUDE: 102 48 W
[TEMPERATURE DATA] [PRECIPITATION DATA] SYMBOLS USED IN COLUMN 16
AVERAGE MONTHLY: 41.9 TOTAL FOR MONTH: T 1 = FOG OR MIST
DPTR FM NORMAL: -3.8 DPTR FM NORMAL: -1.09 2 = FOG REDUCING VISIBILITY
HIGHEST: 86 ON 8, 6 GRTST 24HR T ON 25-25 TO 1/4 MILE OR LESS
LOWEST: -14 ON 26 3 = THUNDER
SNOW, ICE PELLETS, HAIL 4 = ICE PELLETS
TOTAL MONTH: M 5 = HAIL
GRTST 24HR M ON M 6 = FREEZING RAIN OR DRIZZLE
GRTST DEPTH: M ON M 7 = DUSTSTORM OR SANDSTORM:
VSBY 1/2 MILE OR LESS
8 = SMOKE OR HAZE
[NO. OF DAYS WITH] [WEATHER - DAYS WITH] 9 = BLOWING SNOW
X = TORNADO
MAX 32 OR BELOW: 5 0.01 INCH OR MORE: 0
MAX 90 OR ABOVE: 0 0.10 INCH OR MORE: 0
MIN 32 OR BELOW: 25 0.50 INCH OR MORE: 0
MIN 0 OR BELOW: 2 1.00 INCH OR MORE: 0
[HDD (BASE 65) ]
TOTAL THIS MO. 710 CLEAR (SCALE 0-3) 20
DPTR FM NORMAL 113 PTCLDY (SCALE 4-7) 7
TOTAL FM JUL 1 912 CLOUDY (SCALE 8-10) 4
DPTR FM NORMAL 70
[CDD (BASE 65) ]
TOTAL THIS MO. 0
DPTR FM NORMAL -1 [PRESSURE DATA]
TOTAL FM JAN 1 764 HIGHEST SLP 0.00 ON M
DPTR FM NORMAL 200 LOWEST SLP 29.47 ON 11
[REMARKS]
OCTOBER 8TH...TIED RECORD HIGH 86 DEGREES PREVIOUSLY SET IN 1954.
OCTOBER 25TH...RECORD LOW 2 DEGREES (PREVIOUS 12 DEGREES IN 2003).
OCTOBER 26TH...RECORD LOW -14* DEGREES (PREVIOUS -6 DEGREES IN 1997).
OCTOBER 26TH...RECORD LOW HIGH 19 DEGREES (PREVIOUS 29 DEGREES IN
1997).
OCTOBER 27TH...RECORD LOW -13 DEGREES (PREVIOUS 1 DEGREE IN 1911).
OCTOBER 27TH...RECORD LOW HIGH 13 DEGREES (PREVIOUS 30 DEGREES IN
1897).
MEAN TEMPERATURE 41.9 DEGREES WAS 6TH COLDEST FOR OCTOBER.
MONTHLY PRECIPITATION TRACE TIED 1898, 1905, 1933, 1935 AND 1956.
*ALL TIME LOWEST LOW FOR OCTOBER.
#FINAL-10-20#