000
CXAK57 PAJK 020734
CLMAJK
NATIONAL WEATHER SERVICE JUNEAU AK
1028 PM AKST FRI DEC 01 2023
...................................
...THE JUNEAU CLIMATE SUMMARY FOR THE MONTH OF NOVEMBER 2023...
CLIMATE NORMAL PERIOD: 1991 TO 2020
CLIMATE RECORD PERIOD: 1936 TO 2023
WEATHER OBSERVED NORMAL DEPART LAST YEAR`S
VALUE DATE(S) VALUE FROM VALUE
NORMAL
..............................................................
TEMPERATURE (F)
RECORD
HIGH 56 11/02/1949
LOW -5 11/28/2006
11/27/2006
11/21/1966
HIGHEST 50 11/08 47 3
LOWEST 23 11/13 14 9
AVG. MAXIMUM 42.1 38.3 3.8
AVG. MINIMUM 34.8 29.2 5.6
MEAN 38.5 33.8 4.7
DAYS MAX >= 90 0 0.0 0.0
DAYS MAX <= 32 0 5.1 -5.1
DAYS MIN <= 32 11 17.0 -6.0
DAYS MIN <= 0 0 0.1 -0.1
PRECIPITATION (INCHES)
RECORD
MAXIMUM 16.10 1936
MINIMUM 1.15 1983
TOTALS 8.03 6.54 1.49
DAILY AVG. 0.27 0.22 0.05
DAYS >= .01 25 20.9 4.1
DAYS >= .10 22 14.3 7.7
DAYS >= .50 4 4.3 -0.3
DAYS >= 1.00 0 1.2 -1.2
GREATEST
24 HR. TOTAL 0.98 11/26 TO 11/26
11/26 TO 11/27
SNOWFALL (INCHES)
RECORDS
TOTAL 69.8
TOTALS 6.5 13.8 -7.3 6.2
SINCE 7/1 6.5 14.7 -8.2 6.6
DAYS >= TRACE 9 6.2 2.8 9
DAYS >= 1.0 3 3.1 -0.1 1
DEGREE DAYS
HEATING TOTAL 788 938 -150
SINCE 7/1 2199 2620 -421
COOLING TOTAL 0 0 0
SINCE 1/1 8 2 6
FREEZE DATES
RECORD
EARLIEST 08/24/1969
LATEST 06/13/1965
EARLIEST 10/21
LATEST 05/05
..............................................................
WIND (MPH)
AVERAGE WIND SPEED 8.6
HIGHEST WIND SPEED/DIRECTION 35/120 DATE 11/09
HIGHEST GUST SPEED/DIRECTION 46/110 DATE 11/09
WEATHER CONDITIONS. NUMBER OF DAYS WITH
THUNDERSTORM 0 MIXED PRECIP 0
HEAVY RAIN 0 RAIN 10
LIGHT RAIN 25 FREEZING RAIN 0
LT FREEZING RAIN 0 HAIL 0
HEAVY SNOW 0 SNOW 1
LIGHT SNOW 9 SLEET 0
FOG 21 FOG W/VIS <= 1/4 MILE 9
HAZE 0
- INDICATES NEGATIVE NUMBERS.
R INDICATES RECORD WAS SET OR TIED.
MM INDICATES DATA IS MISSING.
T INDICATES TRACE AMOUNT.
$$
...A WARMER AND WETTER THAN NORMAL NOVEMBER FOR SOUTHEAST ALASKA...
A weather pattern heavily influenced by the strong El Nino brought
much wetter and warmer weather to Southeast Alaska for the month of
November. Multiple strong Gale and Storm-Force frontal systems
affected Southeast Alaska with strong southerly flow, warm air
advection, and plenty of precipitation. Around mid-month, cold,
northerly outflow from a strong area of high pressure located over
the Yukon established cold temperatures in the lower and mid levels
of the atmosphere. This atmospheric setup preceeded a strong frontal
system approaching from the south, resulting in a classic
overrunning scenario. On the 20th, A storm force frontal system
moved into the Panhandle, bringing high winds and blizzard
conditions to the Downtown Juneau and Douglas area. Much of the
remainder of the Panhandle received heavy snowfall that day before
post frontal warm air displaced the much colder near surface
airmass. As is usually the case in Southeast Alaska, post frontal
precipitation transitioned from snow to rain from south to north.
The southern third of the Panhandle received heavy rain and high
winds from that storm. Prince of Wales Island encountered a series
of minor landslides on the 20th. Late that same night, the city of
Wrangell experienced a tragic and devastating landslide due to the
heavy rain and strong winds associated with that storm.
While much of the month recorded above normal temperatures, daily
averages in the middle of the month and then again at the end were
much more seasonable. On Wednesday, November 8th, both the Juneau
and Yakutat Airports set new daily high temperature records. Juneau
recorded 50, which broke their old record of 49 set in 2016, and
Yakutat recorded 55, which broke their old record of 52 set back in
1930.
Chambers/Fritsch
$$