000
CXAK56 PAJK 011310
CF6AJN
PRELIMINARY LOCAL CLIMATOLOGICAL DATA (WS FORM: F-6)
STATION: JUNEAU
MONTH: SEPTEMBER
YEAR: 2022
LATITUDE: 58 22 N
LONGITUDE: 134 35 W
TEMPERATURE IN F: :PCPN: SNOW: WIND :SUNSHINE: SKY :PK WND
================================================================================
1 2 3 4 5 6A 6B 7 8 9 10 11 12 13 14 15 16 17 18
12Z AVG MX 2MIN
DY MAX MIN AVG DEP HDD CDD WTR SNW DPTH SPD SPD DIR MIN PSBL S-S WX SPD DR
================================================================================
1 55 50 53 0 12 0 0.24 0.0 0 9.4 21 110 M M 10 1 25 120
2 62 51 57 4 8 0 0.25 0.0 0 18.9 31 110 M M 10 1 37 120
3 63 51 57 4 8 0 0.14 0.0 0 11.5 26 120 M M 8 1 33 120
4 57 49 53 1 12 0 0.24 0.0 0 6.6 20 120 M M 9 1 25 120
5 57 49 53 1 12 0 0.25 0.0 0 6.2 15 120 M M 9 1 22 130
6 54 44 49 -3 16 0 0.10 0.0 0 2.5 12 80 M M 9 12 14 80
7 63 47 55 3 10 0 T 0.0 0 4.5 10 80 M M 8 14 80
8 54 52 53 1 12 0 0.10 0.0 0 9.1 17 90 M M 10 1 20 90
9 57 47 52 1 13 0 0.27 0.0 0 9.9 22 120 M M 9 12 26 130
10 58 43 51 0 14 0 T 0.0 0 4.4 13 80 M M 7 12 15 100
11 57 39 48 -3 17 0 0.00 0.0 0 3.6 15 240 M M 7 12 17 250
12 61 40 51 0 14 0 T 0.0 0 3.4 12 300 M M 8 1 15 300
13 55 50 53 2 12 0 0.09 0.0 0 7.5 16 90 M M 10 1 20 70
14 57 50 54 4 11 0 0.72 0.0 0 12.1 24 120 M M 10 1 30 130
15 56 48 52 2 13 0 0.43 0.0 0 7.1 18 120 M M 9 1 23 120
16 59 39 49 -1 16 0 0.05 0.0 0 6.1 14 70 M M 6 12 16 110
17 61 35 48 -2 17 0 0.02 0.0 0 1.8 8 260 M M 6 12 10 250
18 59 41 50 0 15 0 0.08 0.0 0 4.0 13 90 M M 8 128 14 90
19 59 38 49 0 16 0 0.00 0.0 0 1.9 10 230 M M 8 2 12 340
20 59 51 55 6 10 0 0.00 0.0 0 9.2 16 100 M M 10 19 110
21 57 51 54 5 11 0 0.84 0.0 0 10.1 23 80 M M 10 1 27 90
22 58 47 53 4 12 0 0.45 0.0 0 6.9 25 110 M M 9 1 33 120
23 52 48 50 1 15 0 1.62 0.0 0 17.1 33 110 M M 10 1 45 120
24 54 49 52 4 13 0 0.11 0.0 0 12.4 20 90 M M 10 1 25 120
25 58 50 54 6 11 0 0.45 0.0 0 10.7 30 120 M M 10 1 40 120
26 60 51 56 8 9 0 2.22 0.0 0 18.4 36 120 M M 10 1 45 110
27 57 40 49 1 16 0 0.13 0.0 0 2.2 9 70 M M 7 128 12 70
28 52 41 47 -1 18 0 0.03 0.0 0 1.5 10 110 M M 10 128 14 110
29 58 48 53 6 12 0 1.02 0.0 0 16.4 28 110 M M 10 1 37 110
30 57 53 55 8 10 0 1.81 0.0 0 12.3 31 110 M M 10 1 40 120
================================================================================
SM 1726 1392 385 0 11.66 0.0 247.7 M 267
================================================================================
AV 57.5 46.4 8.3 FASTST M M 9 MAX(MPH)
MISC ----> 36 120 # 45 120
================================================================================
NOTES:
# LAST OF SEVERAL OCCURRENCES
COLUMN 17 PEAK WIND IN M.P.H.
PRELIMINARY LOCAL CLIMATOLOGICAL DATA (WS FORM: F-6) , PAGE 2
STATION: JUNEAU
MONTH: SEPTEMBER
YEAR: 2022
LATITUDE: 58 22 N
LONGITUDE: 134 35 W
[TEMPERATURE DATA] [PRECIPITATION DATA] SYMBOLS USED IN COLUMN 16
AVERAGE MONTHLY: 52.0 TOTAL FOR MONTH: 11.66 1 = FOG OR MIST
DPTR FM NORMAL: 1.9 DPTR FM NORMAL: 2.51 2 = FOG REDUCING VISIBILITY
HIGHEST: 63 ON 7, 3 GRTST 24HR 2.35 ON 26-27 TO 1/4 MILE OR LESS
LOWEST: 35 ON 17 3 = THUNDER
SNOW, ICE PELLETS, HAIL 4 = ICE PELLETS
TOTAL MONTH: 0.0 INCH 5 = HAIL
GRTST 24HR 0.0 6 = FREEZING RAIN OR DRIZZLE
GRTST DEPTH: 0 7 = DUSTSTORM OR SANDSTORM:
VSBY 1/2 MILE OR LESS
8 = SMOKE OR HAZE
[NO. OF DAYS WITH] [WEATHER - DAYS WITH] 9 = BLOWING SNOW
X = TORNADO
MAX 32 OR BELOW: 0 0.01 INCH OR MORE: 24
MAX 90 OR ABOVE: 0 0.10 INCH OR MORE: 19
MIN 32 OR BELOW: 0 0.50 INCH OR MORE: 6
MIN 0 OR BELOW: 0 1.00 INCH OR MORE: 4
[HDD (BASE 65) ]
TOTAL THIS MO. 385 CLEAR (SCALE 0-3) 0
DPTR FM NORMAL -62 PTCLDY (SCALE 4-7) 8
TOTAL FM JUL 1 810 CLOUDY (SCALE 8-10) 22
DPTR FM NORMAL -166
[CDD (BASE 65) ]
TOTAL THIS MO. 0
DPTR FM NORMAL 0 [PRESSURE DATA]
TOTAL FM JAN 1 16 HIGHEST SLP 30.42 ON 8
DPTR FM NORMAL 14 LOWEST SLP 29.44 ON 23
[REMARKS]
#FINAL-09-22#