000
CXUS56 KSGX 011245
CF6AJO
PRELIMINARY LOCAL CLIMATOLOGICAL DATA (WS FORM: F-6)
STATION: CORONA AIRPORT CA
MONTH: JUNE
YEAR: 2020
LATITUDE: 33 53 N
LONGITUDE: 117 36 W
TEMPERATURE IN F: :PCPN: SNOW: WIND :SUNSHINE: SKY :PK WND
================================================================================
1 2 3 4 5 6A 6B 7 8 9 10 11 12 13 14 15 16 17 18
12Z AVG MX 2MIN
DY MAX MIN AVG DEP HDD CDD WTR SNW DPTH SPD SPD DIR MIN PSBL S-S WX SPD DR
================================================================================
1 86 54 70 M 0 5 0.00 0.0 0 5.2 13 270 M M 0 21 250
2 86 58 72 M 0 7 0.00 0.0 0 4.8 14 270 M M 0 8 22 270
3 97 61 79 M 0 14 0.00 0.0 0 7.7 16 290 M M 0 25 280
4 82 61 72 M 0 7 0.00 0.0 0 8.6 17 280 M M 0 1 27 280
5 74 61 68 M 0 3 0.00 0.0 0 7.5 14 270 M M 9 1 18 270
6 74 55 65 M 0 0 0.00 0.0 0 7.1 13 260 M M 6 20 270
7 78 52 65 M 0 0 0.00 0.0 0 3.6 10 280 M M 3 18 240
8 89 46 68 M 0 3 0.00 0.0 0 9.9 23 30 M M 0 8 33 30
9 98 51 75 M 0 10 0.00 0.0 0 6.9 15 240 M M 0 22 240
10 99 50 75 M 0 10 0.00 0.0 0 4.5 13 270 M M 0 20 250
11 94 52 73 M 0 8 0.00 0.0 0 7.5 18 280 M M 0 25 280
12 83 54 69 M 0 4 0.00 0.0 0 7.7 16 280 M M 0 1 27 260
13 80 51 66 M 0 1 0.00 0.0 0 6.7 16 270 M M 0 23 270
14 83 51 67 M 0 2 0.00 0.0 0 5.4 15 280 M M 0 22 280
15 83 57 70 M 0 5 0.00 0.0 0 7.1 20 290 M M 0 28 290
16 78 56 67 M 0 2 0.00 0.0 0 5.9 14 280 M M 3 23 270
17 78 60 69 M 0 4 0.00 0.0 0 6.2 12 270 M M 5 18 270
18 77 59 68 M 0 3 0.00 0.0 0 6.5 14 270 M M 5 20 270
19 81 57 69 M 0 4 0.00 0.0 0 5.4 16 270 M M 3 23 260
20 81 59 70 M 0 5 0.00 0.0 0 6.4 14 290 M M 5 21 280
21 82 59 71 M 0 6 0.00 0.0 0 5.3 14 280 M M 4 20 280
22 86 59 73 M 0 8 0.00 0.0 0 6.8 16 300 M M 3 24 280
23 85 61 73 M 0 8 0.00 0.0 0 7.2 15 290 M M 2 1 21 290
24 87 61 74 M 0 9 0.00 0.0 0 7.3 18 280 M M 2 24 280
25 84 61 73 M 0 8 0.00 0.0 0 5.9 14 260 M M 3 22 260
26 86 56 71 M 0 6 0.00 0.0 0 6.8 16 280 M M 0 23 280
27 85 60 73 M 0 8 0.00 0.0 0 7.0 17 290 M M 0 24 280
28 76 61 69 M 0 4 0.00 0.0 0 7.6 18 270 M M 6 25 270
29 78 58 68 M 0 3 0.00 0.0 0 7.1 15 270 M M 4 21 270
30 82 59 71 M 0 6 0.00 0.0 0 6.5 16 280 M M 4 23 280
================================================================================
SM 2512 1700 0 163 0.00 0.0 198.1 M 67
================================================================================
AV 83.7 56.7 6.6 FASTST M M 2 MAX(MPH)
MISC ----> # 23 30 # 33 30
================================================================================
NOTES:
# LAST OF SEVERAL OCCURRENCES
COLUMN 17 PEAK WIND IN M.P.H.
PRELIMINARY LOCAL CLIMATOLOGICAL DATA (WS FORM: F-6) , PAGE 2
STATION: CORONA AIRPORT CA
MONTH: JUNE
YEAR: 2020
LATITUDE: 33 53 N
LONGITUDE: 117 36 W
[TEMPERATURE DATA] [PRECIPITATION DATA] SYMBOLS USED IN COLUMN 16
AVERAGE MONTHLY: 70.2 TOTAL FOR MONTH: 0.00 1 = FOG OR MIST
DPTR FM NORMAL: M DPTR FM NORMAL: M 2 = FOG REDUCING VISIBILITY
HIGHEST: 99 ON 10 GRTST 24HR 0.00 ON 30-30 TO 1/4 MILE OR LESS
LOWEST: 46 ON 8 3 = THUNDER
SNOW, ICE PELLETS, HAIL 4 = ICE PELLETS
TOTAL MONTH: 0.0 INCH 5 = HAIL
GRTST 24HR 0.0 6 = FREEZING RAIN OR DRIZZLE
GRTST DEPTH: 0 7 = DUSTSTORM OR SANDSTORM:
VSBY 1/2 MILE OR LESS
8 = SMOKE OR HAZE
[NO. OF DAYS WITH] [WEATHER - DAYS WITH] 9 = BLOWING SNOW
X = TORNADO
MAX 32 OR BELOW: 0 0.01 INCH OR MORE: 0
MAX 90 OR ABOVE: 4 0.10 INCH OR MORE: 0
MIN 32 OR BELOW: 0 0.50 INCH OR MORE: 0
MIN 0 OR BELOW: 0 1.00 INCH OR MORE: 0
[HDD (BASE 65) ]
TOTAL THIS MO. 0 CLEAR (SCALE 0-3) 17
DPTR FM NORMAL M PTCLDY (SCALE 4-7) 12
TOTAL FM JUL 1 1537 CLOUDY (SCALE 8-10) 1
DPTR FM NORMAL M
[CDD (BASE 65) ]
TOTAL THIS MO. 163
DPTR FM NORMAL M [PRESSURE DATA]
TOTAL FM JAN 1 351 HIGHEST SLP M ON M
DPTR FM NORMAL M LOWEST SLP M ON M
[REMARKS]
#FINAL-06-20#