000
CXAK56 PAFC 021015
CF6AKN
PRELIMINARY LOCAL CLIMATOLOGICAL DATA (WS FORM: F-6)
STATION: KING SALMON
MONTH: JUNE
YEAR: 2022
LATITUDE: 58 41 N
LONGITUDE: 156 39 W
TEMPERATURE IN F: :PCPN: SNOW: WIND :SUNSHINE: SKY :PK WND
================================================================================
1 2 3 4 5 6A 6B 7 8 9 10 11 12 13 14 15 16 17 18
12Z AVG MX 2MIN
DY MAX MIN AVG DEP HDD CDD WTR SNW DPTH SPD SPD DIR MIN PSBL S-S WX SPD DR
================================================================================
1 76 33 55 6 10 0 0.00 M M 5.8 16 290 M M 1 8 21 70
2 79 37 58 9 7 0 0.00 M M 4.1 14 280 M M 1 18 18 290
3 80 39 60 11 5 0 0.00 M M 6.6 17 260 M M 0 18 20 120
4 78 42 60 10 5 0 0.00 M M 8.4 21 270 M M 1 8 27 280
5 69 42 56 6 9 0 0.00 M M 8.9 17 300 M M 6 1 20 300
6 70 39 55 5 10 0 0.06 M M 6.3 12 200 M M 5 123 14 280
7 68 43 56 6 9 0 T M M 5.1 13 320 M M 8 12 15 320
8 69 47 58 7 7 0 0.01 M M 5.8 16 300 M M 7 19 290
9 65 43 54 3 11 0 0.01 M M 8.6 16 160 M M 7 18 19 160
10 67 43 55 4 10 0 0.00 M M 7.2 29 290 M M 4 128 40 300
11 66 37 52 0 13 0 0.00 M M 8.8 14 230 M M 2 18 M M
12 70 42 56 4 9 0 0.00 M M 11.1 18 180 M M 5 18 24 190
13 53 47 50 -2 15 0 0.01 M M 6.3 20 180 M M 9 128 26 180
14 59 44 52 -1 13 0 0.06 M M 5.3 14 340 M M 9 128 17 360
15 67 34 51 -2 14 0 0.00 M M 5.7 15 310 M M 5 12 18 300
16 66 41 54 1 11 0 0.00 M M 10.3 25 180 M M 6 31 170
17 56 46 51 -2 14 0 0.04 M M 9.1 25 170 M M 9 30 180
18 59 46 53 -1 12 0 0.10 M M 5.0 13 150 M M 9 1 16 150
19 60 46 53 -1 12 0 0.20 M M 5.1 13 200 M M 8 1 17 70
20 70 38 54 0 11 0 0.01 M M 6.7 18 280 M M 8 128 23 280
21 62 45 54 0 11 0 T M M 12.9 20 200 M M 10 18 25 200
22 62 44 53 -2 12 0 0.00 M M 12.4 17 200 M M 8 18 21 200
23 69 44 57 2 8 0 0.00 M M 6.9 15 180 M M 7 128 19 180
24 78 41 60 5 5 0 0.00 M M 7.0 20 220 M M 4 12 28 220
25 71 52 62 7 3 0 0.00 M M 13.7 29 150 M M 3 38 150
26 58 49 54 -2 11 0 0.09 M M 17.2 28 180 M M 7 35 160
27 68 49 59 3 6 0 0.04 M M 7.0 15 200 M M 10 20 190
28 71 52 62 6 3 0 0.00 M M 5.1 14 300 M M 8 17 290
29 73 45 59 3 6 0 0.00 M M 6.0 14 280 M M 3 12 20 310
30 74 42 58 2 7 0 0.01 M M 12.2 26 170 M M 2 33 170
================================================================================
SM 2033 1292 279 0 0.64 M 240.6 M 172
================================================================================
AV 67.8 43.1 8.0 FASTST M M 6 MAX(MPH)
MISC ----> # 29 290 40 300
================================================================================
NOTES:
# LAST OF SEVERAL OCCURRENCES
COLUMN 17 PEAK WIND IN M.P.H.
PRELIMINARY LOCAL CLIMATOLOGICAL DATA (WS FORM: F-6) , PAGE 2
STATION: KING SALMON
MONTH: JUNE
YEAR: 2022
LATITUDE: 58 41 N
LONGITUDE: 156 39 W
[TEMPERATURE DATA] [PRECIPITATION DATA] SYMBOLS USED IN COLUMN 16
AVERAGE MONTHLY: 55.4 TOTAL FOR MONTH: 0.64 1 = FOG OR MIST
DPTR FM NORMAL: 2.6 DPTR FM NORMAL: -1.19 2 = FOG REDUCING VISIBILITY
HIGHEST: 80 ON 3 GRTST 24HR 0.25 ON 18-19 TO 1/4 MILE OR LESS
LOWEST: 33 ON 1 3 = THUNDER
SNOW, ICE PELLETS, HAIL 4 = ICE PELLETS
TOTAL MONTH: M 5 = HAIL
GRTST 24HR M ON M 6 = FREEZING RAIN OR DRIZZLE
GRTST DEPTH: M ON M 7 = DUSTSTORM OR SANDSTORM:
VSBY 1/2 MILE OR LESS
8 = SMOKE OR HAZE
[NO. OF DAYS WITH] [WEATHER - DAYS WITH] 9 = BLOWING SNOW
X = TORNADO
MAX 32 OR BELOW: 0 0.01 INCH OR MORE: 12
MAX 90 OR ABOVE: 0 0.10 INCH OR MORE: 2
MIN 32 OR BELOW: 0 0.50 INCH OR MORE: 0
MIN 0 OR BELOW: 0 1.00 INCH OR MORE: 0
[HDD (BASE 65) ]
TOTAL THIS MO. 279 CLEAR (SCALE 0-3) 7
DPTR FM NORMAL -87 PTCLDY (SCALE 4-7) 17
TOTAL FM JUL 1 10929 CLOUDY (SCALE 8-10) 6
DPTR FM NORMAL 545
[CDD (BASE 65) ]
TOTAL THIS MO. 0
DPTR FM NORMAL 0 [PRESSURE DATA]
TOTAL FM JAN 1 0 HIGHEST SLP 30.37 ON 23
DPTR FM NORMAL 0 LOWEST SLP 29.41 ON 10
[REMARKS]
#FINAL-06-22#