000
CXAK56 PAFC 011022
CF6AKN
PRELIMINARY LOCAL CLIMATOLOGICAL DATA (WS FORM: F-6)
STATION: KING SALMON
MONTH: AUGUST
YEAR: 2023
LATITUDE: 58 41 N
LONGITUDE: 156 39 W
TEMPERATURE IN F: :PCPN: SNOW: WIND :SUNSHINE: SKY :PK WND
================================================================================
1 2 3 4 5 6A 6B 7 8 9 10 11 12 13 14 15 16 17 18
12Z AVG MX 2MIN
DY MAX MIN AVG DEP HDD CDD WTR SNW DPTH SPD SPD DIR MIN PSBL S-S WX SPD DR
================================================================================
1 77 48 63 6 2 0 0.00 M M 5.9 15 270 M M 1 1 22 260
2 79 52 66 9 0 1 0.00 M M 7.0 14 200 M M 1 20 210
3 67 50 59 2 6 0 0.00 M M 11.5 21 160 M M 7 27 160
4 66 51 59 2 6 0 0.00 M M 16.7 32 180 M M 7 45 180
5 64 51 58 1 7 0 0.03 M M 16.7 31 140 M M 8 39 130
6 65 51 58 2 7 0 0.25 M M 5.1 13 140 M M 10 1 19 150
7 63 50 57 1 8 0 T M M 5.1 15 250 M M 9 1 20 260
8 61 48 55 -1 10 0 0.14 M M 6.5 14 190 M M 9 1 20 190
9 57 51 54 -2 11 0 0.15 M M 9.8 17 240 M M 10 1 23 240
10 62 50 56 0 9 0 0.00 M M 6.9 12 250 M M 10 16 250
11 68 42 55 -1 10 0 T M M 6.8 21 110 M M 7 12 33 100
12 64 53 59 3 6 0 0.07 M M 9.5 18 20 M M 9 1 29 40
13 59 53 56 0 9 0 0.19 M M 10.2 15 190 M M 10 1 23 200
14 63 50 57 1 8 0 0.05 M M 4.6 12 290 M M 9 18 15 300
15 56 48 52 -4 13 0 0.61 M M 3.4 10 280 M M 10 1 15 270
16 69 51 60 4 5 0 0.72 M M 11.2 23 320 M M 9 1 35 330
17 60 50 55 -1 10 0 0.01 M M 10.9 22 270 M M 10 1 29 270
18 61 48 55 -1 10 0 0.02 M M 4.1 9 220 M M 8 1 12 200
19 66 50 58 2 7 0 0.00 M M 8.0 17 220 M M 8 12 23 220
20 62 51 57 1 8 0 0.00 M M 4.8 9 310 M M 10 13 200
21 62 47 55 0 10 0 0.01 M M 3.2 10 30 M M 10 18 15 40
22 66 54 60 5 5 0 0.00 M M 2.5 7 300 M M 10 18 10 310
23 68 54 61 6 4 0 0.13 M M 5.3 20 180 M M 9 1 25 180
24 67 55 61 6 4 0 0.45 M M 20.0 35 170 M M 6 1 45 170
25 63 53 58 3 7 0 0.35 M M 14.7 25 160 M M 7 1 37 160
26 69 54 62 7 3 0 0.12 M M 20.0 35 160 M M 8 1 47 160
27 56 46 51 -3 14 0 0.11 M M 9.7 20 220 M M 9 18 25 210
28 53 43 48 -6 17 0 0.42 M M 6.3 16 20 M M 8 1 25 360
29 57 48 53 -1 12 0 0.11 M M 8.6 22 160 M M 9 1 27 170
30 64 49 57 3 8 0 0.22 M M 11.5 28 160 M M 9 1 37 160
31 62 51 57 3 8 0 0.57 M M 22.5 45 160 M M 8 1 60 150
================================================================================
SM 1976 1552 244 1 4.73 M 289.0 M 255
================================================================================
AV 63.7 50.1 9.3 FASTST M M 8 MAX(MPH)
MISC ----> 45 160 60 150
================================================================================
NOTES:
# LAST OF SEVERAL OCCURRENCES
COLUMN 17 PEAK WIND IN M.P.H.
PRELIMINARY LOCAL CLIMATOLOGICAL DATA (WS FORM: F-6) , PAGE 2
STATION: KING SALMON
MONTH: AUGUST
YEAR: 2023
LATITUDE: 58 41 N
LONGITUDE: 156 39 W
[TEMPERATURE DATA] [PRECIPITATION DATA] SYMBOLS USED IN COLUMN 16
AVERAGE MONTHLY: 56.9 TOTAL FOR MONTH: 4.73 1 = FOG OR MIST
DPTR FM NORMAL: 1.2 DPTR FM NORMAL: 1.47 2 = FOG REDUCING VISIBILITY
HIGHEST: 79 ON 2 GRTST 24HR 0.83 ON 15-16 TO 1/4 MILE OR LESS
LOWEST: 42 ON 11 3 = THUNDER
SNOW, ICE PELLETS, HAIL 4 = ICE PELLETS
TOTAL MONTH: M 5 = HAIL
GRTST 24HR M ON M 6 = FREEZING RAIN OR DRIZZLE
GRTST DEPTH: M ON M 7 = DUSTSTORM OR SANDSTORM:
VSBY 1/2 MILE OR LESS
8 = SMOKE OR HAZE
[NO. OF DAYS WITH] [WEATHER - DAYS WITH] 9 = BLOWING SNOW
X = TORNADO
MAX 32 OR BELOW: 0 0.01 INCH OR MORE: 21
MAX 90 OR ABOVE: 0 0.10 INCH OR MORE: 15
MIN 32 OR BELOW: 0 0.50 INCH OR MORE: 3
MIN 0 OR BELOW: 0 1.00 INCH OR MORE: 0
[HDD (BASE 65) ]
TOTAL THIS MO. 244 CLEAR (SCALE 0-3) 2
DPTR FM NORMAL -47 PTCLDY (SCALE 4-7) 9
TOTAL FM JUL 1 456 CLOUDY (SCALE 8-10) 20
DPTR FM NORMAL -92
[CDD (BASE 65) ]
TOTAL THIS MO. 1
DPTR FM NORMAL 0 [PRESSURE DATA]
TOTAL FM JAN 1 1 HIGHEST SLP M ON M
DPTR FM NORMAL -2 LOWEST SLP 29.10 ON 31
[REMARKS]
#FINAL-08-23#