000
CXUS55 KBOU 010759
CF6AKO
PRELIMINARY LOCAL CLIMATOLOGICAL DATA (WS FORM: F-6)
STATION: AKRON CO
MONTH: MAY
YEAR: 2020
LATITUDE: 40 10 N
LONGITUDE: 103 13 W
TEMPERATURE IN F: :PCPN: SNOW: WIND :SUNSHINE: SKY :PK WND
================================================================================
1 2 3 4 5 6A 6B 7 8 9 10 11 12 13 14 15 16 17 18
12Z AVG MX 2MIN
DY MAX MIN AVG DEP HDD CDD WTR SNW DPTH SPD SPD DIR MIN PSBL S-S WX SPD DR
================================================================================
1 85 50 68 16 0 3 0.01 M M 13.0 37 60 M M 1 3 50 50
2 61 49 55 3 10 0 0.41 M M 13.4 33 90 M M 9 123 39 80
3 77 47 62 9 3 0 0.48 M M 10.9 39 330 M M 2 13 56 330
4 62 36 49 -4 16 0 0.22 M M 14.2 36 360 M M 5 13 50 350
5 69 34 52 -2 13 0 0.00 M M 10.1 21 280 M M 2 28 270
6 69 34 52 -2 13 0 0.00 M M 12.7 21 150 M M 0 30 130
7 65 37 51 -3 14 0 0.00 M M 20.3 44 340 M M 0 56 330
8 56 32 44 -11 21 0 T M M 11.9 24 10 M M 4 32 360
9 58 29 44 -11 21 0 0.00 M M 16.7 33 350 M M 3 42 350
10 62 36 49 -6 16 0 0.00 M M 13.1 25 110 M M 4 35 100
11 43 32 38 -18 27 0 0.07 M M 19.9 28 120 M M 8 1 36 130
12 55 34 45 -11 20 0 0.00 M M 21.6 31 150 M M 8 1 42 150
13 76 38 57 1 8 0 0.00 M M 11.4 25 160 M M 2 12 34 170
14 72 43 58 2 7 0 0.43 M M 10.2 25 270 M M 5 123 35 280
15 68 48 58 1 7 0 0.87 M M 9.3 22 110 M M 8 13 30 120
16 67 44 56 -1 9 0 0.00 M M 13.0 26 360 M M 4 12 36 360
17 71 37 54 -4 11 0 0.00 M M 10.4 20 110 M M 0 1 24 100
18 79 44 62 4 3 0 0.00 M M 16.9 23 130 M M 1 1 33 160
19 85 52 69 11 0 4 0.00 M M 19.4 38 160 M M 0 8 59 170
20 81 55 68 10 0 3 0.00 M M 21.8 32 150 M M 0 46 150
21 74 46 60 1 5 0 0.00 M M 11.3 28 30 M M 3 12 36 30
22 79 48 64 5 1 0 0.00 M M 12.8 30 120 M M 2 12 41 120
23 81 51 66 7 0 1 0.00 M M 15.7 29 340 M M 3 37 340
24 65 45 55 -5 10 0 0.35 M M 17.1 29 320 M M 7 1 40 320
25 65 41 53 -7 12 0 0.00 M M 11.4 21 330 M M 3 1 29 340
26 78 41 60 0 5 0 0.00 M M 8.8 21 20 M M 0 26 20
27 81 53 67 7 0 2 T M M 7.9 20 110 M M 3 24 110
28 77 51 64 3 1 0 0.00 M M 8.3 17 100 M M 4 8 23 100
29 88 51 70 9 0 5 0.00 M M 11.8 20 40 M M 1 27 130
30 80 55 68 6 0 3 0.00 M M 11.7 22 90 M M 0 27 120
31 92 53 73 11 0 8 M 0.0 0 7.6 31 350 M M 0 1 42 330
================================================================================
SM 2221 1346 253 29 2.84 0.0 414.6 M 92
================================================================================
AV 71.7 43.4 13.4 FASTST M M 3 MAX(MPH)
MISC ----> # 44 340 # 59 170
================================================================================
NOTES:
# LAST OF SEVERAL OCCURRENCES
COLUMN 17 PEAK WIND IN M.P.H.
PRELIMINARY LOCAL CLIMATOLOGICAL DATA (WS FORM: F-6) , PAGE 2
STATION: AKRON CO
MONTH: MAY
YEAR: 2020
LATITUDE: 40 10 N
LONGITUDE: 103 13 W
[TEMPERATURE DATA] [PRECIPITATION DATA] SYMBOLS USED IN COLUMN 16
AVERAGE MONTHLY: 57.5 TOTAL FOR MONTH: 2.84 1 = FOG OR MIST
DPTR FM NORMAL: 0.4 DPTR FM NORMAL: -0.08 2 = FOG REDUCING VISIBILITY
HIGHEST: 92 ON 31 GRTST 24HR 0.87 ON 15-15 TO 1/4 MILE OR LESS
LOWEST: 29 ON 9 3 = THUNDER
SNOW, ICE PELLETS, HAIL 4 = ICE PELLETS
TOTAL MONTH: 0.0 INCH 5 = HAIL
GRTST 24HR 0.0 6 = FREEZING RAIN OR DRIZZLE
GRTST DEPTH: 0 7 = DUSTSTORM OR SANDSTORM:
VSBY 1/2 MILE OR LESS
8 = SMOKE OR HAZE
[NO. OF DAYS WITH] [WEATHER - DAYS WITH] 9 = BLOWING SNOW
X = TORNADO
MAX 32 OR BELOW: 0 0.01 INCH OR MORE: 8
MAX 90 OR ABOVE: 1 0.10 INCH OR MORE: 6
MIN 32 OR BELOW: 3 0.50 INCH OR MORE: 1
MIN 0 OR BELOW: 0 1.00 INCH OR MORE: 0
[HDD (BASE 65) ]
TOTAL THIS MO. 253 CLEAR (SCALE 0-3) 19
DPTR FM NORMAL -13 PTCLDY (SCALE 4-7) 10
TOTAL FM JUL 1 6105 CLOUDY (SCALE 8-10) 2
DPTR FM NORMAL -154
[CDD (BASE 65) ]
TOTAL THIS MO. 29
DPTR FM NORMAL 8 [PRESSURE DATA]
TOTAL FM JAN 1 32 HIGHEST SLP M ON M
DPTR FM NORMAL 9 LOWEST SLP 29.39 ON 20
[REMARKS]
#FINAL-05-20#