000
CXUS54 KEPZ 031422
CF6ALM
PRELIMINARY LOCAL CLIMATOLOGICAL DATA (WS FORM: F-6)
STATION: ALAMOGORDO
MONTH: JULY
YEAR: 2023
LATITUDE: 32 49 N
LONGITUDE: 106 0 W
TEMPERATURE IN F: :PCPN: SNOW: WIND :SUNSHINE: SKY :PK WND
================================================================================
1 2 3 4 5 6A 6B 7 8 9 10 11 12 13 14 15 16 17 18
12Z AVG MX 2MIN
DY MAX MIN AVG DEP HDD CDD WTR SNW DPTH SPD SPD DIR MIN PSBL S-S WX SPD DR
================================================================================
1 99 55 77 M 0 12 0.00 M M 6.2 15 270 M M 0 16 180
2 95 63 79 M 0 14 0.00 M M 9.0 21 170 M M 1 8 29 170
3 97 66 82 M 0 17 0.00 M M 8.1 17 200 M M 0 21 210
4 99 63 81 M 0 16 0.00 M M 6.4 14 180 M M 0 25 0
5 102 72 87 M 0 22 0.00 M M 7.9 16 170 M M 0 25 260
6 102 79 91 M 0 26 0.00 M M 12.1 21 170 M M 0 28 220
7 104 79 92 M 0 27 0.00 M M 11.5 20 190 M M 0 8 29 170
8 100 73 87 M 0 22 0.04 M M 10.5 24 80 M M 2 8 36 150
9 102 72 87 M 0 22 0.00 M M 8.2 20 150 M M 1 28 260
10 104 77 91 M 0 26 0.01 M M 9.2 21 180 M M 2 29 150
11 102 72 87 M 0 22 0.00 M M 7.2 17 270 M M 1 58 70
12 102 73 88 M 0 23 0.00 M M 7.2 21 160 M M 1 27 160
13 102 M M M M M 0.00 M M 9.3 24 170 M M 0 30 180
14 102 79 91 M 0 26 0.00 M M 8.4 16 100 M M 0 36 60
15 100 M M M M M 0.04 M M 7.9 22 170 M M 1 8 38 170
16 100 64 82 M 0 17 0.00 M M 4.4 10 210 M M 2 17 170
17 104 72 88 M 0 23 0.00 M M 7.0 13 100 M M 0 22 100
18 106 70 88 M 0 23 0.00 M M 5.5 13 190 M M 0 20 190
19 108 70 89 M 0 24 0.00 M M 5.9 16 360 M M 0 24 360
20 106 75 91 M 0 26 0.00 M M 5.8 13 80 M M 0 23 360
21 106 70 88 M 0 23 0.00 M M 9.1 37 360 M M 1 46 360
22 95 73 84 M 0 19 T M M 7.4 25 310 M M 2 32 100
23 97 70 84 M 0 19 0.00 M M 5.8 14 180 M M 2 18 150
24 100 70 85 M 0 20 0.00 M M 7.1 14 170 M M 1 20 99
25 102 72 87 M 0 22 0.00 M M 8.1 14 190 M M 0 20 230
26 104 66 85 M 0 20 0.00 M M 6.6 12 190 M M 0 22 140
27 104 72 88 M 0 23 0.00 M M 7.4 20 200 M M 0 27 200
28 100 73 87 M 0 22 0.00 M M 6.1 15 190 M M 0 21 190
29 100 68 84 M 0 19 0.00 M M 7.7 17 190 M M 1 26 190
30 99 72 86 M 0 21 0.00 M M 7.9 21 180 M M 1 33 160
31 95 72 84 M 0 19 T M M 8.1 21 150 M M 2 35 150
================================================================================
SM 3138 2052 0 615 0.09 M 239.0 M 21
================================================================================
AV101.2 70.8 7.7 FASTST M M 1 MAX(MPH)
MISC ----> 37 360 58 70
================================================================================
NOTES:
# LAST OF SEVERAL OCCURRENCES
COLUMN 17 PEAK WIND IN M.P.H.
PRELIMINARY LOCAL CLIMATOLOGICAL DATA (WS FORM: F-6) , PAGE 2
STATION: ALAMOGORDO
MONTH: JULY
YEAR: 2023
LATITUDE: 32 49 N
LONGITUDE: 106 0 W
[TEMPERATURE DATA] [PRECIPITATION DATA] SYMBOLS USED IN COLUMN 16
AVERAGE MONTHLY: 86.0 TOTAL FOR MONTH: 0.09 1 = FOG OR MIST
DPTR FM NORMAL: 0.0 DPTR FM NORMAL: M 2 = FOG REDUCING VISIBILITY
HIGHEST: 108 ON 19 GRTST 24HR 0.04 ON 8- 8 TO 1/4 MILE OR LESS
LOWEST: 55 ON 1 3 = THUNDER
SNOW, ICE PELLETS, HAIL 4 = ICE PELLETS
TOTAL MONTH: M 5 = HAIL
GRTST 24HR M ON M 6 = FREEZING RAIN OR DRIZZLE
GRTST DEPTH: M ON M 7 = DUSTSTORM OR SANDSTORM:
VSBY 1/2 MILE OR LESS
8 = SMOKE OR HAZE
[NO. OF DAYS WITH] [WEATHER - DAYS WITH] 9 = BLOWING SNOW
X = TORNADO
MAX 32 OR BELOW: 0 0.01 INCH OR MORE: 3
MAX 90 OR ABOVE: 31 0.10 INCH OR MORE: 0
MIN 32 OR BELOW: 0 0.50 INCH OR MORE: 0
MIN 0 OR BELOW: 0 1.00 INCH OR MORE: 0
[HDD (BASE 65) ]
TOTAL THIS MO. 0 CLEAR (SCALE 0-3) 31
DPTR FM NORMAL M PTCLDY (SCALE 4-7) 0
TOTAL FM JUL 1 0 CLOUDY (SCALE 8-10) 0
DPTR FM NORMAL M
[CDD (BASE 65) ]
TOTAL THIS MO. 615
DPTR FM NORMAL M [PRESSURE DATA]
TOTAL FM JAN 1 1193 HIGHEST SLP M ON M
DPTR FM NORMAL M LOWEST SLP M ON M
[REMARKS]
#FINAL-07-23#