000
CXUS53 KDMX 050302
CF6ALO
PRELIMINARY LOCAL CLIMATOLOGICAL DATA (WS FORM: F-6)
STATION: WATERLOO IA
MONTH: MARCH
YEAR: 2022
LATITUDE: 42 32 N
LONGITUDE: 92 24 W
TEMPERATURE IN F: :PCPN: SNOW: WIND :SUNSHINE: SKY :PK WND
================================================================================
1 2 3 4 5 6A 6B 7 8 9 10 11 12 13 14 15 16 17 18
12Z AVG MX 2MIN
DY MAX MIN AVG DEP HDD CDD WTR SNW DPTH SPD SPD DIR MIN PSBL S-S WX SPD DR
================================================================================
1 56 33 45 15 20 0 0.00 0.0 0 4.4 14 350 M M 5 17 360
2 57 29 43 13 22 0 0.00 0.0 0 5.8 21 10 M M 3 18 27 20
3 33 29 31 0 34 0 0.00 0.0 0 9.0 15 20 M M 9 20 40
4 45 27 36 5 29 0 0.01 0.0 0 14.7 29 130 M M 3 37 120
5 57 35 46 14 19 0 1.26 0.0 0 10.4 43 230 M M 7 1238 54 220
6 36 29 33 1 32 0 0.02 0.1 0 14.7 30 270 M M 9 18 43 270
7 33 9 21 -12 44 0 0.27 4.0 4 11.6 23 320 M M 6 1 31 320
8 38 7 23 -10 42 0 0.00 0.0 3 9.8 21 200 M M 1 29 210
9 32 17 25 -9 40 0 0.00 0.0 1 14.0 20 330 M M 8 26 300
10 26 16 21 -13 44 0 0.00 0.0 1 7.3 17 340 M M 6 23 350
11 24 10 17 -17 48 0 0.00 0.0 1 19.2 30 300 M M 1 42 320
12 27 5 16 -19 49 0 0.00 0.0 T 12.3 21 320 M M 1 27 330
13 58 21 40 5 25 0 0.00 0.0 T 6.7 16 180 M M 1 24 190
14 58 33 46 10 19 0 0.00 0.0 0 7.0 16 210 M M 0 21 360
15 56 28 42 6 23 0 0.00 0.0 0 4.0 9 220 M M 0 13 360
16 70 32 51 14 14 0 0.00 0.0 0 10.2 28 210 M M 0 18 37 210
17 50 41 46 9 19 0 0.07 0.0 0 7.6 16 340 M M 9 20 340
18 41 36 39 1 26 0 1.10 T 0 15.4 25 360 M M 10 1 35 10
19 55 31 43 5 22 0 0.00 0.0 0 9.0 18 300 M M 1 24 290
20 67 27 47 8 18 0 0.00 0.0 0 5.0 16 150 M M 0 18 23 150
21 75 47 61 22 4 0 0.00 0.0 0 11.7 25 200 M M 0 39 230
22 53 46 50 10 15 0 0.33 0.0 0 10.1 20 110 M M 10 1 27 120
23 46 35 41 1 24 0 0.18 T 0 16.3 25 340 M M 10 1 33 340
24 41 34 38 -2 27 0 0.01 T 0 9.9 16 350 M M 10 1 21 360
25 47 32 40 -1 25 0 0.00 0.0 0 22.0 38 300 M M 7 54 290
26 37 23 30 -11 35 0 0.00 0.0 0 21.3 35 320 M M 0 49 340
27 37 18 28 -14 37 0 0.00 0.0 0 8.7 17 350 M M 0 24 10
28 44 19 32 -10 33 0 0.00 0.0 0 9.6 20 130 M M 4 25 130
29 41 34 38 -4 27 0 0.14 0.0 0 21.4 32 120 M M 10 3 44 120
30 47 35 41 -2 24 0 0.01 0.0 0 14.1 30 120 M M 10 1 41 120
31 35 32 34 -9 31 0 0.05 0.3 0 15.3 25 320 M M 10 1 36 330
================================================================================
SM 1422 850 871 0 3.45 4.4 358.5 M 151
================================================================================
AV 45.9 27.4 11.6 FASTST M M 5 MAX(MPH)
MISC ----> 43 230 # 54 220
================================================================================
NOTES:
# LAST OF SEVERAL OCCURRENCES
COLUMN 17 PEAK WIND IN M.P.H.
PRELIMINARY LOCAL CLIMATOLOGICAL DATA (WS FORM: F-6) , PAGE 2
STATION: WATERLOO IA
MONTH: MARCH
YEAR: 2022
LATITUDE: 42 32 N
LONGITUDE: 92 24 W
[TEMPERATURE DATA] [PRECIPITATION DATA] SYMBOLS USED IN COLUMN 16
AVERAGE MONTHLY: 36.6 TOTAL FOR MONTH: 3.45 1 = FOG OR MIST
DPTR FM NORMAL: -0.1 DPTR FM NORMAL: 1.47 2 = FOG REDUCING VISIBILITY
HIGHEST: 75 ON 21 GRTST 24HR 1.27 ON 4- 5 TO 1/4 MILE OR LESS
LOWEST: 5 ON 12 3 = THUNDER
SNOW, ICE PELLETS, HAIL 4 = ICE PELLETS
TOTAL MONTH: 4.4 INCHES 5 = HAIL
GRTST 24HR 4.0 ON 7- 7 6 = FREEZING RAIN OR DRIZZLE
GRTST DEPTH: 4 ON 7 7 = DUSTSTORM OR SANDSTORM:
VSBY 1/2 MILE OR LESS
8 = SMOKE OR HAZE
[NO. OF DAYS WITH] [WEATHER - DAYS WITH] 9 = BLOWING SNOW
X = TORNADO
MAX 32 OR BELOW: 4 0.01 INCH OR MORE: 12
MAX 90 OR ABOVE: 0 0.10 INCH OR MORE: 6
MIN 32 OR BELOW: 20 0.50 INCH OR MORE: 2
MIN 0 OR BELOW: 0 1.00 INCH OR MORE: 2
[HDD (BASE 65) ]
TOTAL THIS MO. 871 CLEAR (SCALE 0-3) 14
DPTR FM NORMAL -8 PTCLDY (SCALE 4-7) 7
TOTAL FM JUL 1 5868 CLOUDY (SCALE 8-10) 10
DPTR FM NORMAL -180
[CDD (BASE 65) ]
TOTAL THIS MO. 0
DPTR FM NORMAL -1 [PRESSURE DATA]
TOTAL FM JAN 1 0 HIGHEST SLP 30.49 ON 3
DPTR FM NORMAL -1 LOWEST SLP 29.25 ON 30
[REMARKS]
#FINAL-03-22#