803
CXUS55 KPUB 011619 CCA
CF6ALS
PRELIMINARY LOCAL CLIMATOLOGICAL DATA (WS FORM: F-6)
STATION: ALAMOSA CO
MONTH: MARCH
YEAR: 2021
LATITUDE: 37 27 N
LONGITUDE: 105 52 W
TEMPERATURE IN F: :PCPN: SNOW: WIND :SUNSHINE: SKY :PK WND
================================================================================
1 2 3 4 5 6A 6B 7 8 9 10 11 12 13 14 15 16 17 18
12Z AVG MX 2MIN
DY MAX MIN AVG DEP HDD CDD WTR SNW DPTH SPD SPD DIR MIN PSBL S-S WX SPD DR
================================================================================
1 43 -1 21 -7 44 0 0.00 0.0 0 3.1 9 140 M M 0 13 140
2 50 3 27 -2 38 0 0.00 0.0 0 3.3 8 130 M M 0 12 160
3 56 7 32 3 33 0 0.00 0.0 0 5.0 17 170 M M 0 22 180
4 48 24 36 6 29 0 0.01 0.2 T 13.0 28 280 M M 7 1 36 240
5 54 19 37 7 28 0 0.00 0.0 0 7.6 16 340 M M 1 22 100
6 56 14 35 5 30 0 0.00 0.0 0 7.1 22 210 M M 0 28 210
7 60 14 37 6 28 0 0.00 0.0 0 4.7 10 180 M M 0 15 310
8 55 23 39 8 26 0 0.00 0.0 0 9.6 32 210 M M 2 8 47 200
9 58 20 39 7 26 0 0.02 0.3 0 12.7 30 210 M M 1 1 42 210
10 43 15 29 -3 36 0 T T 0 16.1 39 240 M M 0 18 54 240
11 51 13 32 0 33 0 0.00 0.0 0 11.0 23 240 M M 4 31 190
12 57 11 34 2 31 0 0.00 0.0 0 12.1 31 200 M M 0 47 220
13 49 22 36 3 29 0 0.02 0.3 0 11.2 32 210 M M 6 1 41 210
14 36 20 28 -5 37 0 0.14 3.6 1 6.5 17 10 M M 10 128 24 10
15 51 19 35 1 30 0 T 0.1 3 6.1 20 250 M M 5 1 29 250
16 48 23 36 2 29 0 0.01 0.5 0 10.4 33 110 M M 4 1 45 120
17 50 16 33 -1 32 0 0.00 0.0 1 8.1 23 360 M M 4 35 20
18 53 14 34 0 31 0 0.00 0.0 0 4.5 12 140 M M 0 17 110
19 61 19 40 5 25 0 0.00 0.0 0 4.8 20 240 M M 2 26 250
20 64 22 43 8 22 0 0.00 0.0 0 14.3 37 230 M M 0 8 50 220
21 54 31 43 8 22 0 T 0.0 0 15.1 29 230 M M 4 42 180
22 50 29 40 5 25 0 0.00 0.0 0 7.1 21 130 M M 6 31 120
23 46 16 31 -5 34 0 0.04 0.5 0 10.1 30 110 M M 8 12 41 110
24 38 21 30 -6 35 0 T 0.1 1 7.8 23 300 M M 10 18 30 300
25 44 13 29 -7 36 0 0.00 0.0 0 9.8 31 210 M M 3 39 200
26 49 19 34 -2 31 0 0.02 T 0 8.6 22 350 M M 4 1 33 240
27 51 11 31 -6 34 0 0.00 0.0 0 7.5 17 340 M M 0 23 320
28 60 14 37 0 28 0 0.00 0.0 0 4.7 12 120 M M 0 14 110
29 63 18 41 4 24 0 0.00 0.0 0 16.1 46 250 M M 1 78 61 250
30 54 24 39 2 26 0 0.00 0.0 0 14.9 38 250 M M 1 52 260
31 54 6 30 -8 35 0 0.00 0.0 0 5.3 16 350 M M 0 22 340
================================================================================
SM 1606 519 947 0 0.26 5.6 278.2 M 83
================================================================================
AV 51.8 16.7 9.0 FASTST M M 3 MAX(MPH)
MISC ----> 46 250 61 250
================================================================================
NOTES:
COLUMN 16 3/29 DUST STORM CONFIRMED BY COOP OBSERVER AND SATELLITE.
COLUMN 17 PEAK WIND IN M.P.H.
PRELIMINARY LOCAL CLIMATOLOGICAL DATA (WS FORM: F-6) , PAGE 2
STATION: ALAMOSA CO
MONTH: MARCH
YEAR: 2021
LATITUDE: 37 27 N
LONGITUDE: 105 52 W
[TEMPERATURE DATA] [PRECIPITATION DATA] SYMBOLS USED IN COLUMN 16
AVERAGE MONTHLY: 34.3 TOTAL FOR MONTH: 0.26 1 = FOG OR MIST
DPTR FM NORMAL: 0.8 DPTR FM NORMAL: -0.27 2 = FOG REDUCING VISIBILITY
HIGHEST: 64 ON 20 GRTST 24HR 0.16 ON 13-14 TO 1/4 MILE OR LESS
LOWEST: -1 ON 1 3 = THUNDER
SNOW, ICE PELLETS, HAIL 4 = ICE PELLETS
TOTAL MONTH: 5.6 INCHES 5 = HAIL
GRTST 24HR 3.9 ON 13-14 6 = FREEZING RAIN OR DRIZZLE
GRTST DEPTH: 3 ON 15 7 = DUSTSTORM OR SANDSTORM:
VSBY 1/2 MILE OR LESS
8 = SMOKE OR HAZE
[NO. OF DAYS WITH] [WEATHER - DAYS WITH] 9 = BLOWING SNOW
X = TORNADO
MAX 32 OR BELOW: 0 0.01 INCH OR MORE: 7
MAX 90 OR ABOVE: 0 0.10 INCH OR MORE: 1
MIN 32 OR BELOW: 31 0.50 INCH OR MORE: 0
MIN 0 OR BELOW: 1 1.00 INCH OR MORE: 0
[HDD (BASE 65) ]
TOTAL THIS MO. 947 CLEAR (SCALE 0-3) 19
DPTR FM NORMAL -30 PTCLDY (SCALE 4-7) 9
TOTAL FM JUL 1 6816 CLOUDY (SCALE 8-10) 3
DPTR FM NORMAL -489
[CDD (BASE 65) ]
TOTAL THIS MO. 0
DPTR FM NORMAL 0 [PRESSURE DATA]
TOTAL FM JAN 1 0 HIGHEST SLP 30.53 ON 1
DPTR FM NORMAL 0 LOWEST SLP 29.55 ON 16
[REMARKS]
#FINAL-03-21#