000
CXUS56 KPDT 011910
CF6ALW
PRELIMINARY LOCAL CLIMATOLOGICAL DATA (WS FORM: F-6)
STATION: WALLA WALLA WA
MONTH: NOVEMBER
YEAR: 2021
LATITUDE: 46 5 N
LONGITUDE: 118 17 W
TEMPERATURE IN F: :PCPN: SNOW: WIND :SUNSHINE: SKY :PK WND
================================================================================
1 2 3 4 5 6A 6B 7 8 9 10 11 12 13 14 15 16 17 18
12Z AVG MX 2MIN
DY MAX MIN AVG DEP HDD CDD WTR SNW DPTH SPD SPD DIR MIN PSBL S-S WX SPD DR
================================================================================
1 42 32 37 -10 28 0 0.01 M M 2.6 7 160 M M 5 1 10 210
2 46 40 43 -4 22 0 0.00 M M 2.4 13 290 M M 10 12 15 290
3 46 42 44 -2 21 0 0.00 M M 2.7 9 290 M M 10 12 11 290
4 65 43 54 8 11 0 0.14 M M 10.3 25 230 M M 8 12 34 230
5 56 39 48 2 17 0 0.03 M M 7.7 20 220 M M 6 26 220
6 51 37 44 -1 21 0 0.05 M M 7.4 18 180 M M 6 25 180
7 53 36 45 0 20 0 0.00 M M 7.9 18 230 M M 3 24 240
8 58 33 46 1 19 0 0.00 M M 8.5 37 140 M M 0 8 54 150
9 58 40 49 5 16 0 0.11 M M 18.6 41 150 M M 7 57 150
10 52 39 46 2 19 0 T M M 8.4 20 200 M M 3 26 210
11 46 40 43 -1 22 0 0.70 M M 3.4 9 150 M M 10 1 11 150
12 60 43 52 9 13 0 0.44 M M 7.2 16 200 M M 9 1 21 290
13 60 43 52 9 13 0 0.01 M M 5.3 16 190 M M 3 21 190
14 68 54 61 18 4 0 0.00 M M 14.4 30 220 M M 3 39 220
15 69 41 55 13 10 0 T M M 16.0 43 240 M M 3 56 230
16 48 34 41 -1 24 0 0.00 M M 11.2 20 230 M M 2 30 210
17 48 28 38 -4 27 0 0.00 M M 5.5 14 80 M M 0 16 80
18 42 31 37 -5 28 0 0.02 M M 5.4 12 250 M M 8 14 250
19 38 34 36 -5 29 0 0.30 M M 5.5 10 180 M M 9 12 12 190
20 45 30 38 -3 27 0 0.00 M M 7.6 17 220 M M 2 12 22 210
21 32 29 31 -10 34 0 0.00 M M 1.2 10 170 M M 10 12 13 170
22 35 29 32 -8 33 0 0.00 M M 2.3 12 130 M M 10 12 14 130
23 46 29 38 -2 27 0 0.08 M M 10.4 25 230 M M 10 126 31 240
24 47 33 40 0 25 0 0.00 M M 7.3 14 250 M M 0 24 230
25 58 38 48 8 17 0 T M M 6.1 23 170 M M 6 30 160
26 59 46 53 14 12 0 0.01 M M 8.2 20 210 M M 5 28 200
27 65 42 54 15 11 0 T M M 7.5 24 170 M M 5 34 170
28 65 49 57 18 8 0 0.00 M M 6.9 20 190 M M 3 26 190
29 58 42 50 12 15 0 0.09 M M 10.4 20 190 M M 5 24 190
30 60 41 51 13 14 0 0.00 M M 9.8 18 200 M M 6 25 200
================================================================================
SM 1576 1137 587 0 1.99 M 228.1 M 167
================================================================================
AV 52.5 37.9 7.6 FASTST M M 6 MAX(MPH)
MISC ----> 43 240 57 150
================================================================================
NOTES:
# LAST OF SEVERAL OCCURRENCES
COLUMN 17 PEAK WIND IN M.P.H.
PRELIMINARY LOCAL CLIMATOLOGICAL DATA (WS FORM: F-6) , PAGE 2
STATION: WALLA WALLA WA
MONTH: NOVEMBER
YEAR: 2021
LATITUDE: 46 5 N
LONGITUDE: 118 17 W
[TEMPERATURE DATA] [PRECIPITATION DATA] SYMBOLS USED IN COLUMN 16
AVERAGE MONTHLY: 45.2 TOTAL FOR MONTH: 1.99 1 = FOG OR MIST
DPTR FM NORMAL: 2.8 DPTR FM NORMAL: -0.26 2 = FOG REDUCING VISIBILITY
HIGHEST: 69 ON 15 GRTST 24HR 0.89 ON 11-12 TO 1/4 MILE OR LESS
LOWEST: 28 ON 17 3 = THUNDER
SNOW, ICE PELLETS, HAIL 4 = ICE PELLETS
TOTAL MONTH: M 5 = HAIL
GRTST 24HR M ON M 6 = FREEZING RAIN OR DRIZZLE
GRTST DEPTH: M ON M 7 = DUSTSTORM OR SANDSTORM:
VSBY 1/2 MILE OR LESS
8 = SMOKE OR HAZE
[NO. OF DAYS WITH] [WEATHER - DAYS WITH] 9 = BLOWING SNOW
X = TORNADO
MAX 32 OR BELOW: 1 0.01 INCH OR MORE: 13
MAX 90 OR ABOVE: 0 0.10 INCH OR MORE: 5
MIN 32 OR BELOW: 7 0.50 INCH OR MORE: 1
MIN 0 OR BELOW: 0 1.00 INCH OR MORE: 0
[HDD (BASE 65) ]
TOTAL THIS MO. 587 CLEAR (SCALE 0-3) 9
DPTR FM NORMAL -91 PTCLDY (SCALE 4-7) 12
TOTAL FM JUL 1 984 CLOUDY (SCALE 8-10) 9
DPTR FM NORMAL -130
[CDD (BASE 65) ]
TOTAL THIS MO. 0
DPTR FM NORMAL 0 [PRESSURE DATA]
TOTAL FM JAN 1 1209 HIGHEST SLP 30.56 ON 21
DPTR FM NORMAL 272 LOWEST SLP 29.58 ON 15
[REMARKS]
#FINAL-11-21#