000
CXUS52 KJAX 010800
CF6AMG
PRELIMINARY LOCAL CLIMATOLOGICAL DATA (WS FORM: F-6)
STATION: ALMA
MONTH: JUNE
YEAR: 2023
LATITUDE: 31 32 N
LONGITUDE: 82 30 W
TEMPERATURE IN F: :PCPN: SNOW: WIND :SUNSHINE: SKY :PK WND
================================================================================
1 2 3 4 5 6A 6B 7 8 9 10 11 12 13 14 15 16 17 18
12Z AVG MX 2MIN
DY MAX MIN AVG DEP HDD CDD WTR SNW DPTH SPD SPD DIR MIN PSBL S-S WX SPD DR
================================================================================
1 84 64 74 -4 0 9 T 0.0 0 3.1 10 50 M M 6 1 18 20
2 87 62 75 -3 0 10 0.00 0.0 0 3.6 12 340 M M 4 1 19 350
3 88 63 76 -2 0 11 0.00 0.0 0 3.2 10 80 M M 4 13 18 80
4 85 64 75 -3 0 10 0.00 0.0 0 4.2 13 100 M M 5 1 21 100
5 87 63 75 -4 0 10 0.00 0.0 0 2.2 9 130 M M 1 1 16 130
6 91 61 76 -3 0 11 0.00 0.0 0 4.4 12 280 M M 0 1 19 220
7 91 68 80 1 0 15 T 0.0 0 5.7 15 240 M M 1 22 230
8 93 71 82 3 0 17 0.03 0.0 0 5.8 16 250 M M 2 13 25 210
9 90 68 79 0 0 14 0.00 0.0 0 3.3 15 320 M M 5 12 22 10
10 92 69 81 2 0 16 0.00 0.0 0 3.5 14 10 M M 5 1 22 340
11 93 72 83 3 0 18 0.00 0.0 0 4.7 14 180 M M 3 1 23 250
12 92 70 81 1 0 16 0.13 0.0 0 6.3 18 230 M M 2 13 28 240
13 91 68 80 0 0 15 0.90 0.0 0 5.0 24 260 M M 2 13 43 230
14 79 68 74 -6 0 9 0.54 0.0 0 4.8 17 170 M M 3 13 25 200
15 77 66 72 -8 0 7 0.92 0.0 0 5.8 33 310 M M 3 13 46 300
16 89 69 79 -1 0 14 1.06 0.0 0 6.9 17 280 M M 4 13 27 290
17 90 70 80 0 0 15 0.03 0.0 0 3.9 12 250 M M 2 13 19 260
18 94 71 83 2 0 18 0.04 0.0 0 2.6 18 300 M M 1 13 25 310
19 85 70 78 -3 0 13 0.63 0.0 0 4.3 22 250 M M 2 13 35 240
20 88 72 80 -1 0 15 0.79 0.0 0 4.2 16 220 M M 3 13 26 210
21 84 69 77 -4 0 12 0.44 0.0 0 6.1 22 210 M M 6 13 33 210
22 86 70 78 -3 0 13 0.16 0.0 0 9.9 20 200 M M 5 28 210
23 91 72 82 1 0 17 0.94 0.0 0 7.0 28 180 M M 7 13 42 180
24 90 72 81 0 0 16 0.00 0.0 0 5.0 14 310 M M 5 1 20 310
25 94 69 82 1 0 17 0.00 0.0 0 3.6 18 320 M M 1 1 30 310
26 95 70 83 2 0 18 0.00 0.0 0 6.3 15 220 M M 2 22 220
27 96 75 86 5 0 21 0.00 0.0 0 6.0 16 290 M M 3 1 24 310
28 94 70 82 0 0 17 0.00 0.0 0 3.5 14 330 M M 3 1 19 310
29 97 69 83 1 0 18 0.00 0.0 0 2.6 9 120 M M 0 14 60
30 95 70 83 1 0 18 0.00 0.0 0 2.3 9 350 M M 1 1 14 290
================================================================================
SM 2688 2055 0 430 6.61 0.0 139.8 M 91
================================================================================
AV 89.6 68.5 4.7 FASTST M M 3 MAX(MPH)
MISC ----> 33 310 46 300
================================================================================
NOTES:
# LAST OF SEVERAL OCCURRENCES
COLUMN 17 PEAK WIND IN M.P.H.
PRELIMINARY LOCAL CLIMATOLOGICAL DATA (WS FORM: F-6) , PAGE 2
STATION: ALMA
MONTH: JUNE
YEAR: 2023
LATITUDE: 31 32 N
LONGITUDE: 82 30 W
[TEMPERATURE DATA] [PRECIPITATION DATA] SYMBOLS USED IN COLUMN 16
AVERAGE MONTHLY: 79.1 TOTAL FOR MONTH: 6.61 1 = FOG OR MIST
DPTR FM NORMAL: -0.9 DPTR FM NORMAL: 1.27 2 = FOG REDUCING VISIBILITY
HIGHEST: 97 ON 29 GRTST 24HR 1.18 ON 19-20 TO 1/4 MILE OR LESS
LOWEST: 61 ON 6 3 = THUNDER
SNOW, ICE PELLETS, HAIL 4 = ICE PELLETS
TOTAL MONTH: 0.0 INCH 5 = HAIL
GRTST 24HR 0.0 6 = FREEZING RAIN OR DRIZZLE
GRTST DEPTH: 0 7 = DUSTSTORM OR SANDSTORM:
VSBY 1/2 MILE OR LESS
8 = SMOKE OR HAZE
[NO. OF DAYS WITH] [WEATHER - DAYS WITH] 9 = BLOWING SNOW
X = TORNADO
MAX 32 OR BELOW: 0 0.01 INCH OR MORE: 13
MAX 90 OR ABOVE: 18 0.10 INCH OR MORE: 10
MIN 32 OR BELOW: 0 0.50 INCH OR MORE: 7
MIN 0 OR BELOW: 0 1.00 INCH OR MORE: 1
[HDD (BASE 65) ]
TOTAL THIS MO. 0 CLEAR (SCALE 0-3) 17
DPTR FM NORMAL 0 PTCLDY (SCALE 4-7) 13
TOTAL FM JUL 1 1159 CLOUDY (SCALE 8-10) 0
DPTR FM NORMAL -486
[CDD (BASE 65) ]
TOTAL THIS MO. 430
DPTR FM NORMAL -20 [PRESSURE DATA]
TOTAL FM JAN 1 1012 HIGHEST SLP M ON M
DPTR FM NORMAL 108 LOWEST SLP 29.66 ON 8
[REMARKS]
#FINAL-06-23#