000
CXAK56 PAFC 050206
CF6ANC
PRELIMINARY LOCAL CLIMATOLOGICAL DATA (WS FORM: F-6)
STATION: ANCHORAGE AK
MONTH: AUGUST
YEAR: 2020
LATITUDE: 61 10 N
LONGITUDE: 150 2 W
TEMPERATURE IN F: :PCPN: SNOW: WIND :SUNSHINE: SKY :PK WND
================================================================================
1 2 3 4 5 6A 6B 7 8 9 10 11 12 13 14 15 16 17 18
12Z AVG MX 2MIN
DY MAX MIN AVG DEP HDD CDD WTR SNW DPTH SPD SPD DIR MIN PSBL S-S WX SPD DR
================================================================================
1 62 56 59 0 6 0 0.33 0.0 M 3.1 8 40 M M 9 1 11 80
2 68 57 63 4 2 0 0.14 0.0 M 7.3 21 160 M M 9 12 32 170
3 67 54 61 2 4 0 0.02 0.0 M 9.0 23 150 M M 8 35 170
4 72 51 62 3 3 0 T 0.0 M 3.6 12 240 M M 7 22 170
5 72 54 63 4 2 0 T 0.0 M 10.1 22 150 M M 5 34 160
6 61 56 59 1 6 0 T 0.0 M 10.0 22 150 M M 9 35 170
7 67 52 60 2 5 0 T 0.0 M 6.0 16 150 M M 8 27 160
8 65 55 60 2 5 0 0.02 0.0 M 7.8 20 140 M M 9 35 170
9 66 51 59 1 6 0 0.63 0.0 M 7.0 24 60 M M 8 13 33 60
10 66 54 60 2 5 0 0.01 0.0 M 5.6 10 250 M M 8 17 190
11 62 53 58 0 7 0 0.04 0.0 M 5.0 14 150 M M 9 22 160
12 64 50 57 -1 8 0 T M M 4.2 9 220 M M 7 12 240
13 66 49 58 0 7 0 0.00 0.0 M 5.2 10 220 M M 6 20 10
14 66 53 60 3 5 0 0.00 0.0 M 4.3 13 250 M M 5 16 240
15 78 53 66 9 0 1 0.00 0.0 M 9.4 18 20 M M 3 24 30
16 76 55 66 9 0 1 0.00 0.0 M 8.0 17 350 M M 1 22 340
17 66 52 59 2 6 0 0.00 0.0 M 7.2 21 150 M M 2 34 160
18 62 56 59 2 6 0 0.04 0.0 M 6.3 20 160 M M 8 28 170
19 65 51 58 2 7 0 0.00 0.0 M 4.6 9 300 M M 7 16 190
20 69 49 59 3 6 0 T M M 4.1 10 240 M M 4 16 190
21 72 50 61 5 4 0 T M M 5.2 13 170 M M 2 1 17 180
22 70 54 62 6 3 0 0.02 0.0 M 6.8 16 150 M M 6 27 170
23 65 58 62 6 3 0 0.08 0.0 M 9.4 21 150 M M 9 32 160
24 60 54 57 2 8 0 0.29 0.0 M 4.6 14 160 M M 9 1 23 170
25 58 53 56 1 9 0 0.52 0.0 M 2.4 9 360 M M 10 1 11 20
26 61 52 57 2 8 0 0.11 0.0 M 5.6 22 170 M M 8 1 30 170
27 62 48 55 0 10 0 0.02 M M 5.2 13 160 M M 7 24 170
28 62 44 53 -1 12 0 0.00 0.0 M 3.3 9 260 M M 5 1 13 240
29 63 45 54 0 11 0 0.02 M M 8.9 22 150 M M 6 1 35 160
30 59 47 53 -1 12 0 0.36 M M 6.1 23 200 M M 9 1 35 160
31 59 51 55 1 10 0 0.56 0.0 M 11.8 20 150 M M 9 1 32 160
================================================================================
SM 2031 1617 186 2 3.21 0.0 197.1 M 212
================================================================================
AV 65.5 52.2 6.4 FASTST M M 7 MAX(MPH)
MISC ----> 24 60 # 35 170
================================================================================
NOTES:
# LAST OF SEVERAL OCCURRENCES
COLUMN 17 PEAK WIND IN M.P.H.
PRELIMINARY LOCAL CLIMATOLOGICAL DATA (WS FORM: F-6) , PAGE 2
STATION: ANCHORAGE AK
MONTH: AUGUST
YEAR: 2020
LATITUDE: 61 10 N
LONGITUDE: 150 2 W
[TEMPERATURE DATA] [PRECIPITATION DATA] SYMBOLS USED IN COLUMN 16
AVERAGE MONTHLY: 58.8 TOTAL FOR MONTH: 3.21 1 = FOG OR MIST
DPTR FM NORMAL: 2.1 DPTR FM NORMAL: -0.04 2 = FOG REDUCING VISIBILITY
HIGHEST: 78 ON 15 GRTST 24HR 0.91 ON 30-31 TO 1/4 MILE OR LESS
LOWEST: 44 ON 28 3 = THUNDER
SNOW, ICE PELLETS, HAIL 4 = ICE PELLETS
TOTAL MONTH: 0.0 INCH 5 = HAIL
GRTST 24HR 0.0 6 = FREEZING RAIN OR DRIZZLE
GRTST DEPTH: M ON M 7 = DUSTSTORM OR SANDSTORM:
VSBY 1/2 MILE OR LESS
8 = SMOKE OR HAZE
[NO. OF DAYS WITH] [WEATHER - DAYS WITH] 9 = BLOWING SNOW
X = TORNADO
MAX 32 OR BELOW: 0 0.01 INCH OR MORE: 17
MAX 90 OR ABOVE: 0 0.10 INCH OR MORE: 8
MIN 32 OR BELOW: 0 0.50 INCH OR MORE: 3
MIN 0 OR BELOW: 0 1.00 INCH OR MORE: 0
[HDD (BASE 65) ]
TOTAL THIS MO. 186 CLEAR (SCALE 0-3) 4
DPTR FM NORMAL -70 PTCLDY (SCALE 4-7) 17
TOTAL FM JUL 1 302 CLOUDY (SCALE 8-10) 10
DPTR FM NORMAL -147
[CDD (BASE 65) ]
TOTAL THIS MO. 2
DPTR FM NORMAL 2 [PRESSURE DATA]
TOTAL FM JAN 1 3 HIGHEST SLP 30.00 ON 13
DPTR FM NORMAL 1 LOWEST SLP 29.01 ON 30
[REMARKS]
#FINAL-08-20#